000
CXUS54 KLZK 011130
CF6SRC
PRELIMINARY LOCAL CLIMATOLOGICAL DATA (WS FORM: F-6)
STATION: SEARCY AIRPORT
MONTH: MARCH
YEAR: 2022
LATITUDE: 35 12 N
LONGITUDE: 91 44 W
TEMPERATURE IN F: :PCPN: SNOW: WIND :SUNSHINE: SKY :PK WND
================================================================================
1 2 3 4 5 6A 6B 7 8 9 10 11 12 13 14 15 16 17 18
12Z AVG MX 2MIN
DY MAX MIN AVG DEP HDD CDD WTR SNW DPTH SPD SPD DIR MIN PSBL S-S WX SPD DR
================================================================================
1 73 29 51 5 14 0 0.00 M M 3.3 10 220 M M 0 16 210
2 78 32 55 8 10 0 0.00 M M 2.9 9 200 M M 0 M M
3 81 38 60 13 5 0 0.00 M M 3.5 9 180 M M 0 8 M M
4 76 51 64 16 1 0 0.00 M M 6.7 14 160 M M 0 M M
5 73 54 64 16 1 0 T M M 8.3 14 190 M M 8 22 190
6 79 67 73 25 0 8 T M M 10.7 18 180 M M 10 33 180
7 74 35 55 7 10 0 0.07 M M 9.1 16 270 M M 6 29 200
8 45 30 38 -11 27 0 0.13 M M 7.8 15 40 M M 4 1 M M
9 56 31 44 -5 21 0 T M M 4.3 12 100 M M 3 12 M M
10 61 29 45 -5 20 0 0.00 M M 4.1 8 160 M M 0 M M
11 49 28 39 -11 26 0 0.11 M M 8.4 18 360 M M 5 128 31 350
12 43 23 33 -17 32 0 0.00 M M 5.6 9 340 M M 0 M M
13 63 28 46 -4 19 0 0.00 M M 9.3 16 180 M M 0 25 180
14 56 32 44 -7 21 0 T M M 6.2 15 170 M M 7 18 170
15 58 47 53 2 12 0 0.08 M M 4.7 9 60 M M 6 1 M M
16 75 48 62 10 3 0 0.00 M M 5.1 9 110 M M 0 1 M M
17 76 44 60 8 5 0 0.37 M M 6.2 16 190 M M 4 12 23 180
18 66 46 56 4 9 0 0.14 M M 10.3 20 230 M M 10 28 260
19 69 42 56 4 9 0 0.00 M M 6.5 14 240 M M 1 18 240
20 78 36 57 4 8 0 0.00 M M 4.2 15 160 M M 0 17 170
21 74 42 58 5 7 0 0.52 M M 6.9 18 130 M M 4 13 27 150
22 61 48 55 2 10 0 2.63 M M 7.1 28 90 M M 10 13 36 290
23 53 34 44 -10 21 0 T M M 8.3 18 250 M M 7 24 240
24 52 32 42 -12 23 0 0.00 M M 4.8 10 270 M M 5 20 270
25 68 38 53 -1 12 0 0.00 M M 5.7 14 310 M M 3 23 300
26 66 37 52 -2 13 0 0.00 M M 3.3 10 250 M M 0 16 350
27 56 42 49 -6 16 0 0.00 M M 8.6 16 90 M M 0 20 90
28 65 38 52 -3 13 0 0.00 M M 8.7 15 60 M M 1 23 60
29 75 49 62 7 3 0 0.00 M M 9.9 21 190 M M 4 30 180
30 72 47 60 4 5 0 1.46 M M 13.1 25 180 M M 9 13 39 160
31 55 35 45 -11 20 0 T M M 7.8 15 280 M M 4 23 270
================================================================================
SM 2026 1212 396 8 5.51 M 211.4 M 111
================================================================================
AV 65.4 39.1 6.8 FASTST M M 4 MAX(MPH)
MISC ----> 28 90 39 160
================================================================================
NOTES:
# LAST OF SEVERAL OCCURRENCES
COLUMN 17 PEAK WIND IN M.P.H.
PRELIMINARY LOCAL CLIMATOLOGICAL DATA (WS FORM: F-6) , PAGE 2
STATION: SEARCY AIRPORT
MONTH: MARCH
YEAR: 2022
LATITUDE: 35 12 N
LONGITUDE: 91 44 W
[TEMPERATURE DATA] [PRECIPITATION DATA] SYMBOLS USED IN COLUMN 16
AVERAGE MONTHLY: 52.2 TOTAL FOR MONTH: 5.51 1 = FOG OR MIST
DPTR FM NORMAL: 0.8 DPTR FM NORMAL: 0.73 2 = FOG REDUCING VISIBILITY
HIGHEST: 81 ON 3 GRTST 24HR 2.89 ON 21-22 TO 1/4 MILE OR LESS
LOWEST: 23 ON 12 3 = THUNDER
SNOW, ICE PELLETS, HAIL 4 = ICE PELLETS
TOTAL MONTH: M 5 = HAIL
GRTST 24HR M ON M 6 = FREEZING RAIN OR DRIZZLE
GRTST DEPTH: M ON M 7 = DUSTSTORM OR SANDSTORM:
VSBY 1/2 MILE OR LESS
8 = SMOKE OR HAZE
[NO. OF DAYS WITH] [WEATHER - DAYS WITH] 9 = BLOWING SNOW
X = TORNADO
MAX 32 OR BELOW: 0 0.01 INCH OR MORE: 9
MAX 90 OR ABOVE: 0 0.10 INCH OR MORE: 7
MIN 32 OR BELOW: 10 0.50 INCH OR MORE: 3
MIN 0 OR BELOW: 0 1.00 INCH OR MORE: 2
[HDD (BASE 65) ]
TOTAL THIS MO. 396 CLEAR (SCALE 0-3) 15
DPTR FM NORMAL -36 PTCLDY (SCALE 4-7) 12
TOTAL FM JUL 1 2874 CLOUDY (SCALE 8-10) 4
DPTR FM NORMAL -443
[CDD (BASE 65) ]
TOTAL THIS MO. 8
DPTR FM NORMAL -1 [PRESSURE DATA]
TOTAL FM JAN 1 8 HIGHEST SLP 30.50 ON 12
DPTR FM NORMAL -1 LOWEST SLP 29.34 ON 30
[REMARKS]
#FINAL-03-22#