000
CXUS53 KGRB 061905
CF6STE
PRELIMINARY LOCAL CLIMATOLOGICAL DATA (WS FORM: F-6)
STATION: STEVENS POINT WI
MONTH: JUNE
YEAR: 2023
LATITUDE: 44 32 N
LONGITUDE: 89 32 W
TEMPERATURE IN F: :PCPN: SNOW: WIND :SUNSHINE: SKY :PK WND
================================================================================
1 2 3 4 5 6A 6B 7 8 9 10 11 12 13 14 15 16 17 18
12Z AVG MX 2MIN
DY MAX MIN AVG DEP HDD CDD WTR SNW DPTH SPD SPD DIR MIN PSBL S-S WX SPD DR
================================================================================
1 90 64 77 M 0 12 0.04 M M 3.1 9 250 M M 3 3 18 310
2 91 62 77 M 0 12 M M M 3.7 13 20 M M 1 20 70
3 91 55 73 M 0 8 M M M 5.8 13 90 M M 0 17 90
4 83 59 71 M 0 6 M M M 4.9 10 90 M M 0 8 M M
5 88 57 73 M 0 8 M M M 2.2 9 90 M M 1 8 M M
6 78 57 68 M 0 3 0.03 M M 5.7 10 90 M M 5 M M
7 78 49 64 M 1 0 M M M 6.2 12 90 M M 0 16 40
8 78 41 60 M 5 0 M M M 3.2 9 340 M M 0 M M
9 82 44 63 M 2 0 M M M 3.5 10 280 M M 1 17 250
10 78 51 65 M 0 0 0.30 M M 4.0 12 60 M M 7 26 70
11 63 44 54 M 11 0 0.09 M M 7.7 14 40 M M 7 18 20
12 70 36 53 M 12 0 M M M 5.4 17 330 M M 6 23 330
13 67 54 61 M 4 0 0.25 M M 4.9 9 290 M M 8 M M
14 81 54 68 M 0 3 M M M 1.8 8 350 M M 1 M M
15 60 54 57 M 8 0 M M M 8.2 16 360 M M 8 22 350
16 76 50 63 M 2 0 M M M 3.4 8 90 M M 3 18 M M
17 83 50 67 M 0 2 M M M 3.0 12 170 M M 3 18 16 250
18 82 55 69 M 0 4 M M M 6.5 13 110 M M 3 20 140
19 87 62 75 M 0 10 M M M 5.2 12 110 M M 3 16 110
20 86 60 73 M 0 8 M M M 6.0 14 90 M M 0 22 90
21 90 59 75 M 0 10 M M M 4.9 10 90 M M 1 17 150
22 89 58 74 M 0 9 M M M 3.5 12 100 M M 1 1 17 60
23 91 57 74 M 0 9 0.01 M M 4.1 9 40 M M 5 M M
24 92 65 79 M 0 14 0.04 M M 5.5 15 200 M M 3 1 24 150
25 75 64 70 M 0 5 0.28 M M 5.4 15 280 M M 8 18 280
26 73 60 67 M 0 2 M M M 10.1 16 350 M M 9 18 24 340
27 82 55 69 M 0 4 M M M 3.3 7 360 M M 2 18 16 340
28 83 58 71 M 0 6 M M M 6.2 15 160 M M 4 18 22 170
29 86 66 76 M 0 11 M M M 5.5 18 180 M M 3 8 28 180
30 88 59 74 M 0 9 M M M 3.7 13 270 M M 1 17 280
================================================================================
SM 2441 1659 45 155 1.04 M 146.6 M 97
================================================================================
AV 81.4 55.3 4.9 FASTST M M 3 MAX(MPH)
MISC ----> 18 180 28 180
================================================================================
NOTES:
# LAST OF SEVERAL OCCURRENCES
COLUMN 17 PEAK WIND IN M.P.H.
PRELIMINARY LOCAL CLIMATOLOGICAL DATA (WS FORM: F-6) , PAGE 2
STATION: STEVENS POINT WI
MONTH: JUNE
YEAR: 2023
LATITUDE: 44 32 N
LONGITUDE: 89 32 W
[TEMPERATURE DATA] [PRECIPITATION DATA] SYMBOLS USED IN COLUMN 16
AVERAGE MONTHLY: 68.3 TOTAL FOR MONTH: 1.04 1 = FOG OR MIST
DPTR FM NORMAL: 3.0 DPTR FM NORMAL: M 2 = FOG REDUCING VISIBILITY
HIGHEST: 92 ON 24 GRTST 24HR 0.30 ON 10-10 TO 1/4 MILE OR LESS
LOWEST: 36 ON 12 3 = THUNDER
SNOW, ICE PELLETS, HAIL 4 = ICE PELLETS
TOTAL MONTH: M 5 = HAIL
GRTST 24HR M ON M 6 = FREEZING RAIN OR DRIZZLE
GRTST DEPTH: M ON M 7 = DUSTSTORM OR SANDSTORM:
VSBY 1/2 MILE OR LESS
8 = SMOKE OR HAZE
[NO. OF DAYS WITH] [WEATHER - DAYS WITH] 9 = BLOWING SNOW
X = TORNADO
MAX 32 OR BELOW: 0 0.01 INCH OR MORE: 8
MAX 90 OR ABOVE: 6 0.10 INCH OR MORE: 3
MIN 32 OR BELOW: 0 0.50 INCH OR MORE: 0
MIN 0 OR BELOW: 0 1.00 INCH OR MORE: 0
[HDD (BASE 65) ]
TOTAL THIS MO. 45 CLEAR (SCALE 0-3) 17
DPTR FM NORMAL -38 PTCLDY (SCALE 4-7) 11
TOTAL FM JUL 1 7117 CLOUDY (SCALE 8-10) 2
DPTR FM NORMAL 6859
[CDD (BASE 65) ]
TOTAL THIS MO. 155
DPTR FM NORMAL 64 [PRESSURE DATA]
TOTAL FM JAN 1 185 HIGHEST SLP M ON M
DPTR FM NORMAL 61 LOWEST SLP M ON M
[REMARKS]
#FINAL-06-23#