000
CXUS53 KLSX 011620
CLSSTL
CLIMATE REPORT
NATIONAL WEATHER SERVICE ST LOUIS MO
1120 AM CDT THU SEP 01 2022
...................................
...THE ST. LOUIS CLIMATE SUMMARY FOR THE SEASON, FROM
6/1/2022 TO 8/31/2022...
CLIMATE NORMAL PERIOD 1991 TO 2020
CLIMATE RECORD PERIOD 1874 TO 2022
WEATHER OBSERVED NORMAL DEPART LAST YEAR`S
VALUE DATE(S) VALUE FROM VALUE
NORMAL
..............................................................
TEMPERATURE (F)
RECORD
HIGH 115 07/14/1954
LOW 43 06/03/1969
HIGHEST 105 07/23
LOWEST 55 06/03
AVG. MAXIMUM 90.1 87.9 2.2
AVG. MINIMUM 71.1 69.2 1.9
MEAN 80.6 78.6 2.0
DAYS MAX >= 90 45
DAYS MAX <= 32 0
DAYS MAX >= 100 7
DAYS MIN <= 32 0
DAYS MIN <= 0 0
PRECIPITATION (INCHES)
RECORD
MAXIMUM 27.22 1915
MINIMUM 4.09 1926
TOTALS 19.79 11.80 7.99
DAYS >= .01 22
DAYS >= .10 18
DAYS >= .50 5
DAYS >= 1.00 2
GREATEST
24 HR. TOTAL 9.07 07/25 TO 07/26
DEGREE DAYS
HEATING TOTAL 0 5 -5
SINCE 7/1 0 0 0
COOLING TOTAL 1459 1255 204
SINCE 1/1 1694 1450 244
..............................................................
WIND (MPH)
HIGHEST WIND SPEED/DIRECTION 43/240 DATE 08/03
HIGHEST GUST SPEED/DIRECTION 59/320 DATE 06/17
WEATHER CONDITIONS. NUMBER OF DAYS WITH
THUNDERSTORM 20 HAIL 0
FOG W/VIS <= 1/4 MILE 0
- INDICATES NEGATIVE NUMBERS.
R INDICATES RECORD WAS SET OR TIED.
MM INDICATES DATA IS MISSING.
T INDICATES TRACE AMOUNT.
$$
...SEASONAL...
TIED 14TH WARMEST METEOROLOGICAL SUMMER ON RECORD (80.6 DEGREES).
TIED 2ND LEAST NUMBER OF OCCURRENCES WITH A HIGH TEMPERATURE LESS THAN
80 DEGREES (2 DAYS).
6TH WETTEST SUMMER ON RECORD (19.79 INCHES).
...MONTHLY...
12TH WETTEST AUGUST ON RECORD (5.78 INCHES).
17TH WARMEST JULY (82.8 DEGREES).
2ND WETTEST JULY (12.22 INCHES).
15TH WARMEST JUNE (79.3 DEGREES).
...DAILY...
3 RECORD HIGH TEMPERATURES SET OR TIED (07/16, 06/14, AND 06/13).
6 RECORD HIGH MINIMUM TEMPERATURES SET OR TIED (07/23, 07/05, 06/16,
06/15, 06/14, AND 06/13).
2 RECORD RAINFALL VALUES SET (08/03 AND 07/26).
-- 8.64 INCHES ON 07/26 ALSO WAS WETTEST CALENDAR DAY ON RECORD.
PREVIOUS WAS 6.85 INCHES ON 08/20/1915 FROM THE REMNANTS OF THE
1915 GALVESTON HURRICANE.
GOSSELIN