000
CXUS56 KMTR 020842
CF6STS
PRELIMINARY LOCAL CLIMATOLOGICAL DATA (WS FORM: F-6)
STATION: SANTA ROSA AIRPORT
MONTH: SEPTEMBER
YEAR: 2020
LATITUDE: 38 30 N
LONGITUDE: 122 49 W
TEMPERATURE IN F: :PCPN: SNOW: WIND :SUNSHINE: SKY :PK WND
================================================================================
1 2 3 4 5 6A 6B 7 8 9 10 11 12 13 14 15 16 17 18
12Z AVG MX 2MIN
DY MAX MIN AVG DEP HDD CDD WTR SNW DPTH SPD SPD DIR MIN PSBL S-S WX SPD DR
================================================================================
1 71 55 63 -5 2 0 0.00 M M 5.3 14 180 M M 7 1 18 190
2 75 56 66 -2 0 1 0.00 M M 3.3 12 180 M M 6 1 14 170
3 81 55 68 1 0 3 0.00 M M 4.8 14 140 M M 5 18 17 140
4 92 55 74 7 0 9 0.00 M M 3.4 13 150 M M 4 1 15 150
5 104 51 78 11 0 13 0.00 M M 3.1 10 160 M M 0 8 13 170
6 111 62 87 20 0 22 0.00 M M 3.3 13 250 M M 0 8 15 260
7 111 63 87 20 0 22 0.00 M M 4.8 18 270 M M 0 8 25 260
8 89 55 72 5 0 7 0.00 M M 3.7 9 160 M M 8 8 11 160
9 63 53 58 -9 7 0 0.00 M M 1.4 7 180 M M 10 8 8 190
10 68 51 60 -7 5 0 0.00 M M 1.5 6 190 M M 10 8 8 200
11 81 49 65 -2 0 0 0.00 M M 2.3 8 140 M M 10 18 9 160
12 91 47 69 2 0 4 0.00 M M 2.5 9 190 M M 10 8 11 190
13 79 51 65 -2 0 0 0.00 M M 5.3 13 170 M M 8 18 16 170
14 81 52 67 0 0 2 0.00 M M 3.6 12 160 M M 8 18 14 140
15 84 52 68 1 0 3 0.00 M M 4.4 13 180 M M 5 128 19 190
16 89 57 73 7 0 8 0.00 M M 3.1 12 220 M M 5 128 14 240
17 86 58 72 6 0 7 T M M 4.5 15 240 M M 4 128 20 160
18 79 56 68 2 0 3 0.00 M M 5.8 20 250 M M 3 18 26 270
19 86 51 69 3 0 4 0.00 M M 3.1 14 260 M M 3 128 17 250
20 90 52 71 5 0 6 0.00 M M 3.5 16 180 M M 0 8 20 180
21 88 48 68 2 0 3 0.00 M M 4.1 15 140 M M 0 8 17 150
22 87 50 69 3 0 4 0.00 M M 4.0 13 130 M M 0 8 17 190
23 85 49 67 2 0 2 0.00 M M 4.1 16 240 M M 0 21 250
24 85 53 69 4 0 4 0.00 M M 5.4 20 250 M M 1 26 250
25 88 48 68 3 0 3 0.00 M M 5.1 18 330 M M 0 23 330
26 93 58 76 11 0 11 0.00 M M 11.3 22 320 M M 1 28 340
27 102 55 79 14 0 14 0.00 M M 5.3 12 70 M M 1 8 M M
28 89 56 73 9 0 8 0.00 M M 2.4 8 180 M M 8 8 9 190
29 83 50 67 3 0 2 0.00 M M 3.3 13 170 M M 5 18 15 190
30 89 52 71 7 0 6 T M M 1.8 9 160 M M 6 128 10 160
================================================================================
SM 2600 1600 14 171 T M 119.5 M 128
================================================================================
AV 86.7 53.3 4.0 FASTST M M 4 MAX(MPH)
MISC ----> 22 320 28 340
================================================================================
NOTES:
# LAST OF SEVERAL OCCURRENCES
COLUMN 17 PEAK WIND IN M.P.H.
PRELIMINARY LOCAL CLIMATOLOGICAL DATA (WS FORM: F-6) , PAGE 2
STATION: SANTA ROSA AIRPORT
MONTH: SEPTEMBER
YEAR: 2020
LATITUDE: 38 30 N
LONGITUDE: 122 49 W
[TEMPERATURE DATA] [PRECIPITATION DATA] SYMBOLS USED IN COLUMN 16
AVERAGE MONTHLY: 70.0 TOTAL FOR MONTH: T 1 = FOG OR MIST
DPTR FM NORMAL: 3.7 DPTR FM NORMAL: -0.35 2 = FOG REDUCING VISIBILITY
HIGHEST: 111 ON 7, 6 GRTST 24HR T ON 12-12 TO 1/4 MILE OR LESS
LOWEST: 47 ON 12 3 = THUNDER
SNOW, ICE PELLETS, HAIL 4 = ICE PELLETS
TOTAL MONTH: M 5 = HAIL
GRTST 24HR M ON M 6 = FREEZING RAIN OR DRIZZLE
GRTST DEPTH: M ON M 7 = DUSTSTORM OR SANDSTORM:
VSBY 1/2 MILE OR LESS
8 = SMOKE OR HAZE
[NO. OF DAYS WITH] [WEATHER - DAYS WITH] 9 = BLOWING SNOW
X = TORNADO
MAX 32 OR BELOW: 0 0.01 INCH OR MORE: 0
MAX 90 OR ABOVE: 8 0.10 INCH OR MORE: 0
MIN 32 OR BELOW: 0 0.50 INCH OR MORE: 0
MIN 0 OR BELOW: 0 1.00 INCH OR MORE: 0
[HDD (BASE 65) ]
TOTAL THIS MO. 14 CLEAR (SCALE 0-3) 11
DPTR FM NORMAL -25 PTCLDY (SCALE 4-7) 14
TOTAL FM JUL 1 25 CLOUDY (SCALE 8-10) 5
DPTR FM NORMAL -53
[CDD (BASE 65) ]
TOTAL THIS MO. 171
DPTR FM NORMAL 95 [PRESSURE DATA]
TOTAL FM JAN 1 628 HIGHEST SLP 30.10 ON 30
DPTR FM NORMAL 275 LOWEST SLP 29.62 ON 8
[REMARKS]
#FINAL-09-20#