000
CXUS53 KGRB 310809
CF6SUE
PRELIMINARY LOCAL CLIMATOLOGICAL DATA (WS FORM: F-6)
STATION: STURGEON BAY WI
MONTH: DECEMBER
YEAR: 2021
LATITUDE: 44 55 N
LONGITUDE: 87 25 W
TEMPERATURE IN F: :PCPN: SNOW: WIND :SUNSHINE: SKY :PK WND
================================================================================
1 2 3 4 5 6A 6B 7 8 9 10 11 12 13 14 15 16 17 18
12Z AVG MX 2MIN
DY MAX MIN AVG DEP HDD CDD WTR SNW DPTH SPD SPD DIR MIN PSBL S-S WX SPD DR
================================================================================
1 45 25 35 M 30 0 M M M 10.5 18 230 M M 7 1 33 230
2 45 34 40 M 25 0 M M M 11.7 18 240 M M 7 26 240
3 36 30 33 M 32 0 0.01 M M 4.3 13 270 M M 8 1 M M
4 36 29 33 M 32 0 M M M 14.3 24 300 M M 1 30 300
5 33 27 30 M 35 0 T M M 9.9 22 120 M M 10 12 35 130
6 33 7 20 M 45 0 T M M 19.3 30 300 M M 9 40 300
7 15 4 10 M 55 0 T M M 7.6 13 280 M M 5 1 M M
8 23 13 18 M 47 0 T M M 5.5 9 320 M M 5 1 M M
9 35 19 27 M 38 0 0.06 M M 10.3 23 160 M M 9 1 32 140
10 37 32 35 M 30 0 0.29 M M 9.1 16 70 M M 9 1 25 90
11 36 27 32 M 33 0 0.18 M M 16.7 32 10 M M 6 1 40 330
12 40 25 33 M 32 0 0.01 M M 12.6 17 240 M M 0 31 220
13 42 32 37 M 28 0 M M M 9.7 17 230 M M 0 24 230
14 41 37 39 M 26 0 M M M 11.5 21 130 M M 2 26 130
15 51 41 46 M 19 0 0.22 M M 15.2 24 160 M M 10 12 35 170
16 58 21 40 M 25 0 T M M 25.3 38 240 M M 6 18 62 240
17 26 16 21 M 44 0 M M M 10.1 17 270 M M 4 28 270
18 28 26 27 M 38 0 T M M 10.4 18 350 M M 10 1 22 350
19 31 17 24 M 41 0 M M M 7.7 15 200 M M 7 21 190
20 33 18 26 M 39 0 M M M 13.1 18 210 M M 4 23 210
21 29 15 22 M 43 0 T M M 8.7 23 290 M M 8 1 37 290
22 19 13 16 M 49 0 M M M 10.5 22 300 M M 3 33 280
23 35 18 27 M 38 0 0.21 M M 6.7 15 140 M M 9 12 23 140
24 41 29 35 M 30 0 0.03 M M 10.1 18 170 M M 9 12 25 150
25 37 27 32 M 33 0 M M M 10.3 21 330 M M 2 12 25 320
26 32 23 28 M 37 0 M M M 7.7 13 80 M M 2 18 90
27 36 19 28 M 37 0 0.23 M M 13.9 25 250 M M 8 1 36 270
28 32 15 24 M 41 0 T M M 7.4 20 270 M M 5 1 25 270
29 35 16 26 M 39 0 0.17 M M 10.6 16 250 M M 5 18 24 260
30 32 16 24 M 41 0 T M M 4.0 10 180 M M 9 1 M M
================================================================================
SM 1052 671 1082 0 1.41 M 324.7 M 179
================================================================================
AV 35.1 22.4 10.8 FASTST M M 6 MAX(MPH)
MISC ----> 38 240 62 240
================================================================================
NOTES:
# LAST OF SEVERAL OCCURRENCES
COLUMN 17 PEAK WIND IN M.P.H.
PRELIMINARY LOCAL CLIMATOLOGICAL DATA (WS FORM: F-6) , PAGE 2
STATION: STURGEON BAY WI
MONTH: DECEMBER
YEAR: 2021
LATITUDE: 44 55 N
LONGITUDE: 87 25 W
[TEMPERATURE DATA] [PRECIPITATION DATA] SYMBOLS USED IN COLUMN 16
AVERAGE MONTHLY: 28.7 TOTAL FOR MONTH: 1.41 1 = FOG OR MIST
DPTR FM NORMAL: 0.0 DPTR FM NORMAL: 1.41 2 = FOG REDUCING VISIBILITY
HIGHEST: 58 ON 16 GRTST 24HR 0.29 ON 10-10 TO 1/4 MILE OR LESS
LOWEST: 4 ON 7 3 = THUNDER
SNOW, ICE PELLETS, HAIL 4 = ICE PELLETS
TOTAL MONTH: M 5 = HAIL
GRTST 24HR M ON M 6 = FREEZING RAIN OR DRIZZLE
GRTST DEPTH: M ON M 7 = DUSTSTORM OR SANDSTORM:
VSBY 1/2 MILE OR LESS
8 = SMOKE OR HAZE
[NO. OF DAYS WITH] [WEATHER - DAYS WITH] 9 = BLOWING SNOW
X = TORNADO
MAX 32 OR BELOW: 10 0.01 INCH OR MORE: 10
MAX 90 OR ABOVE: 0 0.10 INCH OR MORE: 6
MIN 32 OR BELOW: 27 0.50 INCH OR MORE: 0
MIN 0 OR BELOW: 0 1.00 INCH OR MORE: 0
[HDD (BASE 65) ]
TOTAL THIS MO. 1082 CLEAR (SCALE 0-3) 7
DPTR FM NORMAL M PTCLDY (SCALE 4-7) 13
TOTAL FM JUL 1 2330 CLOUDY (SCALE 8-10) 10
DPTR FM NORMAL M
[CDD (BASE 65) ]
TOTAL THIS MO. 0
DPTR FM NORMAL M [PRESSURE DATA]
TOTAL FM JAN 1 537 HIGHEST SLP M ON M
DPTR FM NORMAL 537 LOWEST SLP M ON M
[REMARKS]