000
CXUS55 KPUB 011310
CF6TAD
PRELIMINARY LOCAL CLIMATOLOGICAL DATA (WS FORM: F-6)
STATION: TRINIDAD CO
MONTH: DECEMBER
YEAR: 2022
LATITUDE: 37 16 N
LONGITUDE: 104 20 W
TEMPERATURE IN F: :PCPN: SNOW: WIND :SUNSHINE: SKY :PK WND
================================================================================
1 2 3 4 5 6A 6B 7 8 9 10 11 12 13 14 15 16 17 18
12Z AVG MX 2MIN
DY MAX MIN AVG DEP HDD CDD WTR SNW DPTH SPD SPD DIR MIN PSBL S-S WX SPD DR
================================================================================
1 64 27 46 10 19 0 0.00 M M 12.4 28 240 M M 0 40 260
2 59 23 41 6 24 0 0.00 M M 27.5 53 250 M M 1 72 240
3 53 14 34 -1 31 0 0.00 M M 6.0 21 260 M M 0 25 220
4 52 30 41 6 24 0 0.00 M M 6.1 13 320 M M 0 16 270
5 62 28 45 11 20 0 0.00 M M 7.2 16 240 M M 0 19 240
6 60 25 43 9 22 0 0.00 M M 9.7 25 280 M M 0 35 260
7 60 23 42 8 23 0 0.00 M M 7.8 18 50 M M 1 24 50
8 54 20 37 3 28 0 0.00 M M 11.1 24 340 M M 0 34 340
9 58 14 36 3 29 0 0.00 M M 9.4 21 250 M M 0 25 270
10 55 17 36 3 29 0 0.00 M M 7.9 18 240 M M 0 25 240
11 66 31 49 16 16 0 0.00 M M 14.1 30 240 M M 0 40 240
12 54 29 42 9 23 0 T M M 13.1 38 250 M M 2 55 240
13 42 9 26 -7 39 0 0.00 M M 9.3 28 330 M M 4 38 320
14 44 9 27 -5 38 0 0.00 M M 7.8 22 320 M M 1 32 330
15 36 8 22 -10 43 0 0.00 M M 7.3 17 60 M M 4 25 70
16 34 0 17 -15 48 0 0.00 M M 8.1 17 330 M M 0 23 320
17 43 5 24 -8 41 0 0.00 M M 7.5 15 250 M M 0 18 250
18 51 11 31 -1 34 0 0.00 M M 7.2 13 280 M M 0 17 240
19 52 9 31 -1 34 0 0.00 M M 8.5 18 340 M M 0 24 10
20 52 12 32 0 33 0 0.00 M M 7.2 17 250 M M 0 22 240
21 56 -2 27 -5 38 0 0.00 M M 9.2 33 40 M M 0 18 43 40
22 3 -8 -2 -34 67 0 T M M 5.4 15 40 M M 4 18 20 40
23 17 -6 6 -26 59 0 0.00 M M 3.7 9 110 M M 0 14 120
24 52 1 27 -5 38 0 0.00 M M 6.6 16 260 M M 1 20 260
25 61 20 41 9 24 0 0.00 M M 10.7 29 20 M M 0 38 10
26 51 16 34 2 31 0 0.00 M M 9.7 21 240 M M 0 27 230
27 71 29 50 18 15 0 0.00 M M 9.2 21 250 M M 0 25 250
28 55 33 44 12 21 0 0.00 M M 12.0 33 230 M M 2 43 220
29 48 16 32 0 33 0 0.00 M M 7.1 18 320 M M 1 27 320
30 52 16 34 2 31 0 0.00 M M 8.3 16 250 M M 0 22 250
31 65 21 43 11 22 0 0.00 M M 5.3 22 260 M M 0 31 250
================================================================================
SM 1582 480 977 0 T M 282.4 M 21
================================================================================
AV 51.0 15.5 9.1 FASTST M M 1 MAX(MPH)
MISC ----> 53 250 72 240
================================================================================
NOTES:
# LAST OF SEVERAL OCCURRENCES
COLUMN 17 PEAK WIND IN M.P.H.
PRELIMINARY LOCAL CLIMATOLOGICAL DATA (WS FORM: F-6) , PAGE 2
STATION: TRINIDAD CO
MONTH: DECEMBER
YEAR: 2022
LATITUDE: 37 16 N
LONGITUDE: 104 20 W
[TEMPERATURE DATA] [PRECIPITATION DATA] SYMBOLS USED IN COLUMN 16
AVERAGE MONTHLY: 33.3 TOTAL FOR MONTH: T 1 = FOG OR MIST
DPTR FM NORMAL: 0.5 DPTR FM NORMAL: -0.43 2 = FOG REDUCING VISIBILITY
HIGHEST: 71 ON 27 GRTST 24HR T ON 12-12 TO 1/4 MILE OR LESS
LOWEST: -8 ON 22 3 = THUNDER
SNOW, ICE PELLETS, HAIL 4 = ICE PELLETS
TOTAL MONTH: M 5 = HAIL
GRTST 24HR M ON M 6 = FREEZING RAIN OR DRIZZLE
GRTST DEPTH: M ON M 7 = DUSTSTORM OR SANDSTORM:
VSBY 1/2 MILE OR LESS
8 = SMOKE OR HAZE
[NO. OF DAYS WITH] [WEATHER - DAYS WITH] 9 = BLOWING SNOW
X = TORNADO
MAX 32 OR BELOW: 2 0.01 INCH OR MORE: 0
MAX 90 OR ABOVE: 0 0.10 INCH OR MORE: 0
MIN 32 OR BELOW: 30 0.50 INCH OR MORE: 0
MIN 0 OR BELOW: 4 1.00 INCH OR MORE: 0
[HDD (BASE 65) ]
TOTAL THIS MO. 977 CLEAR (SCALE 0-3) 28
DPTR FM NORMAL -21 PTCLDY (SCALE 4-7) 3
TOTAL FM JUL 1 2198 CLOUDY (SCALE 8-10) 0
DPTR FM NORMAL 33
[CDD (BASE 65) ]
TOTAL THIS MO. 0
DPTR FM NORMAL 0 [PRESSURE DATA]
TOTAL FM JAN 1 958 HIGHEST SLP 30.67 ON 23
DPTR FM NORMAL 81 LOWEST SLP 29.31 ON 28
[REMARKS]
#FINAL-12-22#