000
CXUS55 KPUB 011610
CF6TAD
PRELIMINARY LOCAL CLIMATOLOGICAL DATA (WS FORM: F-6)
STATION: TRINIDAD CO
MONTH: FEBRUARY
YEAR: 2020
LATITUDE: 37 16 N
LONGITUDE: 104 20 W
TEMPERATURE IN F: :PCPN: SNOW: WIND :SUNSHINE: SKY :PK WND
================================================================================
1 2 3 4 5 6A 6B 7 8 9 10 11 12 13 14 15 16 17 18
12Z AVG MX 2MIN
DY MAX MIN AVG DEP HDD CDD WTR SNW DPTH SPD SPD DIR MIN PSBL S-S WX SPD DR
================================================================================
1 68 24 46 13 19 0 0.00 M M 13.5 23 320 M M 0 32 310
2 77 32 55 22 10 0 0.00 M M 16.0 26 180 M M 0 32 170
3 53 18 36 3 29 0 0.05 M M 9.1 20 50 M M 7 1 26 40
4 18 5 12 -21 53 0 0.06 M M 8.7 15 20 M M 10 18 21 360
5 25 -9 8 -25 57 0 0.00 0.0 M 8.7 16 260 M M 2 20 250
6 42 7 25 -8 40 0 T M M 9.3 18 250 M M 5 1 25 40
7 29 17 23 -11 42 0 0.05 M M 5.1 15 40 M M 9 1 19 40
8 59 14 37 3 28 0 0.00 M M 9.8 24 250 M M 0 31 250
9 47 23 35 1 30 0 0.00 M M 5.9 25 40 M M 5 33 30
10 33 24 29 -5 36 0 0.03 M M 7.1 16 60 M M 5 1 21 60
11 30 19 25 -9 40 0 0.08 M M 10.5 29 250 M M 5 1 36 250
12 36 17 27 -7 38 0 T M M 11.0 24 30 M M 6 35 30
13 33 17 25 -9 40 0 0.00 M M 6.9 15 60 M M 5 20 60
14 59 19 39 4 26 0 0.00 M M 8.5 21 260 M M 2 12 26 260
15 52 28 40 5 25 0 0.00 0.0 M 7.0 21 250 M M 0 25 250
16 63 23 43 8 22 0 0.00 0.0 M 6.3 15 130 M M 1 22 140
17 51 28 40 5 25 0 0.00 M M 10.4 21 60 M M 6 27 60
18 32 24 28 -8 37 0 T M M 7.4 14 50 M M 9 16 18 50
19 33 18 26 -10 39 0 0.06 M M 8.1 17 360 M M 6 12 23 360
20 33 5 19 -17 46 0 T M M 6.2 21 250 M M 3 1 28 240
21 56 25 41 5 24 0 0.00 M M 9.7 21 250 M M 0 27 250
22 59 31 45 9 20 0 0.00 M M 7.8 18 260 M M 2 20 260
23 52 30 41 4 24 0 T M M 11.7 25 10 M M 4 38 340
24 56 23 40 3 25 0 0.00 M M 11.6 33 340 M M 1 46 330
25 30 15 23 -14 42 0 0.00 M M 15.9 46 20 M M 7 58 20
26 45 9 27 -11 38 0 0.00 M M 6.8 15 250 M M 1 19 160
27 55 19 37 -1 28 0 0.00 M M 10.6 25 350 M M 1 38 340
28 62 23 43 5 22 0 0.00 M M 9.4 21 250 M M 0 25 250
29 61 35 48 10 17 0 0.00 M M 11.7 22 260 M M 0 30 280
================================================================================
SM 1349 563 922 0 0.33 0.0 270.7 M 102
================================================================================
AV 46.5 19.4 9.3 FASTST M M 4 MAX(MPH)
MISC ----> 46 20 58 20
================================================================================
NOTES:
# LAST OF SEVERAL OCCURRENCES
COLUMN 17 PEAK WIND IN M.P.H.
PRELIMINARY LOCAL CLIMATOLOGICAL DATA (WS FORM: F-6) , PAGE 2
STATION: TRINIDAD CO
MONTH: FEBRUARY
YEAR: 2020
LATITUDE: 37 16 N
LONGITUDE: 104 20 W
[TEMPERATURE DATA] [PRECIPITATION DATA] SYMBOLS USED IN COLUMN 16
AVERAGE MONTHLY: 33.0 TOTAL FOR MONTH: 0.33 1 = FOG OR MIST
DPTR FM NORMAL: -2.0 DPTR FM NORMAL: -0.16 2 = FOG REDUCING VISIBILITY
HIGHEST: 77 ON 2 GRTST 24HR 0.11 ON 10-11 TO 1/4 MILE OR LESS
LOWEST: -9 ON 5 3 = THUNDER
SNOW, ICE PELLETS, HAIL 4 = ICE PELLETS
TOTAL MONTH: 0.0 INCH 5 = HAIL
GRTST 24HR 0.0 6 = FREEZING RAIN OR DRIZZLE
GRTST DEPTH: M ON M 7 = DUSTSTORM OR SANDSTORM:
VSBY 1/2 MILE OR LESS
8 = SMOKE OR HAZE
[NO. OF DAYS WITH] [WEATHER - DAYS WITH] 9 = BLOWING SNOW
X = TORNADO
MAX 32 OR BELOW: 6 0.01 INCH OR MORE: 6
MAX 90 OR ABOVE: 0 0.10 INCH OR MORE: 0
MIN 32 OR BELOW: 28 0.50 INCH OR MORE: 0
MIN 0 OR BELOW: 1 1.00 INCH OR MORE: 0
[HDD (BASE 65) ]
TOTAL THIS MO. 922 CLEAR (SCALE 0-3) 14
DPTR FM NORMAL 82 PTCLDY (SCALE 4-7) 12
TOTAL FM JUL 1 4079 CLOUDY (SCALE 8-10) 3
DPTR FM NORMAL -98
[CDD (BASE 65) ]
TOTAL THIS MO. 0
DPTR FM NORMAL 0 [PRESSURE DATA]
TOTAL FM JAN 1 0 HIGHEST SLP 30.73 ON 20
DPTR FM NORMAL 0 LOWEST SLP 29.34 ON 3
[REMARKS]
#FINAL-02-20#