000
CXUS54 KBMX 011600
CLMTCL
CLIMATE REPORT
NATIONAL WEATHER SERVICE BIRMINGHAM AL
1100 AM CDT FRI SEP 01 2023
...................................
...THE TUSCALOOSA CLIMATE SUMMARY FOR THE MONTH OF AUGUST 2023...
CLIMATE NORMAL PERIOD 1991 TO 2020
CLIMATE RECORD PERIOD 1948 TO 2023
WEATHER OBSERVED NORMAL DEPART LAST YEAR`S
VALUE DATE(S) VALUE FROM VALUE DATE(S)
NORMAL
................................................................
TEMPERATURE (F)
RECORD
HIGH 107 08/10/2007
08/29/2000
LOW 53 08/22/1956
HIGHEST 101 08/25 MM MM 95 08/15
LOWEST 64 08/17 MM MM 68 08/13
AVG. MAXIMUM 94.4 91.2 3.2 89.2
AVG. MINIMUM 71.9 71.7 0.2 72.3
MEAN 83.1 80.8
DAYS MAX >= 90 25 23.3 1.7 18
DAYS MAX <= 32 0 0.0 0.0 0
DAYS MIN <= 32 0 0.0 0.0 0
DAYS MIN <= 0 0 0.0 0.0 0
PRECIPITATION (INCHES)
RECORD
MAXIMUM 8.84 1970
MINIMUM 0.41 2006
TOTALS 2.89 4.36 -1.47 4.53
DAILY AVG. 0.09 0.14 -0.05
DAYS >= .01 8 10.7 -2.7
DAYS >= .10 7 6.9 0.1
DAYS >= .50 1 2.6 -1.6
DAYS >= 1.00 0 1.3 -1.3
DEGREE DAYS
COOLING TOTAL 571 510 61 499
SINCE 1/1 1856 1796 60 MM
................................................................
WIND (MPH)
AVERAGE WIND SPEED 3.6
HIGHEST WIND SPEED/DIRECTION 32/010 DATE 08/03
HIGHEST GUST SPEED/DIRECTION 40/010 DATE 08/03
AVERAGE RH (PERCENT) 73
WEATHER CONDITIONS. NUMBER OF DAYS WITH
THUNDERSTORM 12 MIXED PRECIP 0
HEAVY RAIN 4 RAIN 4
LIGHT RAIN 10 FREEZING RAIN 0
LT FREEZING RAIN 0 HAIL 0
HEAVY SNOW 0 SNOW 0
LIGHT SNOW 0 SLEET 0
FOG 24 FOG W/VIS <= 1/4 MILE 1
HAZE 8
- INDICATES NEGATIVE NUMBERS.
R INDICATES RECORD WAS SET OR TIED.
MM INDICATES DATA IS MISSING.
T INDICATES TRACE AMOUNT.
$$