000
CXUS54 KEPZ 221306
CF6TCS
PRELIMINARY LOCAL CLIMATOLOGICAL DATA (WS FORM: F-6)
STATION: TRUTH OR CONSEQUENCES
MONTH: OCTOBER
YEAR: 2022
LATITUDE: 33 13 N
LONGITUDE: 107 16 W
TEMPERATURE IN F: :PCPN: SNOW: WIND :SUNSHINE: SKY :PK WND
================================================================================
1 2 3 4 5 6A 6B 7 8 9 10 11 12 13 14 15 16 17 18
12Z AVG MX 2MIN
DY MAX MIN AVG DEP HDD CDD WTR SNW DPTH SPD SPD DIR MIN PSBL S-S WX SPD DR
================================================================================
1 83 57 70 2 0 5 0.01 M M 6.0 20 180 M M 2 3 28 150
2 80 55 68 1 0 3 T M M 5.5 18 200 M M 3 23 200
3 73 57 65 -2 0 0 T M M 7.1 18 320 M M 5 28 320
4 71 55 63 -4 2 0 0.41 M M 6.5 17 330 M M 5 1 26 310
5 70 55 63 -3 2 0 0.09 M M 5.5 17 330 M M 6 13 27 320
6 68 56 62 -4 3 0 T M M 7.5 17 110 M M 8 24 20
7 67 54 61 -5 4 0 0.53 M M 7.2 18 160 M M 8 13 23 150
8 61 54 58 -7 7 0 0.18 M M 5.3 14 150 M M 10 1 21 150
9 64 52 58 -7 7 0 0.01 M M 4.0 15 170 M M 7 20 170
10 69 50 60 -5 5 0 0.00 M M 5.0 15 280 M M 4 13 19 250
11 76 50 63 -1 2 0 0.00 M M 7.8 14 310 M M 0 23 180
12 85 53 69 5 0 4 0.00 M M 6.8 17 310 M M 0 25 300
13 80 52 66 2 0 1 0.00 M M 6.0 13 190 M M 0 21 190
14 75 52 64 1 1 0 0.00 M M 7.5 13 190 M M 0 19 160
15 81 53 67 4 0 2 T M M 5.3 17 190 M M 2 3 24 180
16 64 49 57 -5 8 0 0.46 M M 20.3 33 20 M M 8 13 48 30
17 56 48 52 -10 13 0 0.20 0.0 0 12.2 18 30 M M 10 1 28 350
18 65 49 57 -5 8 0 0.00 M M 5.5 13 40 M M 5 17 50
19 69 43 56 -5 9 0 0.00 M M 4.4 13 290 M M 0 18 290
20 72 44 58 -3 7 0 0.00 M M 5.7 12 280 M M 0 16 290
21 79 46 63 3 2 0 0.00 M M 6.7 15 180 M M 0 21 180
22 76 54 65 5 0 0 T M M 8.7 24 200 M M 3 3 36 200
23 71 57 64 4 1 0 0.11 0.0 0 17.0 32 210 M M 1 13 43 220
24 58 40 49 -10 16 0 0.05 M M 16.8 38 310 M M 3 1 52 340
25 62 37 50 -9 15 0 0.00 M M 6.1 17 300 M M 0 23 310
26 71 36 54 -4 11 0 0.00 M M 6.6 17 250 M M 0 23 240
27 68 42 55 -3 10 0 0.00 M M 11.5 30 330 M M 1 48 320
28 63 37 50 -8 15 0 0.00 M M 8.0 17 40 M M 0 23 10
29 64 37 51 -6 14 0 0.00 M M 5.8 13 210 M M 0 18 160
30 67 39 53 -4 12 0 0.00 M M 4.1 14 290 M M 0 18 300
31 69 41 55 -1 10 0 0.00 M M 5.4 10 280 M M 0 13 170
================================================================================
SM 2177 1504 184 15 2.05 0.0 237.8 M 91
================================================================================
AV 70.2 48.5 7.7 FASTST M M 3 MAX(MPH)
MISC ----> 38 310 52 340
================================================================================
NOTES:
# LAST OF SEVERAL OCCURRENCES
COLUMN 17 PEAK WIND IN M.P.H.
PRELIMINARY LOCAL CLIMATOLOGICAL DATA (WS FORM: F-6) , PAGE 2
STATION: TRUTH OR CONSEQUENCES
MONTH: OCTOBER
YEAR: 2022
LATITUDE: 33 13 N
LONGITUDE: 107 16 W
[TEMPERATURE DATA] [PRECIPITATION DATA] SYMBOLS USED IN COLUMN 16
AVERAGE MONTHLY: 59.4 TOTAL FOR MONTH: 2.05 1 = FOG OR MIST
DPTR FM NORMAL: -2.9 DPTR FM NORMAL: 1.32 2 = FOG REDUCING VISIBILITY
HIGHEST: 85 ON 12 GRTST 24HR 0.66 ON 7- 8 TO 1/4 MILE OR LESS
LOWEST: 36 ON 26 3 = THUNDER
SNOW, ICE PELLETS, HAIL 4 = ICE PELLETS
TOTAL MONTH: 0.0 INCH 5 = HAIL
GRTST 24HR 0.0 6 = FREEZING RAIN OR DRIZZLE
GRTST DEPTH: 0 7 = DUSTSTORM OR SANDSTORM:
VSBY 1/2 MILE OR LESS
8 = SMOKE OR HAZE
[NO. OF DAYS WITH] [WEATHER - DAYS WITH] 9 = BLOWING SNOW
X = TORNADO
MAX 32 OR BELOW: 0 0.01 INCH OR MORE: 10
MAX 90 OR ABOVE: 0 0.10 INCH OR MORE: 6
MIN 32 OR BELOW: 0 0.50 INCH OR MORE: 1
MIN 0 OR BELOW: 0 1.00 INCH OR MORE: 0
[HDD (BASE 65) ]
TOTAL THIS MO. 184 CLEAR (SCALE 0-3) 18
DPTR FM NORMAL 52 PTCLDY (SCALE 4-7) 8
TOTAL FM JUL 1 184 CLOUDY (SCALE 8-10) 5
DPTR FM NORMAL 45
[CDD (BASE 65) ]
TOTAL THIS MO. 15
DPTR FM NORMAL -32 [PRESSURE DATA]
TOTAL FM JAN 1 2048 HIGHEST SLP 30.31 ON 19
DPTR FM NORMAL 220 LOWEST SLP 29.49 ON 23
[REMARKS]
#FINAL-10-22#