000
CXUS54 KEPZ 011130
CF6TCS
PRELIMINARY LOCAL CLIMATOLOGICAL DATA (WS FORM: F-6)
STATION: TRUTH OR CONSEQUENCES
MONTH: DECEMBER
YEAR: 2021
LATITUDE: 33 13 N
LONGITUDE: 107 16 W
TEMPERATURE IN F: :PCPN: SNOW: WIND :SUNSHINE: SKY :PK WND
================================================================================
1 2 3 4 5 6A 6B 7 8 9 10 11 12 13 14 15 16 17 18
12Z AVG MX 2MIN
DY MAX MIN AVG DEP HDD CDD WTR SNW DPTH SPD SPD DIR MIN PSBL S-S WX SPD DR
================================================================================
1 65 36 51 7 14 0 0.00 M M 5.6 13 290 M M 0 16 330
2 70 36 53 9 12 0 0.00 M M 6.5 17 190 M M 0 25 180
3 71 43 57 13 8 0 0.00 M M 5.7 13 300 M M 0 19 280
4 66 38 52 8 13 0 0.00 M M 5.3 16 190 M M 1 19 200
5 69 42 56 13 9 0 0.00 M M 7.2 15 330 M M 0 23 330
6 61 39 50 7 15 0 0.00 M M 7.2 18 180 M M 0 24 170
7 59 34 47 4 18 0 0.00 M M 4.1 10 300 M M 0 13 330
8 62 34 48 6 17 0 0.00 M M 6.1 15 250 M M 0 22 270
9 68 34 51 9 14 0 0.00 M M 8.7 26 220 M M 1 38 220
10 60 37 49 7 16 0 0.00 M M 15.3 31 260 M M 5 48 250
11 48 25 37 -5 28 0 0.00 M M 6.2 15 30 M M 0 20 30
12 56 22 39 -3 26 0 0.00 M M 4.4 10 300 M M 0 15 190
13 62 31 47 5 18 0 0.00 M M 3.6 13 180 M M 0 16 150
14 69 36 53 12 12 0 0.00 M M 11.8 26 200 M M 1 36 210
15 68 40 54 13 11 0 0.00 M M 13.4 31 210 M M 0 49 230
16 57 31 44 3 21 0 0.00 M M 7.1 18 200 M M 0 25 210
17 62 33 48 7 17 0 0.00 M M 5.1 13 30 M M 0 19 20
18 49 26 38 -3 27 0 0.00 M M 8.3 20 40 M M 3 26 30
19 50 22 36 -5 29 0 0.00 M M 5.8 8 60 M M 0 M M
20 57 22 40 -1 25 0 0.00 M M 4.7 13 290 M M M 14 290
21 57 31 44 3 21 0 0.00 M M 2.4 9 300 M M 0 11 310
22 65 34 50 9 15 0 0.00 M M 4.3 10 190 M M 0 15 320
23 71 44 58 18 7 0 0.00 M M 4.9 17 270 M M 0 25 260
24 64 49 57 17 8 0 T M M 15.2 30 250 M M 3 42 260
25 67 45 56 16 9 0 0.00 M M 10.3 22 190 M M 1 30 190
26 67 38 53 13 12 0 0.00 M M 14.2 29 230 M M 1 40 240
27 62 33 48 8 17 0 0.00 M M 11.5 31 260 M M 3 46 240
28 56 35 46 6 19 0 0.00 M M 8.1 28 240 M M 0 36 260
29 56 33 45 5 20 0 0.00 M M 9.3 18 240 M M 1 26 270
30 55 27 41 1 24 0 0.00 M M 8.3 23 170 M M 2 31 170
31 50 38 44 4 21 0 0.11 M M 12.2 29 190 M M 5 1 37 180
================================================================================
SM 1899 1068 523 0 0.11 M 242.8 M 27
================================================================================
AV 61.3 34.5 7.8 FASTST M M 1 MAX(MPH)
MISC ----> # 31 260 49 230
================================================================================
NOTES:
# LAST OF SEVERAL OCCURRENCES
COLUMN 17 PEAK WIND IN M.P.H.
PRELIMINARY LOCAL CLIMATOLOGICAL DATA (WS FORM: F-6) , PAGE 2
STATION: TRUTH OR CONSEQUENCES
MONTH: DECEMBER
YEAR: 2021
LATITUDE: 33 13 N
LONGITUDE: 107 16 W
[TEMPERATURE DATA] [PRECIPITATION DATA] SYMBOLS USED IN COLUMN 16
AVERAGE MONTHLY: 47.9 TOTAL FOR MONTH: 0.11 1 = FOG OR MIST
DPTR FM NORMAL: 6.3 DPTR FM NORMAL: -0.49 2 = FOG REDUCING VISIBILITY
HIGHEST: 71 ON 23, 3 GRTST 24HR 0.11 ON 31-31 TO 1/4 MILE OR LESS
LOWEST: 22 ON 20,19 3 = THUNDER
SNOW, ICE PELLETS, HAIL 4 = ICE PELLETS
TOTAL MONTH: M 5 = HAIL
GRTST 24HR M ON M 6 = FREEZING RAIN OR DRIZZLE
GRTST DEPTH: M ON M 7 = DUSTSTORM OR SANDSTORM:
VSBY 1/2 MILE OR LESS
8 = SMOKE OR HAZE
[NO. OF DAYS WITH] [WEATHER - DAYS WITH] 9 = BLOWING SNOW
X = TORNADO
MAX 32 OR BELOW: 0 0.01 INCH OR MORE: 1
MAX 90 OR ABOVE: 0 0.10 INCH OR MORE: 1
MIN 32 OR BELOW: 9 0.50 INCH OR MORE: 0
MIN 0 OR BELOW: 0 1.00 INCH OR MORE: 0
[HDD (BASE 65) ]
TOTAL THIS MO. 523 CLEAR (SCALE 0-3) 27
DPTR FM NORMAL -202 PTCLDY (SCALE 4-7) 3
TOTAL FM JUL 1 920 CLOUDY (SCALE 8-10) 1
DPTR FM NORMAL -390
[CDD (BASE 65) ]
TOTAL THIS MO. 0
DPTR FM NORMAL 0 [PRESSURE DATA]
TOTAL FM JAN 1 1881 HIGHEST SLP 30.31 ON 11
DPTR FM NORMAL 52 LOWEST SLP 29.48 ON 31
[REMARKS]
#FINAL-12-21#