000
CXUS52 KTAE 010800
CF6TLH
PRELIMINARY LOCAL CLIMATOLOGICAL DATA (WS FORM: F-6)
STATION: TALLAHASSEE
MONTH: MARCH
YEAR: 2023
LATITUDE: 30 22 N
LONGITUDE: 84 22 W
TEMPERATURE IN F: :PCPN: SNOW: WIND :SUNSHINE: SKY :PK WND
================================================================================
1 2 3 4 5 6A 6B 7 8 9 10 11 12 13 14 15 16 17 18
12Z AVG MX 2MIN
DY MAX MIN AVG DEP HDD CDD WTR SNW DPTH SPD SPD DIR MIN PSBL S-S WX SPD DR
================================================================================
1 84 63 74 15 0 9 0.00 M M 6.4 17 190 M M 5 12 23 200
2 84 61 73 14 0 8 T 0.0 0 6.3 18 190 M M 7 1 23 190
3 80 67 74 15 0 9 T 0.0 0 12.1 24 180 M M 7 1 35 170
4 87 58 73 14 0 8 0.08 0.0 0 6.4 18 220 M M 6 1 23 250
5 86 50 68 9 0 3 0.00 0.0 0 2.2 10 60 M M 1 14 60
6 88 51 70 10 0 5 0.00 0.0 0 3.6 15 270 M M 2 19 260
7 88 67 78 18 0 13 0.00 0.0 0 7.5 16 310 M M 5 31 320
8 81 61 71 11 0 6 0.00 0.0 M 6.9 18 80 M M 2 18 23 70
9 75 56 66 6 0 1 0.00 0.0 0 6.5 15 110 M M 7 8 19 110
10 83 60 72 12 0 7 T 0.0 0 6.4 22 290 M M 7 138 27 250
11 79 50 65 5 0 0 0.00 0.0 M 4.5 12 290 M M 1 18 16 290
12 83 52 68 7 0 3 1.23 0.0 0 6.9 24 360 M M 7 1238 30 360
13 72 55 64 3 1 0 0.16 0.0 0 7.6 16 310 M M 6 13 20 300
14 65 46 56 -5 9 0 0.00 0.0 0 8.0 17 320 M M 0 22 320
15 67 41 54 -7 11 0 0.00 0.0 0 4.2 15 60 M M 1 8 19 70
16 72 35 54 -8 11 0 0.00 0.0 0 5.3 17 210 M M 1 18 23 210
17 79 49 64 2 1 0 0.75 0.0 0 8.5 23 200 M M 7 13 29 200
18 71 47 59 -3 6 0 0.29 0.0 0 9.1 22 310 M M 10 138 25 310
19 59 42 51 -11 14 0 0.00 0.0 M 7.7 22 350 M M 4 26 350
20 59 35 47 -15 18 0 0.00 0.0 M 7.2 15 10 M M 1 23 10
21 73 32 53 -9 12 0 0.00 0.0 M 3.5 16 110 M M 1 19 100
22 81 55 68 6 0 3 0.00 0.0 M 6.6 16 160 M M 4 22 160
23 83 56 70 7 0 5 0.00 M M 4.2 16 210 M M 6 12 19 190
24 84 59 72 9 0 7 0.00 0.0 0 6.8 18 210 M M 6 12 23 190
25 85 67 76 13 0 11 T 0.0 0 9.1 21 220 M M 8 1 26 210
26 87 72 80 17 0 15 T 0.0 0 9.5 21 210 M M 8 1 27 220
27 88 68 78 15 0 13 0.02 0.0 0 8.1 20 180 M M 8 3 25 210
28 82 64 73 9 0 8 0.93 0.0 0 5.0 22 340 M M 8 123 35 350
29 72 55 64 0 1 0 0.00 0.0 M 7.3 14 20 M M 2 1 20 10
30 79 47 63 -1 2 0 0.00 0.0 0 3.9 13 80 M M 1 19 80
31 81 56 69 5 0 4 0.00 0.0 M 8.7 21 170 M M 2 26 160
================================================================================
SM 2437 1677 86 138 3.46 0.0 206.0 M 141
================================================================================
AV 78.6 54.1 6.6 FASTST M M 5 MAX(MPH)
MISC ----> # 24 180 # 35 170
================================================================================
NOTES:
# LAST OF SEVERAL OCCURRENCES
COLUMN 17 PEAK WIND IN M.P.H.
PRELIMINARY LOCAL CLIMATOLOGICAL DATA (WS FORM: F-6) , PAGE 2
STATION: TALLAHASSEE
MONTH: MARCH
YEAR: 2023
LATITUDE: 30 22 N
LONGITUDE: 84 22 W
[TEMPERATURE DATA] [PRECIPITATION DATA] SYMBOLS USED IN COLUMN 16
AVERAGE MONTHLY: 66.4 TOTAL FOR MONTH: 3.46 1 = FOG OR MIST
DPTR FM NORMAL: 5.0 DPTR FM NORMAL: -1.78 2 = FOG REDUCING VISIBILITY
HIGHEST: 88 ON 27, 7 GRTST 24HR 1.39 ON 12-13 TO 1/4 MILE OR LESS
LOWEST: 32 ON 21 3 = THUNDER
SNOW, ICE PELLETS, HAIL 4 = ICE PELLETS
TOTAL MONTH: 0.0 INCH 5 = HAIL
GRTST 24HR 0.0 6 = FREEZING RAIN OR DRIZZLE
GRTST DEPTH: 0 7 = DUSTSTORM OR SANDSTORM:
VSBY 1/2 MILE OR LESS
8 = SMOKE OR HAZE
[NO. OF DAYS WITH] [WEATHER - DAYS WITH] 9 = BLOWING SNOW
X = TORNADO
MAX 32 OR BELOW: 0 0.01 INCH OR MORE: 7
MAX 90 OR ABOVE: 0 0.10 INCH OR MORE: 5
MIN 32 OR BELOW: 1 0.50 INCH OR MORE: 3
MIN 0 OR BELOW: 0 1.00 INCH OR MORE: 1
[HDD (BASE 65) ]
TOTAL THIS MO. 86 CLEAR (SCALE 0-3) 12
DPTR FM NORMAL -77 PTCLDY (SCALE 4-7) 16
TOTAL FM JUL 1 938 CLOUDY (SCALE 8-10) 3
DPTR FM NORMAL -479
[CDD (BASE 65) ]
TOTAL THIS MO. 138
DPTR FM NORMAL 87 [PRESSURE DATA]
TOTAL FM JAN 1 267 HIGHEST SLP M ON M
DPTR FM NORMAL 194 LOWEST SLP 29.68 ON 3
[REMARKS]
#FINAL-03-23#