000
CXUS52 KTAE 010800
CF6TLH
PRELIMINARY LOCAL CLIMATOLOGICAL DATA (WS FORM: F-6)
STATION: TALLAHASSEE
MONTH: JUNE
YEAR: 2022
LATITUDE: 30 22 N
LONGITUDE: 84 22 W
TEMPERATURE IN F: :PCPN: SNOW: WIND :SUNSHINE: SKY :PK WND
================================================================================
1 2 3 4 5 6A 6B 7 8 9 10 11 12 13 14 15 16 17 18
12Z AVG MX 2MIN
DY MAX MIN AVG DEP HDD CDD WTR SNW DPTH SPD SPD DIR MIN PSBL S-S WX SPD DR
================================================================================
1 92 67 80 1 0 15 0.00 0.0 0 3.9 12 80 M M 2 17 100
2 94 67 81 2 0 16 T 0.0 M 3.5 18 120 M M 4 3 23 120
3 95 66 81 2 0 16 0.00 0.0 M 3.4 16 320 M M 3 3 19 350
4 93 69 81 1 0 16 0.00 0.0 M 5.9 15 210 M M 4 19 60
5 90 70 80 0 0 15 0.17 0.0 0 4.3 26 290 M M 6 13 33 310
6 88 71 80 0 0 15 0.06 0.0 0 5.4 15 220 M M 6 3 18 220
7 95 70 83 3 0 18 0.00 0.0 0 3.3 15 220 M M 3 18 220
8 94 71 83 3 0 18 0.00 0.0 0 4.3 12 280 M M 3 1 15 260
9 91 72 82 2 0 17 T 0.0 0 6.4 25 280 M M 5 3 30 280
10 93 72 83 3 0 18 0.93 0.0 0 3.6 24 290 M M 5 13 29 290
11 91 71 81 1 0 16 1.10 0.0 0 4.4 24 240 M M 6 13 27 240
12 94 74 84 3 0 19 0.00 0.0 0 4.5 14 190 M M 4 18 200
13 95 76 86 5 0 21 T 0.0 0 4.5 16 230 M M 5 13 20 220
14 96 74 85 4 0 20 1.56 M M 5.3 24 30 M M 5 13 33 30
15 95 72 84 3 0 19 0.00 M M 2.5 8 160 M M 4 1 M M
16 99 75 87 6 0 22 0.27 0.0 M 4.8 21 270 M M 4 13 24 270
17 96 75 86 5 0 21 0.00 0.0 0 4.0 13 330 M M 4 19 300
18 99 79 89 8 0 24 0.00 0.0 M 6.8 17 300 M M 4 23 310
19 98 75 87 6 0 22 T 0.0 M 7.6 15 110 M M 3 3 21 110
20 95 75 85 4 0 20 0.00 0.0 0 8.1 17 90 M M 4 20 80
21 96 72 84 3 0 19 0.00 0.0 0 4.4 12 110 M M 3 14 120
22 102 77 90 8 0 25 0.00 0.0 0 6.6 15 360 M M 1 19 70
23 103 74 89 7 0 24 0.00 0.0 0 6.9 18 300 M M 2 22 290
24 104 75 90 8 0 25 0.04 0.0 0 7.4 23 70 M M 3 3 30 80
25 91 74 83 1 0 18 3.62 0.0 0 6.3 20 220 M M 8 123 23 220
26 93 73 83 1 0 18 0.00 0.0 0 4.9 13 110 M M 3 15 120
27 94 71 83 1 0 18 0.00 0.0 0 4.3 15 100 M M 4 19 90
28 94 74 84 2 0 19 0.09 0.0 M 4.1 30 210 M M 4 3 40 220
29 91 73 82 0 0 17 1.66 M M 6.2 26 130 M M 5 13 30 140
30 91 73 82 0 0 17 0.00 0.0 0 4.2 15 240 M M 6 3 19 230
================================================================================
SM 2842 2177 0 568 9.50 0.0 151.8 M 123
================================================================================
AV 94.7 72.6 5.1 FASTST M M 4 MAX(MPH)
MISC ----> 30 210 40 220
================================================================================
NOTES:
# LAST OF SEVERAL OCCURRENCES
COLUMN 17 PEAK WIND IN M.P.H.
PRELIMINARY LOCAL CLIMATOLOGICAL DATA (WS FORM: F-6) , PAGE 2
STATION: TALLAHASSEE
MONTH: JUNE
YEAR: 2022
LATITUDE: 30 22 N
LONGITUDE: 84 22 W
[TEMPERATURE DATA] [PRECIPITATION DATA] SYMBOLS USED IN COLUMN 16
AVERAGE MONTHLY: 83.6 TOTAL FOR MONTH: 9.50 1 = FOG OR MIST
DPTR FM NORMAL: 2.8 DPTR FM NORMAL: 1.74 2 = FOG REDUCING VISIBILITY
HIGHEST: 104 ON 24 GRTST 24HR 3.66 ON 24-25 TO 1/4 MILE OR LESS
LOWEST: 66 ON 3 3 = THUNDER
SNOW, ICE PELLETS, HAIL 4 = ICE PELLETS
TOTAL MONTH: 0.0 INCH 5 = HAIL
GRTST 24HR 0.0 6 = FREEZING RAIN OR DRIZZLE
GRTST DEPTH: 0 7 = DUSTSTORM OR SANDSTORM:
VSBY 1/2 MILE OR LESS
8 = SMOKE OR HAZE
[NO. OF DAYS WITH] [WEATHER - DAYS WITH] 9 = BLOWING SNOW
X = TORNADO
MAX 32 OR BELOW: 0 0.01 INCH OR MORE: 10
MAX 90 OR ABOVE: 29 0.10 INCH OR MORE: 7
MIN 32 OR BELOW: 0 0.50 INCH OR MORE: 5
MIN 0 OR BELOW: 0 1.00 INCH OR MORE: 4
[HDD (BASE 65) ]
TOTAL THIS MO. 0 CLEAR (SCALE 0-3) 4
DPTR FM NORMAL 0 PTCLDY (SCALE 4-7) 26
TOTAL FM JUL 1 1239 CLOUDY (SCALE 8-10) 0
DPTR FM NORMAL -234
[CDD (BASE 65) ]
TOTAL THIS MO. 568
DPTR FM NORMAL 94 [PRESSURE DATA]
TOTAL FM JAN 1 1164 HIGHEST SLP M ON M
DPTR FM NORMAL 176 LOWEST SLP 29.69 ON 4
[REMARKS]
#FINAL-06-22#