000
CXUS52 KMFL 011130
CF6TMB
PRELIMINARY LOCAL CLIMATOLOGICAL DATA (WS FORM: F-6)
STATION: KENDALL-TAMIAMI EXEC ARPT
MONTH: FEBRUARY
YEAR: 2024
LATITUDE: 25 38 N
LONGITUDE: 80 26 W
TEMPERATURE IN F: :PCPN: SNOW: WIND :SUNSHINE: SKY :PK WND
================================================================================
1 2 3 4 5 6A 6B 7 8 9 10 11 12 13 14 15 16 17 18
12Z AVG MX 2MIN
DY MAX MIN AVG DEP HDD CDD WTR SNW DPTH SPD SPD DIR MIN PSBL S-S WX SPD DR
================================================================================
1 73 48 61 -7 4 0 T 0.0 0 6.3 14 360 M M 1 19 360
2 77 54 66 -2 0 1 0.00 M M 3.4 10 150 M M 3 16 160
3 78 52 65 -3 0 0 0.00 M M 4.6 13 140 M M 3 18 130
4 74 59 67 -1 0 2 0.76 0.0 0 7.3 20 130 M M 2 13 28 140
5 69 54 62 -6 3 0 0.26 M M 6.8 21 320 M M 4 1 34 330
6 71 55 63 -5 2 0 0.00 M M 15.2 24 310 M M 5 1 33 320
7 77 52 65 -3 0 0 0.00 0.0 0 12.0 21 340 M M 3 27 360
8 77 53 65 -3 0 0 T 0.0 0 7.1 18 100 M M 6 27 80
9 76 62 69 0 0 4 T 0.0 0 7.6 21 90 M M 9 26 100
10 79 63 71 2 0 6 0.00 0.0 0 9.5 18 110 M M 7 25 110
11 80 70 75 6 0 10 T 0.0 0 9.5 17 140 M M 4 26 140
12 85 70 78 9 0 13 T 0.0 0 8.9 22 180 M M 5 31 180
13 82 56 69 0 0 4 0.10 0.0 0 7.3 15 280 M M 4 1 22 320
14 80 55 68 -1 0 3 0.00 0.0 0 8.1 16 90 M M 1 21 100
15 78 57 68 -1 0 3 0.00 0.0 0 6.1 16 110 M M 1 21 120
16 79 60 70 1 0 5 0.00 0.0 0 4.7 14 110 M M 1 21 110
17 83 62 73 4 0 8 T 0.0 0 5.3 15 220 M M 3 24 230
18 76 62 69 -1 0 4 1.42 0.0 0 7.8 29 330 M M 8 13 42 330
19 69 52 61 -9 4 0 0.09 M M 12.0 23 340 M M 8 1 32 330
20 70 48 59 -11 6 0 0.00 M M 6.7 15 330 M M 0 12 20 350
21 73 47 60 -10 5 0 0.00 M M 9.5 22 350 M M 0 33 330
22 76 48 62 -8 3 0 0.00 M M 5.2 13 360 M M 1 19 50
23 79 56 68 -2 0 3 0.00 M M 8.3 18 220 M M 2 28 240
24 76 54 65 -5 0 0 0.02 0.0 0 8.7 22 300 M M 4 1 27 300
25 76 45 61 -9 4 0 0.00 0.0 0 5.5 16 20 M M 0 26 360
26 77 52 65 -5 0 0 0.00 M M 6.1 14 100 M M 1 12 20 110
27 M M M M M M 0.00 M M 5.7 17 120 M M 1 25 130
28 82 64 73 3 0 8 0.00 M M 7.4 17 130 M M 1 1 26 120
29 82 61 72 2 0 7 T M M 5.8 13 100 M M 3 1 21 100
================================================================================
SM 2154 1571 31 81 2.65 0.0 218.3 M 91
================================================================================
AV 76.9 56.1 7.5 FASTST M M 3 MAX(MPH)
MISC ----> 29 330 42 330
================================================================================
NOTES:
# LAST OF SEVERAL OCCURRENCES
COLUMN 17 PEAK WIND IN M.P.H.
PRELIMINARY LOCAL CLIMATOLOGICAL DATA (WS FORM: F-6) , PAGE 2
STATION: KENDALL-TAMIAMI EXEC ARPT
MONTH: FEBRUARY
YEAR: 2024
LATITUDE: 25 38 N
LONGITUDE: 80 26 W
[TEMPERATURE DATA] [PRECIPITATION DATA] SYMBOLS USED IN COLUMN 16
AVERAGE MONTHLY: 66.5 TOTAL FOR MONTH: 2.65 1 = FOG OR MIST
DPTR FM NORMAL: -2.6 DPTR FM NORMAL: 0.69 2 = FOG REDUCING VISIBILITY
HIGHEST: 85 ON 12 GRTST 24HR 1.51 ON 18-19 TO 1/4 MILE OR LESS
LOWEST: 45 ON 25 3 = THUNDER
SNOW, ICE PELLETS, HAIL 4 = ICE PELLETS
TOTAL MONTH: 0.0 INCH 5 = HAIL
GRTST 24HR 0.0 6 = FREEZING RAIN OR DRIZZLE
GRTST DEPTH: 0 7 = DUSTSTORM OR SANDSTORM:
VSBY 1/2 MILE OR LESS
8 = SMOKE OR HAZE
[NO. OF DAYS WITH] [WEATHER - DAYS WITH] 9 = BLOWING SNOW
X = TORNADO
MAX 32 OR BELOW: 0 0.01 INCH OR MORE: 6
MAX 90 OR ABOVE: 0 0.10 INCH OR MORE: 4
MIN 32 OR BELOW: 0 0.50 INCH OR MORE: 2
MIN 0 OR BELOW: 0 1.00 INCH OR MORE: 1
[HDD (BASE 65) ]
TOTAL THIS MO. 31 CLEAR (SCALE 0-3) 17
DPTR FM NORMAL 0 PTCLDY (SCALE 4-7) 11
TOTAL FM JUL 1 90 CLOUDY (SCALE 8-10) 1
DPTR FM NORMAL -49
[CDD (BASE 65) ]
TOTAL THIS MO. 81
DPTR FM NORMAL -65 [PRESSURE DATA]
TOTAL FM JAN 1 262 HIGHEST SLP 30.26 ON 20
DPTR FM NORMAL -4 LOWEST SLP 29.48 ON 5
[REMARKS]
#FINAL-02-24#