000
CXUS52 KMFL 011130
CF6TMB
PRELIMINARY LOCAL CLIMATOLOGICAL DATA (WS FORM: F-6)
STATION: KENDALL-TAMIAMI EXEC ARPT
MONTH: DECEMBER
YEAR: 2020
LATITUDE: 25 38 N
LONGITUDE: 80 26 W
TEMPERATURE IN F: :PCPN: SNOW: WIND :SUNSHINE: SKY :PK WND
================================================================================
1 2 3 4 5 6A 6B 7 8 9 10 11 12 13 14 15 16 17 18
12Z AVG MX 2MIN
DY MAX MIN AVG DEP HDD CDD WTR SNW DPTH SPD SPD DIR MIN PSBL S-S WX SPD DR
================================================================================
1 67 48 58 -12 7 0 T M 0 13.0 22 350 M M 2 29 360
2 74 50 62 -8 3 0 T 0.0 0 10.4 18 70 M M 1 24 50
3 76 54 65 -5 0 0 0.00 0.0 0 7.6 20 90 M M 3 24 80
4 78 61 70 0 0 5 T 0.0 0 4.9 15 130 M M 2 21 130
5 82 64 73 3 0 8 T 0.0 0 3.6 12 250 M M 0 1 15 300
6 81 67 74 4 0 9 T 0.0 0 3.2 10 330 M M 5 1 13 330
7 77 59 68 -2 0 3 1.02 0.0 0 10.7 28 280 M M 6 1 33 290
8 63 51 57 -12 8 0 0.00 0.0 0 11.5 22 340 M M 0 26 350
9 63 44 54 -15 11 0 0.00 M M 8.4 20 350 M M 0 24 330
10 72 42 57 -12 8 0 0.00 M M 3.7 16 20 M M 1 21 30
11 76 52 64 -5 1 0 0.10 M M 4.6 15 100 M M 7 1 18 70
12 78 65 72 3 0 7 0.17 M M 4.1 17 120 M M 8 1 21 120
13 82 61 72 3 0 7 T M M 3.7 12 110 M M 0 12 15 120
14 83 59 71 3 0 6 T M M 3.7 13 270 M M 1 1 15 220
15 82 65 74 6 0 9 0.01 M M 2.5 10 310 M M 5 12 12 190
16 82 65 74 6 0 9 0.08 M M 4.5 15 160 M M 4 12 21 150
17 83 65 74 6 0 9 0.01 M M 9.2 21 340 M M 4 12 24 340
18 73 54 64 -4 1 0 T M M 10.7 17 40 M M 0 20 40
19 77 54 66 -2 0 1 0.00 0.0 M 4.9 16 120 M M 1 18 19 120
20 78 -70 4 -63 61 0 T 0.0 M 5.4 15 130 M M 4 18 20 110
21 79 62 71 4 0 6 T 0.0 M 7.1 16 350 M M 2 21 330
22 73 60 67 0 0 2 T 0.0 M 8.2 16 60 M M 2 21 80
23 80 61 71 4 0 6 T 0.0 M 7.9 18 90 M M 6 8 24 80
24 82 73 78 11 0 13 0.08 M M 7.6 16 170 M M 7 18 23 150
25 62 50 56 -10 9 0 0.00 0.0 0 12.8 29 330 M M 4 8 37 340
26 64 46 55 -11 10 0 0.00 0.0 0 6.7 14 350 M M 1 8 17 360
27 76 52 64 -2 1 0 0.00 0.0 0 7.9 17 90 M M 3 24 90
28 79 58 69 3 0 4 0.00 0.0 M 9.2 23 70 M M 5 1 26 80
29 79 64 72 6 0 7 0.00 0.0 M 11.3 24 60 M M 5 28 50
30 77 75 76 10 0 11 0.00 0.0 0 17.3 26 100 M M 7 35 80
31 80 76 78 12 0 13 0.00 M M 14.4 23 130 M M 2 31 150
================================================================================
SM 2358 1687 120 135 1.47 0.0 240.7 M 98
================================================================================
AV 76.1 54.4 7.8 FASTST M M 3 MAX(MPH)
MISC ----> 29 330 37 340
================================================================================
NOTES:
# LAST OF SEVERAL OCCURRENCES
COLUMN 17 PEAK WIND IN M.P.H.
PRELIMINARY LOCAL CLIMATOLOGICAL DATA (WS FORM: F-6) , PAGE 2
STATION: KENDALL-TAMIAMI EXEC ARPT
MONTH: DECEMBER
YEAR: 2020
LATITUDE: 25 38 N
LONGITUDE: 80 26 W
[TEMPERATURE DATA] [PRECIPITATION DATA] SYMBOLS USED IN COLUMN 16
AVERAGE MONTHLY: 65.2 TOTAL FOR MONTH: 1.47 1 = FOG OR MIST
DPTR FM NORMAL: -2.8 DPTR FM NORMAL: -0.32 2 = FOG REDUCING VISIBILITY
HIGHEST: 83 ON 17,14 GRTST 24HR 1.02 ON 6- 7 TO 1/4 MILE OR LESS
LOWEST: -70 ON 20 3 = THUNDER
SNOW, ICE PELLETS, HAIL 4 = ICE PELLETS
TOTAL MONTH: 0.0 INCH 5 = HAIL
GRTST 24HR 0.0 6 = FREEZING RAIN OR DRIZZLE
GRTST DEPTH: 0 7 = DUSTSTORM OR SANDSTORM:
VSBY 1/2 MILE OR LESS
8 = SMOKE OR HAZE
[NO. OF DAYS WITH] [WEATHER - DAYS WITH] 9 = BLOWING SNOW
X = TORNADO
MAX 32 OR BELOW: 0 0.01 INCH OR MORE: 7
MAX 90 OR ABOVE: 0 0.10 INCH OR MORE: 3
MIN 32 OR BELOW: 1 0.50 INCH OR MORE: 1
MIN 0 OR BELOW: 1 1.00 INCH OR MORE: 1
[HDD (BASE 65) ]
TOTAL THIS MO. 120 CLEAR (SCALE 0-3) 17
DPTR FM NORMAL 69 PTCLDY (SCALE 4-7) 14
TOTAL FM JUL 1 120 CLOUDY (SCALE 8-10) 0
DPTR FM NORMAL 60
[CDD (BASE 65) ]
TOTAL THIS MO. 135
DPTR FM NORMAL -10 [PRESSURE DATA]
TOTAL FM JAN 1 4861 HIGHEST SLP 30.26 ON 18
DPTR FM NORMAL 1051 LOWEST SLP 29.77 ON 7
[REMARKS]
#FINAL-12-20#