000
CXUS52 KMFL 011342
CF6TMB
PRELIMINARY LOCAL CLIMATOLOGICAL DATA (WS FORM: F-6)
STATION: KENDALL-TAMIAMI EXEC ARPT
MONTH: NOVEMBER
YEAR: 2020
LATITUDE: 25 38 N
LONGITUDE: 80 26 W
TEMPERATURE IN F: :PCPN: SNOW: WIND :SUNSHINE: SKY :PK WND
================================================================================
1 2 3 4 5 6A 6B 7 8 9 10 11 12 13 14 15 16 17 18
12Z AVG MX 2MIN
DY MAX MIN AVG DEP HDD CDD WTR SNW DPTH SPD SPD DIR MIN PSBL S-S WX SPD DR
================================================================================
1 M M M M M M 0.00 0.0 0 M M M M M 0 M M
2 M M M M M M 0.00 0.0 0 M M M M M 0 M M
3 M M M M M M 0.00 0.0 0 16.7 24 50 M M 2 36 50
4 83 73 78 4 0 13 0.00 0.0 0 16.0 29 70 M M 8 18 35 80
5 86 74 80 6 0 15 0.00 0.0 0 15.3 36 100 M M 9 18 40 110
6 84 74 79 5 0 14 0.00 0.0 0 12.8 26 100 M M 3 18 33 100
7 82 73 78 4 0 13 0.00 0.0 0 14.4 30 100 M M 6 18 41 90
8 79 73 76 3 0 11 0.00 0.0 0 21.1 38 70 M M 10 1 51 80
9 85 75 80 7 0 15 0.00 0.0 0 18.5 31 120 M M 8 1 42 120
10 86 75 81 8 0 16 0.00 0.0 0 14.0 26 180 M M 4 138 36 180
11 85 73 79 6 0 14 0.00 0.0 0 12.7 24 160 M M 4 13 34 120
12 85 74 80 7 0 15 0.00 0.0 0 6.3 20 260 M M 6 128 29 260
13 86 73 80 8 0 15 0.00 0.0 0 2.8 16 320 M M 8 128 22 360
14 85 72 79 7 0 14 0.00 0.0 0 6.3 14 130 M M 4 1 18 110
15 85 71 78 6 0 13 0.00 0.0 0 5.4 13 90 M M 2 1 16 110
16 85 67 76 4 0 11 T 0.0 0 6.2 14 100 M M 3 1 18 70
17 84 70 77 5 0 12 0.04 0.0 0 11.6 23 30 M M 5 1 30 30
18 80 67 74 2 0 9 0.00 0.0 0 15.2 29 60 M M 4 35 70
19 81 69 75 3 0 10 T 0.0 0 17.2 29 80 M M 4 1 35 60
20 80 68 74 2 0 9 0.24 0.0 0 12.7 25 80 M M 8 1 31 90
21 82 68 75 4 0 10 0.44 0.0 0 7.9 23 90 M M 7 1 28 80
22 M M M M M M T M 0 3.5 10 350 M M 3 1 M M
23 79 68 74 3 0 9 T 0.0 0 9.0 20 350 M M 2 1 24 10
24 83 64 74 3 0 9 T 0.0 0 9.6 21 60 M M 2 26 60
25 80 69 75 4 0 10 0.20 0.0 0 11.2 21 110 M M 8 1 25 100
26 82 63 73 2 0 8 T 0.0 0 6.5 16 100 M M 0 21 130
27 82 64 73 2 0 8 0.11 0.0 0 3.2 17 70 M M 8 18 20 80
28 81 68 75 4 0 10 T 0.0 0 2.9 12 60 M M 8 1 13 70
29 82 63 73 3 0 8 T 0.0 0 5.0 14 130 M M 4 12 16 120
30 83 65 74 4 0 9 0.43 0.0 0 9.4 24 240 M M 3 3 33 240
================================================================================
SM 2155 1813 0 300 1.46 0.0 293.4 M 143
================================================================================
AV 82.9 69.7 10.5 FASTST M M 5 MAX(MPH)
MISC ----> # 38 70 # 51 80
================================================================================
NOTES:
# LAST OF SEVERAL OCCURRENCES
COLUMN 17 PEAK WIND IN M.P.H.
PRELIMINARY LOCAL CLIMATOLOGICAL DATA (WS FORM: F-6) , PAGE 2
STATION: KENDALL-TAMIAMI EXEC ARPT
MONTH: NOVEMBER
YEAR: 2020
LATITUDE: 25 38 N
LONGITUDE: 80 26 W
[TEMPERATURE DATA] [PRECIPITATION DATA] SYMBOLS USED IN COLUMN 16
AVERAGE MONTHLY: 76.3 TOTAL FOR MONTH: 1.46 1 = FOG OR MIST
DPTR FM NORMAL: 4.0 DPTR FM NORMAL: -1.24 2 = FOG REDUCING VISIBILITY
HIGHEST: 86 ON 13,10 GRTST 24HR 0.44 ON 21-21 TO 1/4 MILE OR LESS
LOWEST: 63 ON 29,26 3 = THUNDER
SNOW, ICE PELLETS, HAIL 4 = ICE PELLETS
TOTAL MONTH: 0.0 INCH 5 = HAIL
GRTST 24HR 0.0 6 = FREEZING RAIN OR DRIZZLE
GRTST DEPTH: 0 7 = DUSTSTORM OR SANDSTORM:
VSBY 1/2 MILE OR LESS
8 = SMOKE OR HAZE
[NO. OF DAYS WITH] [WEATHER - DAYS WITH] 9 = BLOWING SNOW
X = TORNADO
MAX 32 OR BELOW: 0 0.01 INCH OR MORE: 6
MAX 90 OR ABOVE: 0 0.10 INCH OR MORE: 5
MIN 32 OR BELOW: 0 0.50 INCH OR MORE: 0
MIN 0 OR BELOW: 0 1.00 INCH OR MORE: 0
[HDD (BASE 65) ]
TOTAL THIS MO. 0 CLEAR (SCALE 0-3) 9
DPTR FM NORMAL -7 PTCLDY (SCALE 4-7) 18
TOTAL FM JUL 1 0 CLOUDY (SCALE 8-10) 3
DPTR FM NORMAL -7
[CDD (BASE 65) ]
TOTAL THIS MO. 300
DPTR FM NORMAL 75 [PRESSURE DATA]
TOTAL FM JAN 1 4726 HIGHEST SLP 30.27 ON 19
DPTR FM NORMAL 1061 LOWEST SLP 29.58 ON 9
[REMARKS]
#FINAL-11-20#