000
CXUS53 KTOP 010810
CF6TOP
PRELIMINARY LOCAL CLIMATOLOGICAL DATA (WS FORM: F-6)
STATION: TOPEKA KS
MONTH: SEPTEMBER
YEAR: 2022
LATITUDE: 39 4 N
LONGITUDE: 95 38 W
TEMPERATURE IN F: :PCPN: SNOW: WIND :SUNSHINE: SKY :PK WND
================================================================================
1 2 3 4 5 6A 6B 7 8 9 10 11 12 13 14 15 16 17 18
12Z AVG MX 2MIN
DY MAX MIN AVG DEP HDD CDD WTR SNW DPTH SPD SPD DIR MIN PSBL S-S WX SPD DR
================================================================================
1 92 63 78 4 0 13 0.00 0.0 0 3.0 12 110 M M 0 19 170
2 90 67 79 5 0 14 0.00 0.0 0 5.7 16 150 M M 0 22 140
3 88 64 76 2 0 11 0.00 0.0 0 4.9 16 10 M M 1 22 320
4 85 61 73 0 0 8 0.00 0.0 0 5.8 14 80 M M 3 19 30
5 85 63 74 1 0 9 0.00 0.0 0 3.8 13 90 M M 3 12 17 110
6 89 59 74 1 0 9 0.00 0.0 0 3.0 10 100 M M 3 12 14 130
7 89 64 77 5 0 12 0.00 0.0 0 1.9 14 100 M M 0 1 19 10
8 89 59 74 2 0 9 0.00 0.0 0 5.1 13 150 M M 0 12 16 210
9 92 60 76 4 0 11 0.00 0.0 0 4.6 12 340 M M 0 16 130
10 70 59 65 -6 0 0 0.80 0.0 0 7.7 16 350 M M 8 1 22 350
11 80 51 66 -5 0 1 0.00 0.0 0 4.7 17 350 M M 1 1 29 290
12 86 49 68 -3 0 3 0.00 0.0 0 3.5 14 280 M M 0 12 22 260
13 91 54 73 3 0 8 0.00 0.0 0 2.5 13 180 M M 0 18 160
14 91 59 75 5 0 10 0.00 0.0 0 6.0 20 160 M M 1 25 160
15 87 61 74 4 0 9 0.00 0.0 0 9.2 22 170 M M 0 32 180
16 81 66 74 5 0 9 0.10 0.0 0 6.1 15 140 M M 8 1 20 140
17 93 71 82 13 0 17 T 0.0 0 10.0 24 160 M M 1 33 180
18 99 67 83 15 0 18 0.08 0.0 0 9.2 22 170 M M 1 3 29 270
19 99 75 87 19 0 22 0.00 0.0 0 7.9 17 170 M M 0 25 210
20 100 69 85 17 0 20 0.00 0.0 0 8.3 20 210 M M 0 31 190
21 85 59 72 5 0 7 0.08 0.0 0 8.3 25 360 M M 2 1 38 360
22 65 57 61 -6 4 0 0.11 0.0 0 5.9 12 40 M M 4 1 17 20
23 73 53 63 -3 2 0 0.04 0.0 0 5.6 14 150 M M 7 12 20 180
24 90 49 70 4 0 5 0.00 0.0 0 3.1 16 10 M M 3 12 28 20
25 82 53 68 2 0 3 0.00 0.0 0 7.8 22 340 M M 0 8 33 360
26 79 43 61 -4 4 0 0.00 0.0 0 2.9 15 300 M M 0 22 340
27 86 46 66 1 0 1 0.00 0.0 0 4.8 13 60 M M 1 1 20 70
28 77 50 64 0 1 0 0.00 0.0 0 8.2 18 60 M M 0 24 40
29 76 45 61 -3 4 0 0.00 0.0 0 8.3 20 140 M M 0 26 140
30 79 47 63 -1 2 0 0.00 0.0 0 6.6 16 120 M M 0 21 140
================================================================================
SM 2568 1743 17 229 1.21 0.0 174.4 M 47
================================================================================
AV 85.6 58.1 5.8 FASTST M M 2 MAX(MPH)
MISC ----> 25 360 38 360
================================================================================
NOTES:
# LAST OF SEVERAL OCCURRENCES
COLUMN 17 PEAK WIND IN M.P.H.
PRELIMINARY LOCAL CLIMATOLOGICAL DATA (WS FORM: F-6) , PAGE 2
STATION: TOPEKA KS
MONTH: SEPTEMBER
YEAR: 2022
LATITUDE: 39 4 N
LONGITUDE: 95 38 W
[TEMPERATURE DATA] [PRECIPITATION DATA] SYMBOLS USED IN COLUMN 16
AVERAGE MONTHLY: 71.9 TOTAL FOR MONTH: 1.21 1 = FOG OR MIST
DPTR FM NORMAL: 2.7 DPTR FM NORMAL: -2.31 2 = FOG REDUCING VISIBILITY
HIGHEST: 100 ON 20 GRTST 24HR 0.80 ON 10-10 TO 1/4 MILE OR LESS
LOWEST: 43 ON 26 3 = THUNDER
SNOW, ICE PELLETS, HAIL 4 = ICE PELLETS
TOTAL MONTH: 0.0 INCH 5 = HAIL
GRTST 24HR 0.0 6 = FREEZING RAIN OR DRIZZLE
GRTST DEPTH: 0 7 = DUSTSTORM OR SANDSTORM:
VSBY 1/2 MILE OR LESS
8 = SMOKE OR HAZE
[NO. OF DAYS WITH] [WEATHER - DAYS WITH] 9 = BLOWING SNOW
X = TORNADO
MAX 32 OR BELOW: 0 0.01 INCH OR MORE: 6
MAX 90 OR ABOVE: 10 0.10 INCH OR MORE: 3
MIN 32 OR BELOW: 0 0.50 INCH OR MORE: 1
MIN 0 OR BELOW: 0 1.00 INCH OR MORE: 0
[HDD (BASE 65) ]
TOTAL THIS MO. 17 CLEAR (SCALE 0-3) 26
DPTR FM NORMAL -34 PTCLDY (SCALE 4-7) 3
TOTAL FM JUL 1 17 CLOUDY (SCALE 8-10) 1
DPTR FM NORMAL -34
[CDD (BASE 65) ]
TOTAL THIS MO. 229
DPTR FM NORMAL 50 [PRESSURE DATA]
TOTAL FM JAN 1 1805 HIGHEST SLP M ON M
DPTR FM NORMAL 306 LOWEST SLP 29.75 ON 17
[REMARKS]
#FINAL-09-22#