000
CXUS53 KTOP 010810
CF6TOP
PRELIMINARY LOCAL CLIMATOLOGICAL DATA (WS FORM: F-6)
STATION: TOPEKA KS
MONTH: JUNE
YEAR: 2022
LATITUDE: 39 4 N
LONGITUDE: 95 38 W
TEMPERATURE IN F: :PCPN: SNOW: WIND :SUNSHINE: SKY :PK WND
================================================================================
1 2 3 4 5 6A 6B 7 8 9 10 11 12 13 14 15 16 17 18
12Z AVG MX 2MIN
DY MAX MIN AVG DEP HDD CDD WTR SNW DPTH SPD SPD DIR MIN PSBL S-S WX SPD DR
================================================================================
1 68 54 61 -11 4 0 0.09 0.0 0 5.8 17 350 M M 7 13 23 350
2 79 52 66 -6 0 1 0.00 0.0 0 3.2 14 320 M M 0 1 19 350
3 83 54 69 -3 0 4 0.00 0.0 0 3.7 13 160 M M 0 19 160
4 72 58 65 -7 0 0 0.17 0.0 0 5.7 16 150 M M 5 1 21 170
5 79 62 71 -2 0 6 0.10 0.0 0 6.8 16 150 M M 3 38 22 140
6 87 65 76 3 0 11 0.01 0.0 0 5.9 13 40 M M 2 1 19 260
7 89 65 77 3 0 12 0.42 0.0 0 5.7 37 300 M M 2 13 53 310
8 82 62 72 -2 0 7 0.13 0.0 0 6.0 18 340 M M 4 13 26 340
9 81 58 70 -4 0 5 T 0.0 0 4.1 14 180 M M 2 1 19 170
10 86 65 76 2 0 11 0.07 0.0 0 5.0 16 80 M M 4 3 22 90
11 94 67 81 6 0 16 0.00 0.0 0 7.2 20 170 M M 1 123 29 220
12 93 71 82 7 0 17 T 0.0 0 9.3 45 130 M M 1 61 130
13 100 80 90 15 0 25 0.01 0.0 0 13.3 25 180 M M 0 3 37 170
14 94 82 88 13 0 23 0.00 0.0 0 14.2 24 180 M M 1 34 170
15 94 75 85 9 0 20 0.00 0.0 0 10.6 23 190 M M 3 3 34 190
16 96 72 84 8 0 19 0.00 0.0 0 6.1 13 170 M M 0 20 160
17 98 76 87 11 0 22 0.00 0.0 0 6.6 24 30 M M 2 32 20
18 97 75 86 10 0 21 0.00 0.0 0 7.2 16 130 M M 1 22 120
19 96 76 86 9 0 21 0.00 0.0 0 11.2 21 160 M M 0 27 160
20 96 76 86 9 0 21 0.00 0.0 0 11.9 20 160 M M 0 27 160
21 100 73 87 10 0 22 0.24 0.0 0 9.6 28 310 M M 2 13 44 280
22 85 71 78 1 0 13 0.18 0.0 0 2.9 8 80 M M 3 13 12 70
23 83 71 77 0 0 12 0.43 0.0 0 5.4 17 130 M M 3 13 24 130
24 91 71 81 3 0 16 0.42 0.0 0 9.4 22 120 M M 3 13 29 120
25 94 76 85 7 0 20 0.01 0.0 0 9.4 18 10 M M 2 3 27 190
26 80 62 71 -7 0 6 T 0.0 0 7.9 22 340 M M 1 29 340
27 84 57 71 -7 0 6 0.00 0.0 0 3.1 10 70 M M 0 1 14 110
28 88 60 74 -4 0 9 0.00 0.0 0 4.7 15 200 M M 0 20 180
29 92 63 78 0 0 13 0.00 0.0 0 6.1 18 160 M M 0 23 160
30 94 62 78 0 0 13 0.00 0.0 0 8.8 18 190 M M 0 27 200
================================================================================
SM 2655 2011 4 392 2.28 0.0 216.8 M 52
================================================================================
AV 88.5 67.0 7.2 FASTST M M 2 MAX(MPH)
MISC ----> 45 130 61 130
================================================================================
NOTES:
# LAST OF SEVERAL OCCURRENCES
COLUMN 17 PEAK WIND IN M.P.H.
PRELIMINARY LOCAL CLIMATOLOGICAL DATA (WS FORM: F-6) , PAGE 2
STATION: TOPEKA KS
MONTH: JUNE
YEAR: 2022
LATITUDE: 39 4 N
LONGITUDE: 95 38 W
[TEMPERATURE DATA] [PRECIPITATION DATA] SYMBOLS USED IN COLUMN 16
AVERAGE MONTHLY: 77.8 TOTAL FOR MONTH: 2.28 1 = FOG OR MIST
DPTR FM NORMAL: 2.3 DPTR FM NORMAL: -2.64 2 = FOG REDUCING VISIBILITY
HIGHEST: 100 ON 21,13 GRTST 24HR 0.85 ON 23-24 TO 1/4 MILE OR LESS
LOWEST: 52 ON 2 3 = THUNDER
SNOW, ICE PELLETS, HAIL 4 = ICE PELLETS
TOTAL MONTH: 0.0 INCH 5 = HAIL
GRTST 24HR 0.0 6 = FREEZING RAIN OR DRIZZLE
GRTST DEPTH: 0 7 = DUSTSTORM OR SANDSTORM:
VSBY 1/2 MILE OR LESS
8 = SMOKE OR HAZE
[NO. OF DAYS WITH] [WEATHER - DAYS WITH] 9 = BLOWING SNOW
X = TORNADO
MAX 32 OR BELOW: 0 0.01 INCH OR MORE: 13
MAX 90 OR ABOVE: 15 0.10 INCH OR MORE: 8
MIN 32 OR BELOW: 0 0.50 INCH OR MORE: 0
MIN 0 OR BELOW: 0 1.00 INCH OR MORE: 0
[HDD (BASE 65) ]
TOTAL THIS MO. 4 CLEAR (SCALE 0-3) 25
DPTR FM NORMAL -1 PTCLDY (SCALE 4-7) 5
TOTAL FM JUL 1 4388 CLOUDY (SCALE 8-10) 0
DPTR FM NORMAL -469
[CDD (BASE 65) ]
TOTAL THIS MO. 392
DPTR FM NORMAL 72 [PRESSURE DATA]
TOTAL FM JAN 1 614 HIGHEST SLP M ON M
DPTR FM NORMAL 150 LOWEST SLP 29.52 ON 12
[REMARKS]
#FINAL-06-22#