000
CXUS53 KTOP 010800
CF6TOP
PRELIMINARY LOCAL CLIMATOLOGICAL DATA (WS FORM: F-6)
STATION: Topeka KS
MONTH: JULY
YEAR: 2020
LATITUDE: 39 4 N
LONGITUDE: 95 38 W
TEMPERATURE IN F: :PCPN: SNOW: WIND :SUNSHINE: SKY :PK WND
================================================================================
1 2 3 4 5 6A 6B 7 8 9 10 11 12 13 14 15 16 17 18
12Z AVG MX 2MIN
DY MAX MIN AVG DEP HDD CDD WTR SNW DPTH SPD SPD DIR MIN PSBL S-S WX SPD DR
================================================================================
1 86 71 79 1 0 14 T 0.0 0 8.8 24 20 M M 5 35 360
2 90 73 82 4 0 17 0.00 0.0 0 4.3 13 90 M M 1 18 80
3 88 71 80 2 0 15 0.47 0.0 0 5.1 22 50 M M 2 138 31 280
4 88 73 81 3 0 16 0.00 0.0 0 5.9 14 60 M M 3 18 20 60
5 90 72 81 3 0 16 0.00 0.0 0 4.4 10 60 M M 1 18 15 70
6 92 71 82 3 0 17 0.00 0.0 0 3.0 10 80 M M 0 18 14 80
7 94 72 83 4 0 18 0.00 0.0 0 3.6 14 150 M M 0 18 22 200
8 94 73 84 5 0 19 0.00 0.0 0 6.9 16 150 M M 1 25 150
9 88 67 78 -1 0 13 0.41 0.0 0 7.3 38 330 M M 1 38 58 320
10 90 67 79 0 0 14 0.00 0.0 0 4.5 13 120 M M 1 20 170
11 93 73 83 4 0 18 0.11 0.0 0 3.7 14 280 M M 3 3 19 270
12 87 62 75 -4 0 10 0.00 0.0 0 5.4 15 360 M M 0 22 310
13 92 69 81 2 0 16 0.00 0.0 0 7.5 16 120 M M 0 23 120
14 91 70 81 2 0 16 T 0.0 0 7.0 15 150 M M 2 22 160
15 86 69 78 -1 0 13 1.59 0.0 0 6.2 20 70 M M 4 123 33 70
16 86 68 77 -2 0 12 0.00 0.0 0 4.4 13 130 M M 1 12 17 100
17 94 72 83 4 0 18 0.00 0.0 0 7.4 16 130 M M 1 23 140
18 96 80 88 9 0 23 0.00 0.0 0 12.7 23 180 M M 0 8 36 180
19 91 75 83 4 0 18 0.00 0.0 0 6.0 16 40 M M 3 21 50
20 81 70 76 -3 0 11 0.60 0.0 0 6.6 18 200 M M 4 138 29 200
21 84 69 77 -2 0 12 1.16 0.0 0 3.3 17 210 M M 5 123 25 220
22 90 67 79 0 0 14 0.00 0.0 0 2.0 7 80 M M 2 12 10 80
23 93 73 83 4 0 18 0.00 0.0 0 4.6 13 130 M M 1 17 120
24 93 73 83 4 0 18 0.00 0.0 0 6.1 14 140 M M 1 20 180
25 93 75 84 5 0 19 0.00 0.0 0 7.4 16 180 M M 1 22 170
26 94 76 85 6 0 20 T 0.0 0 6.0 16 180 M M 1 22 180
27 84 72 78 -1 0 13 1.12 0.0 0 4.1 15 50 M M 5 138 22 70
28 89 72 81 2 0 16 0.01 0.0 0 4.8 16 120 M M 5 1 20 110
29 86 74 80 1 0 15 2.53 0.0 0 4.1 21 180 M M 7 13 31 50
30 77 71 74 -5 0 9 1.95 0.0 0 6.2 21 30 M M 9 13 30 40
31 81 67 74 -5 0 9 0.00 0.0 0 6.7 14 340 M M 5 1 18 340
================================================================================
SM 2761 2207 0 477 9.95 0.0 176.0 M 75
================================================================================
AV 89.1 71.2 5.7 FASTST M M 2 MAX(MPH)
MISC ----> # 38 330 # 58 320
================================================================================
NOTES:
# LAST OF SEVERAL OCCURRENCES
COLUMN 17 PEAK WIND IN M.P.H.
PRELIMINARY LOCAL CLIMATOLOGICAL DATA (WS FORM: F-6) , PAGE 2
STATION: Topeka KS
MONTH: JULY
YEAR: 2020
LATITUDE: 39 4 N
LONGITUDE: 95 38 W
[TEMPERATURE DATA] [PRECIPITATION DATA] SYMBOLS USED IN COLUMN 16
AVERAGE MONTHLY: 80.1 TOTAL FOR MONTH: 9.95 1 = FOG OR MIST
DPTR FM NORMAL: 1.1 DPTR FM NORMAL: 6.13 2 = FOG REDUCING VISIBILITY
HIGHEST: 96 ON 18 GRTST 24HR 2.53 ON 29-29 TO 1/4 MILE OR LESS
LOWEST: 62 ON 12 3 = THUNDER
SNOW, ICE PELLETS, HAIL 4 = ICE PELLETS
TOTAL MONTH: 0.0 INCH 5 = HAIL
GRTST 24HR 0.0 6 = FREEZING RAIN OR DRIZZLE
GRTST DEPTH: 0 7 = DUSTSTORM OR SANDSTORM:
VSBY 1/2 MILE OR LESS
8 = SMOKE OR HAZE
[NO. OF DAYS WITH] [WEATHER - DAYS WITH] 9 = BLOWING SNOW
X = TORNADO
MAX 32 OR BELOW: 0 0.01 INCH OR MORE: 10
MAX 90 OR ABOVE: 17 0.10 INCH OR MORE: 9
MIN 32 OR BELOW: 0 0.50 INCH OR MORE: 6
MIN 0 OR BELOW: 0 1.00 INCH OR MORE: 5
[HDD (BASE 65) ]
TOTAL THIS MO. 0 CLEAR (SCALE 0-3) 20
DPTR FM NORMAL 0 PTCLDY (SCALE 4-7) 10
TOTAL FM JUL 1 0 CLOUDY (SCALE 8-10) 1
DPTR FM NORMAL 0
[CDD (BASE 65) ]
TOTAL THIS MO. 477
DPTR FM NORMAL 45 [PRESSURE DATA]
TOTAL FM JAN 1 999 HIGHEST SLP M ON M
DPTR FM NORMAL 157 LOWEST SLP 29.67 ON 9
[REMARKS]
#FINAL-07-20#