000
CXUS55 KLKN 021817
CLMTPH
CLIMATE REPORT
NATIONAL WEATHER SERVICE ELKO, NV
1017 AM PST SAT DEC 02 2023
...................................
...THE TONOPAH AIRPORT NV CLIMATE SUMMARY FOR THE MONTH OF NOVEMBER 2023...
CLIMATE NORMAL PERIOD 1991 TO 2020
CLIMATE RECORD PERIOD 1954 TO 2023
WEATHER OBSERVED NORMAL DEPART LAST YEAR`S
VALUE DATE(S) VALUE FROM VALUE DATE(S)
NORMAL
................................................................
TEMPERATURE (F)
RECORD
HIGH 77 11/03/1988
LOW 3 11/30/2019
HIGHEST 71 11/03 69 2 64 11/05
LOWEST 13 11/28 13 0 14 11/20
AVG. MAXIMUM 55.1 54.6 0.5 50.2
AVG. MINIMUM 26.3 27.4 -1.1 23.1
MEAN 40.7 41.0 -0.3 36.6
DAYS MAX >= 90 0 0.0 0.0 0
DAYS MAX <= 32 0 0.6 -0.6 0
DAYS MIN <= 32 24 23.9 0.1 25
DAYS MIN <= 0 0 0.0 0.0 0
PRECIPITATION (INCHES)
RECORD
MAXIMUM 2.68 1981
MINIMUM 0.00 2006
TOTALS 0.08 0.28 -0.20 0.23
DAILY AVG. 0.00 0.01 -0.01 0.01
DAYS >= .01 1 2.0 -1.0 1
DAYS >= .10 0 0.9 -0.9 1
DAYS >= .50 0 0.0 0.0 0
DAYS >= 1.00 0 0.0 0.0 0
GREATEST
24 HR. TOTAL 0.08 11/15 TO 11/15 0.23
DEGREE DAYS
HEATING TOTAL 722 720 2 843
SINCE 7/1 1164 1152 12 MM
COOLING TOTAL 0 0 0 0
SINCE 1/1 755 894 -139 MM
................................................................
WIND (MPH)
AVERAGE WIND SPEED 8.9
HIGHEST WIND SPEED/DIRECTION 45/310 DATE 11/19
HIGHEST GUST SPEED/DIRECTION 55/310 DATE 11/19
AVERAGE RH (PERCENT) 46
WEATHER CONDITIONS. NUMBER OF DAYS WITH
THUNDERSTORM 0 MIXED PRECIP 0
HEAVY RAIN 0 RAIN 0
LIGHT RAIN 2 FREEZING RAIN 0
LT FREEZING RAIN 0 HAIL 0
HEAVY SNOW 0 SNOW 0
LIGHT SNOW 0 SLEET 0
FOG 1 FOG W/VIS <= 1/4 MILE 0
HAZE 0
- INDICATES NEGATIVE NUMBERS.
R INDICATES RECORD WAS SET OR TIED.
MM INDICATES DATA IS MISSING.
T INDICATES TRACE AMOUNT.
=====================================================================
...NOVEMBER 2023 IN TONOPAH WAS COLDER AND DRIER THAN NORMAL...
$$