000
CXUS53 KOAX 010930
CF6TQE
PRELIMINARY LOCAL CLIMATOLOGICAL DATA (WS FORM: F-6)
STATION: TEKAMAH NE
MONTH: SEPTEMBER
YEAR: 2021
LATITUDE: 41 46 N
LONGITUDE: 96 11 W
TEMPERATURE IN F: :PCPN: SNOW: WIND :SUNSHINE: SKY :PK WND
================================================================================
1 2 3 4 5 6A 6B 7 8 9 10 11 12 13 14 15 16 17 18
12Z AVG MX 2MIN
DY MAX MIN AVG DEP HDD CDD WTR SNW DPTH SPD SPD DIR MIN PSBL S-S WX SPD DR
================================================================================
1 79 57 68 -2 0 3 0.00 M M 8.3 21 120 M M 1 18 29 130
2 75 65 70 1 0 5 0.18 M M 12.2 21 160 M M 5 1 28 160
3 72 67 70 1 0 5 0.02 M M 6.8 16 330 M M 10 1 22 330
4 80 60 70 1 0 5 T M M 6.2 17 10 M M 4 23 10
5 83 57 70 2 0 5 0.00 M M 5.3 14 220 M M 0 1 18 220
6 88 57 73 5 0 8 0.00 M M 5.9 15 180 M M 0 12 20 190
7 81 57 69 1 0 4 0.00 M M 10.0 22 350 M M 0 30 350
8 83 50 67 -1 0 2 0.00 M M 6.1 20 320 M M 1 28 320
9 81 47 64 -3 1 0 0.00 M M 2.2 10 110 M M 0 13 160
10 87 53 70 3 0 5 0.00 M M 1.7 10 150 M M 1 12 14 150
11 91 59 75 8 0 10 0.00 M M 6.5 18 170 M M 3 12 26 180
12 80 63 72 6 0 7 T M M 8.9 24 320 M M 2 33 310
13 82 58 70 4 0 5 0.01 M M 4.8 14 170 M M 1 3 19 150
14 77 54 66 0 0 1 0.01 M M 5.4 16 350 M M 3 1 21 350
15 82 50 66 0 0 1 0.00 M M 7.9 20 170 M M 2 12 26 170
16 92 64 78 13 0 13 0.00 M M 13.1 26 180 M M 0 36 170
17 75 52 64 -1 1 0 0.13 M M 9.8 29 330 M M 3 3 43 330
18 89 51 70 6 0 5 0.00 M M 7.6 18 180 M M 3 24 170
19 91 62 77 13 0 12 0.00 M M 13.2 26 170 M M 0 38 160
20 75 50 63 -1 2 0 0.13 M M 11.5 24 310 M M 6 3 37 320
21 74 43 59 -4 6 0 0.00 M M 8.4 22 330 M M 0 36 310
22 73 37 55 -8 10 0 0.00 M M 3.5 8 270 M M 0 1 13 270
23 83 37 60 -2 5 0 0.00 M M 7.9 20 180 M M 0 28 140
24 72 41 57 -5 8 0 T M M 8.3 24 360 M M 1 3 36 330
25 82 33 58 -4 7 0 0.00 M M 8.4 21 210 M M 0 30 210
26 89 51 70 9 0 5 0.00 M M 7.8 16 180 M M 0 23 180
27 94 48 71 10 0 6 0.00 M M 4.3 12 60 M M 0 8 19 50
28 94 50 72 12 0 7 0.00 M M 6.9 17 160 M M 0 8 24 160
29 87 55 71 11 0 6 0.01 M M 5.8 20 160 M M 1 26 180
30 85 65 75 15 0 10 1.62 M M 8.2 16 140 M M 6 13 23 160
================================================================================
SM 2476 1593 40 130 2.11 M 222.9 M 53
================================================================================
AV 82.5 53.1 7.4 FASTST M M 2 MAX(MPH)
MISC ----> 29 330 43 330
================================================================================
NOTES:
# LAST OF SEVERAL OCCURRENCES
COLUMN 17 PEAK WIND IN M.P.H.
PRELIMINARY LOCAL CLIMATOLOGICAL DATA (WS FORM: F-6) , PAGE 2
STATION: TEKAMAH NE
MONTH: SEPTEMBER
YEAR: 2021
LATITUDE: 41 46 N
LONGITUDE: 96 11 W
[TEMPERATURE DATA] [PRECIPITATION DATA] SYMBOLS USED IN COLUMN 16
AVERAGE MONTHLY: 67.8 TOTAL FOR MONTH: 2.11 1 = FOG OR MIST
DPTR FM NORMAL: 2.8 DPTR FM NORMAL: -1.13 2 = FOG REDUCING VISIBILITY
HIGHEST: 94 ON 28,27 GRTST 24HR 1.62 ON 30-30 TO 1/4 MILE OR LESS
LOWEST: 33 ON 25 3 = THUNDER
SNOW, ICE PELLETS, HAIL 4 = ICE PELLETS
TOTAL MONTH: M 5 = HAIL
GRTST 24HR M ON M 6 = FREEZING RAIN OR DRIZZLE
GRTST DEPTH: M ON M 7 = DUSTSTORM OR SANDSTORM:
VSBY 1/2 MILE OR LESS
8 = SMOKE OR HAZE
[NO. OF DAYS WITH] [WEATHER - DAYS WITH] 9 = BLOWING SNOW
X = TORNADO
MAX 32 OR BELOW: 0 0.01 INCH OR MORE: 8
MAX 90 OR ABOVE: 5 0.10 INCH OR MORE: 4
MIN 32 OR BELOW: 0 0.50 INCH OR MORE: 1
MIN 0 OR BELOW: 0 1.00 INCH OR MORE: 1
[HDD (BASE 65) ]
TOTAL THIS MO. 40 CLEAR (SCALE 0-3) 23
DPTR FM NORMAL -60 PTCLDY (SCALE 4-7) 6
TOTAL FM JUL 1 40 CLOUDY (SCALE 8-10) 1
DPTR FM NORMAL -72
[CDD (BASE 65) ]
TOTAL THIS MO. 130
DPTR FM NORMAL 30 [PRESSURE DATA]
TOTAL FM JAN 1 1194 HIGHEST SLP 30.38 ON 22
DPTR FM NORMAL 194 LOWEST SLP 29.61 ON 20
[REMARKS]
#FINAL-09-21#