000
CXUS53 KOAX 010930
CF6TQE
PRELIMINARY LOCAL CLIMATOLOGICAL DATA (WS FORM: F-6)
STATION: TEKAMAH NE
MONTH: APRIL
YEAR: 2021
LATITUDE: 41 46 N
LONGITUDE: 96 11 W
TEMPERATURE IN F: :PCPN: SNOW: WIND :SUNSHINE: SKY :PK WND
================================================================================
1 2 3 4 5 6A 6B 7 8 9 10 11 12 13 14 15 16 17 18
12Z AVG MX 2MIN
DY MAX MIN AVG DEP HDD CDD WTR SNW DPTH SPD SPD DIR MIN PSBL S-S WX SPD DR
================================================================================
1 55 19 37 -8 28 0 0.00 M M 10.4 22 170 M M 0 28 180
2 76 35 56 10 9 0 0.00 M M 21.9 36 190 M M 0 47 180
3 81 40 61 15 4 0 0.00 M M 6.8 20 200 M M 0 27 210
4 86 40 63 16 2 0 T M M 9.6 35 200 M M 0 43 190
5 87 63 75 28 0 10 0.00 M M 19.8 32 180 M M 0 8 42 180
6 79 59 69 22 0 4 0.07 M M 14.7 31 170 M M 4 38 160
7 65 48 57 9 8 0 1.04 M M 14.6 24 340 M M 10 13 30 330
8 50 46 48 0 17 0 0.65 M M 16.6 29 330 M M 10 1 36 340
9 60 45 53 5 12 0 T M M 11.4 22 320 M M 8 28 360
10 63 39 51 2 14 0 0.00 M M 13.1 24 340 M M 2 32 340
11 69 32 51 2 14 0 0.00 M M 8.8 33 320 M M 0 43 320
12 60 37 49 -1 16 0 0.00 M M 17.4 29 300 M M 0 40 270
13 54 30 42 -8 23 0 0.00 M M 14.5 29 310 M M 1 40 310
14 52 29 41 -9 24 0 0.00 M M 12.5 22 320 M M 3 30 320
15 49 29 39 -12 26 0 0.00 M M 7.3 14 20 M M 7 18 20
16 50 40 45 -6 20 0 0.01 M M 8.4 15 360 M M 10 17 350
17 59 42 51 -1 14 0 0.01 M M 12.4 21 320 M M 9 26 320
18 66 32 49 -3 16 0 0.00 M M 9.5 32 360 M M 2 40 240
19 44 30 37 -15 28 0 0.01 M M 14.3 25 350 M M 7 1 34 10
20 50 28 39 -14 26 0 0.00 M M 10.7 22 340 M M 4 29 20
21 50 25 38 -15 27 0 0.00 M M 12.5 32 350 M M 5 42 350
22 62 21 42 -11 23 0 T M M 12.5 25 210 M M 3 35 200
23 70 46 58 4 7 0 0.01 M M 13.8 26 180 M M 5 33 170
24 61 37 49 -5 16 0 0.00 M M 11.8 22 340 M M 2 32 340
25 80 35 58 4 7 0 0.00 M M 15.2 31 180 M M 2 41 140
26 95 57 76 21 0 11 0.00 M M 12.1 26 160 M M 1 34 170
27 72 53 63 8 2 0 0.00 M M 15.3 28 350 M M 4 35 350
28 72 48 60 4 5 0 0.12 M M 11.9 23 20 M M 7 13 28 360
29 78 38 58 2 7 0 0.00 M M 8.8 29 340 M M 0 1 37 340
30 85 41 63 7 2 0 0.00 M M 5.3 14 130 M M 2 8 19 130
================================================================================
SM 1980 1164 397 25 1.92 M 373.9 M 108
================================================================================
AV 66.0 38.8 12.5 FASTST M M 4 MAX(MPH)
MISC ----> 36 190 47 180
================================================================================
NOTES:
# LAST OF SEVERAL OCCURRENCES
COLUMN 17 PEAK WIND IN M.P.H.
PRELIMINARY LOCAL CLIMATOLOGICAL DATA (WS FORM: F-6) , PAGE 2
STATION: TEKAMAH NE
MONTH: APRIL
YEAR: 2021
LATITUDE: 41 46 N
LONGITUDE: 96 11 W
[TEMPERATURE DATA] [PRECIPITATION DATA] SYMBOLS USED IN COLUMN 16
AVERAGE MONTHLY: 52.4 TOTAL FOR MONTH: 1.92 1 = FOG OR MIST
DPTR FM NORMAL: 1.5 DPTR FM NORMAL: -1.36 2 = FOG REDUCING VISIBILITY
HIGHEST: 95 ON 26 GRTST 24HR 1.21 ON 7- 8 TO 1/4 MILE OR LESS
LOWEST: 19 ON 1 3 = THUNDER
SNOW, ICE PELLETS, HAIL 4 = ICE PELLETS
TOTAL MONTH: M 5 = HAIL
GRTST 24HR M ON M 6 = FREEZING RAIN OR DRIZZLE
GRTST DEPTH: M ON M 7 = DUSTSTORM OR SANDSTORM:
VSBY 1/2 MILE OR LESS
8 = SMOKE OR HAZE
[NO. OF DAYS WITH] [WEATHER - DAYS WITH] 9 = BLOWING SNOW
X = TORNADO
MAX 32 OR BELOW: 0 0.01 INCH OR MORE: 8
MAX 90 OR ABOVE: 1 0.10 INCH OR MORE: 3
MIN 32 OR BELOW: 10 0.50 INCH OR MORE: 2
MIN 0 OR BELOW: 0 1.00 INCH OR MORE: 1
[HDD (BASE 65) ]
TOTAL THIS MO. 397 CLEAR (SCALE 0-3) 16
DPTR FM NORMAL -34 PTCLDY (SCALE 4-7) 9
TOTAL FM JUL 1 6078 CLOUDY (SCALE 8-10) 5
DPTR FM NORMAL -252
[CDD (BASE 65) ]
TOTAL THIS MO. 25
DPTR FM NORMAL 17 [PRESSURE DATA]
TOTAL FM JAN 1 25 HIGHEST SLP 30.62 ON 1
DPTR FM NORMAL 17 LOWEST SLP 29.36 ON 26
[REMARKS]
#FINAL-04-21#