000
CXUS54 KFWD 010731
CF6TRL
PRELIMINARY LOCAL CLIMATOLOGICAL DATA (WS FORM: F-6)
STATION: TERRELL
MONTH: OCTOBER
YEAR: 2020
LATITUDE: 32 42 N
LONGITUDE: 96 16 W
TEMPERATURE IN F: :PCPN: SNOW: WIND :SUNSHINE: SKY :PK WND
================================================================================
1 2 3 4 5 6A 6B 7 8 9 10 11 12 13 14 15 16 17 18
12Z AVG MX 2MIN
DY MAX MIN AVG DEP HDD CDD WTR SNW DPTH SPD SPD DIR MIN PSBL S-S WX SPD DR
================================================================================
1 80 52 66 -5 0 1 0.00 0.0 0 6.7 17 70 M M 0 25 60
2 75 49 62 -9 3 0 0.00 0.0 0 5.3 10 80 M M 0 15 100
3 79 53 66 -5 0 1 0.00 0.0 0 6.2 17 170 M M 0 23 170
4 78 53 66 -4 0 1 0.00 0.0 0 7.2 18 30 M M 2 24 40
5 77 50 64 -6 1 0 0.00 0.0 0 5.7 13 120 M M 0 16 120
6 83 53 68 -2 0 3 0.00 0.0 0 4.1 13 150 M M 1 16 150
7 86 57 72 3 0 7 0.00 0.0 0 2.9 10 140 M M 0 13 190
8 86 59 73 4 0 8 0.00 0.0 0 4.4 12 110 M M 2 8 16 110
9 78 66 72 3 0 7 0.00 0.0 0 7.3 14 60 M M 8 1 19 70
10 86 62 74 6 0 9 0.00 0.0 0 2.6 10 10 M M 3 12 16 230
11 94 62 78 10 0 13 0.00 0.0 0 8.4 18 190 M M 0 27 180
12 81 51 66 -2 0 1 0.00 0.0 0 8.3 25 20 M M 1 8 34 20
13 82 45 64 -4 1 0 0.00 0.0 0 3.1 10 170 M M 0 14 170
14 87 49 68 1 0 3 0.00 0.0 0 9.0 21 170 M M 0 25 170
15 76 62 69 2 0 4 0.00 0.0 0 12.0 25 30 M M 7 40 30
16 70 49 60 -7 5 0 0.00 0.0 0 7.7 18 70 M M 3 25 80
17 75 43 59 -7 6 0 0.00 0.0 0 10.5 21 170 M M 5 27 170
18 87 71 79 13 0 14 0.00 0.0 0 12.2 23 170 M M 7 32 170
19 74 60 67 1 0 2 0.00 0.0 0 6.2 13 180 M M 8 19 190
20 86 71 79 13 0 14 0.00 0.0 0 7.8 16 170 M M 4 22 160
21 84 67 76 11 0 11 0.00 0.0 0 8.2 18 190 M M 4 1 25 160
22 85 63 74 9 0 9 0.00 0.0 0 7.8 20 160 M M 2 1 28 170
23 72 48 60 -5 5 0 0.89 0.0 M 11.5 28 320 M M 8 13 43 330
24 61 46 54 -10 11 0 0.00 0.0 0 5.8 16 10 M M 7 23 10
25 61 53 57 -7 8 0 T 0.0 0 8.1 13 60 M M 10 18 19 90
26 55 40 48 -16 17 0 0.14 0.0 0 10.4 17 350 M M 10 138 25 360
27 44 39 42 -22 23 0 T M 0 9.1 16 350 M M 10 1 24 350
28 45 35 40 -23 25 0 1.62 M M 8.3 17 320 M M 8 13 25 290
29 58 33 46 -17 19 0 0.00 0.0 0 6.6 20 290 M M 5 1 27 310
30 67 35 51 -11 14 0 0.00 0.0 0 3.4 10 60 M M 0 15 60
31 69 37 53 -9 12 0 0.00 0.0 0 4.5 13 160 M M 0 19 180
================================================================================
SM 2321 1613 150 108 2.65 0.0 221.3 M 115
================================================================================
AV 74.9 52.0 7.1 FASTST M M 4 MAX(MPH)
MISC ----> # 28 320 # 43 330
================================================================================
NOTES:
# LAST OF SEVERAL OCCURRENCES
COLUMN 17 PEAK WIND IN M.P.H.
PRELIMINARY LOCAL CLIMATOLOGICAL DATA (WS FORM: F-6) , PAGE 2
STATION: TERRELL
MONTH: OCTOBER
YEAR: 2020
LATITUDE: 32 42 N
LONGITUDE: 96 16 W
[TEMPERATURE DATA] [PRECIPITATION DATA] SYMBOLS USED IN COLUMN 16
AVERAGE MONTHLY: 63.5 TOTAL FOR MONTH: 2.65 1 = FOG OR MIST
DPTR FM NORMAL: -3.3 DPTR FM NORMAL: -1.91 2 = FOG REDUCING VISIBILITY
HIGHEST: 94 ON 11 GRTST 24HR 1.62 ON 28-28 TO 1/4 MILE OR LESS
LOWEST: 33 ON 29 3 = THUNDER
SNOW, ICE PELLETS, HAIL 4 = ICE PELLETS
TOTAL MONTH: 0.0 INCH 5 = HAIL
GRTST 24HR 0.0 6 = FREEZING RAIN OR DRIZZLE
GRTST DEPTH: 0 7 = DUSTSTORM OR SANDSTORM:
VSBY 1/2 MILE OR LESS
8 = SMOKE OR HAZE
[NO. OF DAYS WITH] [WEATHER - DAYS WITH] 9 = BLOWING SNOW
X = TORNADO
MAX 32 OR BELOW: 0 0.01 INCH OR MORE: 3
MAX 90 OR ABOVE: 1 0.10 INCH OR MORE: 3
MIN 32 OR BELOW: 0 0.50 INCH OR MORE: 2
MIN 0 OR BELOW: 0 1.00 INCH OR MORE: 1
[HDD (BASE 65) ]
TOTAL THIS MO. 150 CLEAR (SCALE 0-3) 16
DPTR FM NORMAL 77 PTCLDY (SCALE 4-7) 12
TOTAL FM JUL 1 152 CLOUDY (SCALE 8-10) 3
DPTR FM NORMAL 74
[CDD (BASE 65) ]
TOTAL THIS MO. 108
DPTR FM NORMAL -20 [PRESSURE DATA]
TOTAL FM JAN 1 2517 HIGHEST SLP M ON M
DPTR FM NORMAL -8 LOWEST SLP 29.67 ON M
[REMARKS]
#FINAL-10-20#