000
CXUS54 KFWD 010731
CF6TRL
PRELIMINARY LOCAL CLIMATOLOGICAL DATA (WS FORM: F-6)
STATION: TERRELL
MONTH: JULY
YEAR: 2023
LATITUDE: 32 42 N
LONGITUDE: 96 16 W
TEMPERATURE IN F: :PCPN: SNOW: WIND :SUNSHINE: SKY :PK WND
================================================================================
1 2 3 4 5 6A 6B 7 8 9 10 11 12 13 14 15 16 17 18
12Z AVG MX 2MIN
DY MAX MIN AVG DEP HDD CDD WTR SNW DPTH SPD SPD DIR MIN PSBL S-S WX SPD DR
================================================================================
1 91 77 84 1 0 19 T M M 6.9 16 240 M M 0 21 300
2 87 73 80 -4 0 15 T M M 2.5 17 240 M M 1 3 25 240
3 96 74 85 1 0 20 T M M 7.3 24 10 M M 1 3 37 10
4 95 71 83 -1 0 18 T M M 8.7 16 180 M M 1 38 27 180
5 99 77 88 4 0 23 M M M 7.7 17 220 M M 1 38 25 190
6 94 75 85 1 0 20 0.00 M M 7.5 17 150 M M 1 23 140
7 93 74 84 0 0 19 0.00 M M 8.8 20 210 M M 1 29 220
8 96 76 86 2 0 21 T M M 8.9 24 70 M M 1 3 34 60
9 92 74 83 -1 0 18 0.05 M M 7.0 18 320 M M 3 3 28 320
10 94 75 85 1 0 20 0.01 M M 5.2 13 160 M M 4 13 17 150
11 92 73 83 -1 0 18 0.27 M M 8.1 18 20 M M 2 13 27 80
12 100 77 89 4 0 24 0.00 M M 11.2 20 180 M M 0 27 180
13 100 78 89 4 0 24 0.00 M M 10.5 18 180 M M 0 26 170
14 99 79 89 4 0 24 0.00 M M 10.3 18 210 M M 0 26 210
15 99 79 89 4 0 24 0.00 M M 7.7 16 240 M M 1 24 240
16 88 75 82 -3 0 17 T M M 6.3 18 240 M M 1 13 26 250
17 103 73 88 3 0 23 T M M 7.5 16 200 M M 0 23 230
18 103 76 90 5 0 25 M M M 10.0 16 200 M M 0 25 200
19 102 78 90 5 0 25 0.00 M M 10.3 18 180 M M 0 8 27 200
20 100 79 90 4 0 25 0.00 M M 6.8 17 180 M M 0 22 190
21 99 74 87 1 0 22 0.00 M M 6.2 14 20 M M 0 19 10
22 94 73 84 -2 0 19 0.00 M M 8.1 17 20 M M 2 25 30
23 97 67 82 -4 0 17 0.00 M M 4.5 13 50 M M 0 18 80
24 100 68 84 -2 0 19 M M M 5.0 13 100 M M 0 18 100
25 101 72 87 1 0 22 M M M 7.0 17 190 M M 0 25 230
26 100 76 88 2 0 23 0.00 M M 9.0 17 220 M M 0 27 200
27 99 76 88 2 0 23 0.00 M M 7.9 17 150 M M 0 23 170
28 100 76 88 2 0 23 0.00 M M 6.8 16 150 M M 0 22 160
29 101 75 88 2 0 23 0.00 M M 5.3 13 160 M M 0 18 170
30 103 74 89 3 0 24 0.00 M M 4.2 13 170 M M 0 21 170
31 105 74 90 4 0 25 T M M 4.2 13 170 M M 0 19 170
================================================================================
SM 3022 2318 0 662 0.33 M 227.4 M 20
================================================================================
AV 97.5 74.8 7.3 FASTST M M 1 MAX(MPH)
MISC ----> # 24 10 37 10
================================================================================
NOTES:
# LAST OF SEVERAL OCCURRENCES
COLUMN 17 PEAK WIND IN M.P.H.
PRELIMINARY LOCAL CLIMATOLOGICAL DATA (WS FORM: F-6) , PAGE 2
STATION: TERRELL
MONTH: JULY
YEAR: 2023
LATITUDE: 32 42 N
LONGITUDE: 96 16 W
[TEMPERATURE DATA] [PRECIPITATION DATA] SYMBOLS USED IN COLUMN 16
AVERAGE MONTHLY: 86.1 TOTAL FOR MONTH: 0.33 1 = FOG OR MIST
DPTR FM NORMAL: 1.1 DPTR FM NORMAL: -1.67 2 = FOG REDUCING VISIBILITY
HIGHEST: 105 ON 31 GRTST 24HR 0.27 ON 10-11 TO 1/4 MILE OR LESS
LOWEST: 67 ON 23 3 = THUNDER
SNOW, ICE PELLETS, HAIL 4 = ICE PELLETS
TOTAL MONTH: M 5 = HAIL
GRTST 24HR M ON M 6 = FREEZING RAIN OR DRIZZLE
GRTST DEPTH: M ON M 7 = DUSTSTORM OR SANDSTORM:
VSBY 1/2 MILE OR LESS
8 = SMOKE OR HAZE
[NO. OF DAYS WITH] [WEATHER - DAYS WITH] 9 = BLOWING SNOW
X = TORNADO
MAX 32 OR BELOW: 0 0.01 INCH OR MORE: 3
MAX 90 OR ABOVE: 29 0.10 INCH OR MORE: 1
MIN 32 OR BELOW: 0 0.50 INCH OR MORE: 0
MIN 0 OR BELOW: 0 1.00 INCH OR MORE: 0
[HDD (BASE 65) ]
TOTAL THIS MO. 0 CLEAR (SCALE 0-3) 30
DPTR FM NORMAL 0 PTCLDY (SCALE 4-7) 1
TOTAL FM JUL 1 0 CLOUDY (SCALE 8-10) 0
DPTR FM NORMAL 0
[CDD (BASE 65) ]
TOTAL THIS MO. 662
DPTR FM NORMAL 42 [PRESSURE DATA]
TOTAL FM JAN 1 1543 HIGHEST SLP M ON M
DPTR FM NORMAL 12 LOWEST SLP 29.75 ON 13
[REMARKS]
#FINAL-07-23#