000
CXUS51 KPHI 011201
CLMTTN


CLIMATE REPORT
NATIONAL WEATHER SERVICE MOUNT HOLLY NJ
701 AM EST TUE MAR 1 2016

...................................

...THE TRENTON CLIMATE SUMMARY FOR THE MONTH OF FEBRUARY 2016...

CLIMATE NORMAL PERIOD 1981 TO 2010
CLIMATE RECORD PERIOD 1865 TO 2016

WEATHER         OBSERVED          NORMAL  DEPART  LAST YEAR`S
                 VALUE   DATE(S)  VALUE   FROM    VALUE  DATE(S)
                                          NORMAL
................................................................
TEMPERATURE (F)
RECORD
 HIGH              76   02/25/1930
 LOW              -14   02/09/1934
HIGHEST            65                MM      MM       43
LOWEST              4                MM      MM        0
AVG. MAXIMUM     44.8              42.2     2.6     31.8
AVG. MINIMUM     27.7              25.8     1.9     13.6
MEAN             36.3              34.0     2.3     22.7
DAYS MAX >= 90      0               0.0     0.0        0
DAYS MAX <= 32      4               3.6     0.4       15
DAYS MIN <= 32     17              22.5    -5.5       27
DAYS MIN <= 0       0               0.0     0.0        2

PRECIPITATION (INCHES)
RECORD
 MAXIMUM         6.25   1866
 MINIMUM         0.64   2009
TOTALS           3.91              2.31    1.60     2.25
DAILY AVG.       0.13                MM      MM     0.08
DAYS >= .01        14                MM      MM        7
DAYS >= .10         7                MM      MM        5
DAYS >= .50         3                MM      MM        2
DAYS >= 1.00        1                MM      MM        1
GREATEST
 24 HR. TOTAL    1.56   02/24 TO 02/25              1.19

SNOWFALL (INCHES)
RECORDS
 TOTAL             MM   5
 24 HR TOTAL       MM
TOTALS             MM                MM      MM       MM
SINCE 7/1          MM                MM      MM       MM
SNOWDEPTH AVG.     MM                MM      MM       MM
DAYS >= 1.0         0                MM      MM        0
GREATEST
 SNOW DEPTH        MM                                 MM  MM
 24 HR TOTAL       MM                                 MM

DEGREE_DAYS
HEATING TOTAL     825               868     -43     1178
 SINCE 7/1       3094              3842    -748     4083
COOLING TOTAL       0                 0       0        0
 SINCE 1/1          0                 0       0        0
.................................................................

WIND (MPH)
AVERAGE WIND SPEED              8.3
HIGHEST WIND SPEED/DIRECTION    33/180    DATE  02/24
HIGHEST GUST SPEED/DIRECTION    46/220    DATE  02/24

SKY COVER
POSSIBLE SUNSHINE (PERCENT)   MM
AVERAGE SKY COVER           0.50
NUMBER OF DAYS FAIR           11
NUMBER OF DAYS PC              8
NUMBER OF DAYS CLOUDY         10

AVERAGE RH (PERCENT)     63

WEATHER CONDITIONS. NUMBER OF DAYS WITH
THUNDERSTORM              0     MIXED PRECIP               0
HEAVY RAIN                3     RAIN                       4
LIGHT RAIN               11     FREEZING RAIN              1
LT FREEZING RAIN          1     HEAVY SNOW                 1
SNOW                      1     LIGHT SNOW                 9
SLEET                     0     FOG                       14
FOG W/VIS <= 1/4 MILE     3     HAZE                       5

-  INDICATES NEGATIVE NUMBERS.
R  INDICATES RECORD WAS SET OR TIED.
MM INDICATES DATA IS MISSING.
T  INDICATES TRACE AMOUNT.

$$
