000
CXUS51 KPHI 030151
CLMTTN


CLIMATE REPORT
NATIONAL WEATHER SERVICE MOUNT HOLLY NJ
951 PM EDT MON JUN 2 2014

...................................

...THE TRENTON CLIMATE SUMMARY FOR THE MONTH OF MAY 2014...

CLIMATE NORMAL PERIOD 1981 TO 2010
CLIMATE RECORD PERIOD 1865 TO 2014

WEATHER         OBSERVED          NORMAL  DEPART  LAST YEAR`S
                 VALUE   DATE(S)  VALUE   FROM    VALUE  DATE(S)
                                          NORMAL
................................................................
TEMPERATURE (F)
RECORD
 HIGH              99   05/31/1986
                        05/23/1911
 LOW               33   05/14/1996
                        05/04/1986
                        05/12/1907
HIGHEST            85                MM      MM       91
LOWEST             43                MM      MM       37
AVG. MAXIMUM     72.4              71.8     0.6     71.9
AVG. MINIMUM     52.8              50.5     2.3     51.3
MEAN             62.6              61.1     1.5     61.6
DAYS MAX >= 90      0               0.5    -0.5        2
DAYS MAX <= 32      0               0.0     0.0        0
DAYS MIN <= 32      0               0.1    -0.1        0
DAYS MIN <= 0       0               0.0     0.0        0

PRECIPITATION (INCHES)
RECORD
 MAXIMUM        10.75   1894
 MINIMUM            T   2013
TOTALS           3.14              4.37   -1.23     3.34
DAILY AVG.       0.10              0.14   -0.04     0.11
DAYS >= .01         8                MM      MM       13
DAYS >= .10         7                MM      MM        9
DAYS >= .50         3                MM      MM        2
DAYS >= 1.00        0                MM      MM        0
GREATEST
 24 HR. TOTAL    3.91   04/30 TO 05/01              0.97

SNOWFALL (INCHES)
RECORDS
 TOTAL             MM   5
 24 HR TOTAL       MM
TOTALS             MM                MM      MM       MM
SINCE 7/1          MM                MM      MM       MM
SNOWDEPTH AVG.     MM                MM      MM       MM
DAYS >= 1.0         0                MM      MM        0
GREATEST
 SNOW DEPTH        MM                                 MM  MM
 24 HR TOTAL       MM                                 MM

DEGREE_DAYS
HEATING TOTAL     106               168     -62      175
 SINCE 7/1       5474              5136     338     4949
COOLING TOTAL      38                49     -11       76
 SINCE 1/1         44                57     -13       90
.................................................................

WIND (MPH)
AVERAGE WIND SPEED              6.9
HIGHEST WIND SPEED/DIRECTION    29/230    DATE  05/10
HIGHEST GUST SPEED/DIRECTION    44/240    DATE  05/10

SKY COVER
POSSIBLE SUNSHINE (PERCENT)   MM
AVERAGE SKY COVER           0.50
NUMBER OF DAYS FAIR           13
NUMBER OF DAYS PC              6
NUMBER OF DAYS CLOUDY         12

AVERAGE RH (PERCENT)     65

WEATHER CONDITIONS. NUMBER OF DAYS WITH
THUNDERSTORM              0     MIXED PRECIP               0
HEAVY RAIN                2     RAIN                       5
LIGHT RAIN               12     FREEZING RAIN              0
LT FREEZING RAIN          0     HEAVY SNOW                 0
SNOW                      0     LIGHT SNOW                 0
SLEET                     0     FOG                       14
FOG W/VIS <= 1/4 MILE     6     HAZE                      11

-  INDICATES NEGATIVE NUMBERS.
R  INDICATES RECORD WAS SET OR TIED.
MM INDICATES DATA IS MISSING.
T  INDICATES TRACE AMOUNT.

$$
