000
CXUS51 KPHI 061851
CLMTTN


CLIMATE REPORT
NATIONAL WEATHER SERVICE MOUNT HOLLY NJ
151 PM EST WED JAN 6 2016

...................................

...THE TRENTON CLIMATE SUMMARY FOR THE MONTH OF DECEMBER 2015...

CLIMATE NORMAL PERIOD 1981 TO 2010
CLIMATE RECORD PERIOD 1865 TO 2016

WEATHER         OBSERVED          NORMAL  DEPART  LAST YEAR`S
                 VALUE   DATE(S)  VALUE   FROM    VALUE  DATE(S)
                                          NORMAL
................................................................
TEMPERATURE (F)
RECORD
 HIGH              76   12/07/1998
 LOW               -8   12/30/1880
HIGHEST            72                MM      MM       67
LOWEST             28                MM      MM       19
AVG. MAXIMUM     56.5              43.1    13.4     45.4
AVG. MINIMUM     41.6              27.6    14.0     32.6
MEAN             49.1              35.3    13.8     39.0
DAYS MAX >= 90      0               0.0     0.0        0
DAYS MAX <= 32      0               3.6    -3.6        1
DAYS MIN <= 32      8              22.6   -14.6       19
DAYS MIN <= 0       0               0.0     0.0        0

PRECIPITATION (INCHES)
RECORD
 MAXIMUM        39.80   2015
 MINIMUM         0.19   1955
TOTALS           4.41              3.70    0.71     4.14
DAILY AVG.       0.14              0.12    0.02     0.13
DAYS >= .01        12                MM      MM       14
DAYS >= .10         8                MM      MM        8
DAYS >= .50         4                MM      MM        3
DAYS >= 1.00        2                MM      MM        1
GREATEST
 24 HR. TOTAL    1.23   12/23 TO 12/24              1.46

SNOWFALL (INCHES)
RECORDS
 TOTAL             MM   5
 24 HR TOTAL       MM
TOTALS             MM                MM      MM       MM
SINCE 7/1          MM                MM      MM       MM
SNOWDEPTH AVG.     MM                MM      MM       MM
DAYS >= 1.0         0                MM      MM        0
GREATEST
 SNOW DEPTH        MM                                 MM  MM
 24 HR TOTAL       MM                                 MM

DEGREE_DAYS
HEATING TOTAL     487               919    -432      798
 SINCE 7/1       1233              1895    -662     1768
COOLING TOTAL       2                 0       2        0
 SINCE 1/1       1277               965     312      930
.................................................................

WIND (MPH)
AVERAGE WIND SPEED              6.1
HIGHEST WIND SPEED/DIRECTION    26/320    DATE  12/15
HIGHEST GUST SPEED/DIRECTION    40/310    DATE  12/15

SKY COVER
POSSIBLE SUNSHINE (PERCENT)   MM
AVERAGE SKY COVER           0.60
NUMBER OF DAYS FAIR            9
NUMBER OF DAYS PC              7
NUMBER OF DAYS CLOUDY         15

AVERAGE RH (PERCENT)     76

WEATHER CONDITIONS. NUMBER OF DAYS WITH
THUNDERSTORM              0     MIXED PRECIP               0
HEAVY RAIN                4     RAIN                       7
LIGHT RAIN               16     FREEZING RAIN              0
LT FREEZING RAIN          0     HEAVY SNOW                 0
SNOW                      0     LIGHT SNOW                 0
SLEET                     0     FOG                       21
FOG W/VIS <= 1/4 MILE    12     HAZE                       8

-  INDICATES NEGATIVE NUMBERS.
R  INDICATES RECORD WAS SET OR TIED.
MM INDICATES DATA IS MISSING.
T  INDICATES TRACE AMOUNT.

$$
