000
CXUS51 KPHI 011804
CLMTTN


CLIMATE REPORT
NATIONAL WEATHER SERVICE MOUNT HOLLY NJ
102 PM EST SUN JAN 1 2017

...................................

...THE TRENTON NJ CLIMATE SUMMARY FOR THE YEAR OF 2016...

CLIMATE NORMAL PERIOD 1981 TO 2010
CLIMATE RECORD PERIOD 1865 TO 2016

WEATHER         OBSERVED          NORMAL  DEPART  LAST YEAR`S
                 VALUE   DATE(S)  VALUE   FROM    VALUE  DATE(S)
                                          NORMAL
................................................................
TEMPERATURE (F)
RECORD
 HIGH             106   07/22/2011
                        07/09/1936
 LOW              -14   02/09/1934
HIGHEST            97   09/10        MM      MM       94  09/08
                                                          09/03
                                                          08/17
LOWEST              4   02/14        MM      MM        0  02/24
                                                          02/20
AVG. MAXIMUM     65.5              62.9     2.6     64.3
AVG. MINIMUM     45.9              44.1     1.8     45.2
MEAN             55.7              53.5     2.2     54.8
DAYS MAX >= 90     35              15.8    19.2       27
DAYS MAX <= 32     13              16.5    -3.5       27
DAYS MIN <= 32     91              99.6    -8.6       95
DAYS MIN <= 0       0               0.1    -0.1        2

PRECIPITATION (INCHES)
RECORD
 MAXIMUM        39.80   2015
 MINIMUM        35.39   2015
TOTALS          34.82R            46.44  -11.62    39.80
DAILY AVG.       0.10              0.13   -0.03     0.11
DAYS >= .01       116                MM      MM      116
DAYS >= .10        70                MM      MM       72
DAYS >= .50        22                MM      MM       30
DAYS >= 1.00        6                MM      MM       12
GREATEST
 24 HR. TOTAL    1.87   MM                       12/31 TO 12/31
                                                          12/31 TO 12/31
                                                          12/31 TO 12/31
 STORM TOTAL       MM                                 MM
 (MM/DD(HH))            MM                    12/31(00) TO 12/31(00)
                                                 12/31(00) TO 12/31(00)1
                                                 12/31(00) TO 12/31(00)1

DEGREE_DAYS
HEATING TOTAL    4664              5160    -496     4863
 SINCE 7/1       1684              1895    -211     1233
COOLING TOTAL    1381               965     416     1277
 SINCE 1/1       1381               965     416     1277

FREEZE DATES
RECORD
 EARLIEST     MM
 LATEST       MM
EARLIEST                        MM
LATEST                          MM
..................................................

WIND (MPH)
AVERAGE WIND SPEED              6.9
RESULTANT WIND SPEED/DIRECTION   2/299
HIGHEST WIND SPEED/DIRECTION    36/340    DATE  07/25
HIGHEST GUST SPEED/DIRECTION    56/310    DATE  07/25

SKY COVER
POSSIBLE SUNSHINE (PERCENT)    0
AVERAGE SKY COVER           0.40
NUMBER OF DAYS FAIR          190
NUMBER OF DAYS PC            105
NUMBER OF DAYS CLOUDY         71

AVERAGE RH (PERCENT)     63

WEATHER CONDITIONS. NUMBER OF DAYS WITH
THUNDERSTORM              0     MIXED PRECIP               0
HEAVY RAIN               47     RAIN                      65
LIGHT RAIN              144     FREEZING RAIN              3
LT FREEZING RAIN          3     HAIL                       0
HEAVY SNOW                2     SNOW                       4
LIGHT SNOW               24     SLEET                      0
FOG                     147     FOG W/VIS <= 1/4 MILE     24
HAZE                     45

-  INDICATES NEGATIVE NUMBERS.
R  INDICATES RECORD WAS SET OR TIED.
MM INDICATES DATA IS MISSING.
T  INDICATES TRACE AMOUNT.

$$
