000
CXUS55 KTWC 010855
CF6TUS
PRELIMINARY LOCAL CLIMATOLOGICAL DATA (WS FORM: F-6)
STATION: TUCSON AZ
MONTH: AUGUST
YEAR: 2022
LATITUDE: 32 7 N
LONGITUDE: 110 56 W
TEMPERATURE IN F: :PCPN: SNOW: WIND :SUNSHINE: SKY :PK WND
================================================================================
1 2 3 4 5 6A 6B 7 8 9 10 11 12 13 14 15 16 17 18
12Z AVG MX 2MIN
DY MAX MIN AVG DEP HDD CDD WTR SNW DPTH SPD SPD DIR MIN PSBL S-S WX SPD DR
================================================================================
1 99 71 85 -2 0 20 0.00 M M 7.2 16 180 M M M 21 260
2 99 76 88 1 0 23 0.00 M M 5.3 13 250 M M M 20 240
3 98 74 86 -1 0 21 0.05 M M 7.5 26 150 M M M 3 34 140
4 95 72 84 -3 0 19 0.16 M M 7.0 25 110 M M M 3 35 130
5 99 76 88 1 0 23 T M M 3.8 10 180 M M M 17 200
6 104 78 91 4 0 26 T M M 9.0 46 120 M M M 38 60 130
7 101 74 88 1 0 23 T M M 7.4 24 150 M M 2 3 30 140
8 99 72 86 -1 0 21 0.12 M M 7.7 23 70 M M 2 3 36 60
9 98 75 87 0 0 22 0.01 M M 6.9 21 270 M M 0 3 31 270
10 99 73 86 -1 0 21 0.29 M M 8.8 25 110 M M 3 13 34 110
11 97 75 86 -1 0 21 T M M 9.2 23 120 M M 1 3 31 130
12 95 77 86 -1 0 21 0.08 M M 8.5 23 280 M M 1 3 30 270
13 99 73 86 -1 0 21 T M M 9.0 28 190 M M 1 3 37 200
14 99 74 87 0 0 22 0.00 M M 6.1 21 270 M M 0 38 30 310
15 100 77 89 2 0 24 T M M 5.6 17 170 M M 2 38 21 170
16 102 76 89 2 0 24 T M M 8.1 36 200 M M 1 38 48 200
17 101 74 88 1 0 23 0.01 M M 5.1 21 130 M M 2 3 26 130
18 95 73 84 -3 0 19 T M M 6.5 24 110 M M 2 3 35 110
19 85 75 80 -7 0 15 0.26 M M 4.6 17 170 M M 6 38 21 160
20 82 74 78 -9 0 13 0.07 M M 6.3 14 290 M M M 3 18 120
21 91 72 82 -5 0 17 0.00 M M 6.5 14 300 M M 4 21 300
22 95 74 85 -2 0 20 0.00 M M 6.0 22 130 M M 1 26 130
23 100 70 85 -2 0 20 1.06 M M 10.1 54 160 M M 2 1238 76 110
24 93 72 83 -4 0 18 0.00 M M 6.5 21 110 M M 1 3 30 130
25 97 75 86 -1 0 21 0.71 M M 6.3 28 260 M M 2 3 35 260
26 98 75 87 0 0 22 0.00 M M 5.2 13 180 M M 2 18 360
27 98 75 87 1 0 22 0.00 M M 6.7 20 280 M M 1 3 27 280
28 96 76 86 0 0 21 0.00 M M 5.4 14 270 M M 1 20 270
29 99 74 87 1 0 22 0.00 M M 5.1 15 340 M M 0 20 330
30 104 75 90 4 0 25 0.00 M M 7.7 22 100 M M 0 32 90
31 97 78 88 2 0 23 0.00 M M 10.5 20 100 M M 1 29 90
================================================================================
SM 3014 2305 0 653 2.82 M 215.6 M 38
================================================================================
AV 97.2 74.4 7.0 FASTST M M 2 MAX(MPH)
MISC ----> 54 160 76 110
================================================================================
NOTES:
# LAST OF SEVERAL OCCURRENCES
COLUMN 17 PEAK WIND IN M.P.H.
PRELIMINARY LOCAL CLIMATOLOGICAL DATA (WS FORM: F-6) , PAGE 2
STATION: TUCSON AZ
MONTH: AUGUST
YEAR: 2022
LATITUDE: 32 7 N
LONGITUDE: 110 56 W
[TEMPERATURE DATA] [PRECIPITATION DATA] SYMBOLS USED IN COLUMN 16
AVERAGE MONTHLY: 85.8 TOTAL FOR MONTH: 2.82 1 = FOG OR MIST
DPTR FM NORMAL: -1.1 DPTR FM NORMAL: 0.84 2 = FOG REDUCING VISIBILITY
HIGHEST: 104 ON 30, 6 GRTST 24HR 1.06 ON 23-23 TO 1/4 MILE OR LESS
LOWEST: 70 ON 23 3 = THUNDER
SNOW, ICE PELLETS, HAIL 4 = ICE PELLETS
TOTAL MONTH: M 5 = HAIL
GRTST 24HR M ON M 6 = FREEZING RAIN OR DRIZZLE
GRTST DEPTH: M ON M 7 = DUSTSTORM OR SANDSTORM:
VSBY 1/2 MILE OR LESS
8 = SMOKE OR HAZE
[NO. OF DAYS WITH] [WEATHER - DAYS WITH] 9 = BLOWING SNOW
X = TORNADO
MAX 32 OR BELOW: 0 0.01 INCH OR MORE: 11
MAX 90 OR ABOVE: 29 0.10 INCH OR MORE: 6
MIN 32 OR BELOW: 0 0.50 INCH OR MORE: 2
MIN 0 OR BELOW: 0 1.00 INCH OR MORE: 1
[HDD (BASE 65) ]
TOTAL THIS MO. 0 CLEAR (SCALE 0-3) 22
DPTR FM NORMAL 0 PTCLDY (SCALE 4-7) 2
TOTAL FM JUL 1 0 CLOUDY (SCALE 8-10) 7
DPTR FM NORMAL 0
[CDD (BASE 65) ]
TOTAL THIS MO. 653
DPTR FM NORMAL -26 [PRESSURE DATA]
TOTAL FM JAN 1 2884 HIGHEST SLP M ON M
DPTR FM NORMAL 295 LOWEST SLP 27.32 ON 31
[REMARKS]
#FINAL-08-22#