000
CXUS53 KAPX 010730
CF6TVC
PRELIMINARY LOCAL CLIMATOLOGICAL DATA (WS FORM: F-6)
STATION: TRAVERSE CITY MI
MONTH: JULY
YEAR: 2023
LATITUDE: 44 44 N
LONGITUDE: 85 34 W
TEMPERATURE IN F: :PCPN: SNOW: WIND :SUNSHINE: SKY :PK WND
================================================================================
1 2 3 4 5 6A 6B 7 8 9 10 11 12 13 14 15 16 17 18
12Z AVG MX 2MIN
DY MAX MIN AVG DEP HDD CDD WTR SNW DPTH SPD SPD DIR MIN PSBL S-S WX SPD DR
================================================================================
1 89 63 76 7 0 11 0.00 M M 3.5 15 310 M M 5 20 280
2 80 59 70 1 0 5 0.00 M M 4.5 14 30 M M 4 1 21 20
3 83 60 72 2 0 7 0.00 M M 4.4 12 40 M M 1 17 10
4 93 57 75 5 0 10 0.37 M M 4.2 21 300 M M 3 3 30 290
5 92 70 81 11 0 16 0.06 M M 7.4 20 270 M M 7 13 25 280
6 76 57 67 -3 0 2 0.02 M M 8.0 15 320 M M 6 1 21 320
7 75 56 66 -4 0 1 0.00 M M 4.2 14 50 M M 5 22 10
8 77 60 69 -1 0 4 T M M 3.6 13 30 M M 4 18 20
9 78 56 67 -3 0 2 0.00 M M 4.2 13 30 M M 5 22 360
10 91 66 79 9 0 14 0.00 M M 11.4 23 220 M M 3 37 210
11 77 56 67 -3 0 2 0.11 M M 5.8 21 310 M M 5 13 30 300
12 73 56 65 -5 0 0 T M M 4.0 12 30 M M 8 18 30
13 76 54 65 -5 0 0 0.00 M M 5.1 12 40 M M 4 18 360
14 86 59 73 3 0 8 0.00 M M 6.6 17 270 M M 6 23 260
15 84 68 76 5 0 11 0.01 M M 6.0 16 270 M M 7 21 260
16 80 62 71 0 0 6 0.13 M M 6.2 25 320 M M 6 138 32 320
17 77 60 69 -2 0 4 0.00 M M 8.7 18 270 M M 5 26 260
18 80 55 68 -3 0 3 0.00 M M 5.8 18 270 M M 4 24 280
19 83 58 71 0 0 6 T M M 4.0 15 40 M M 6 22 30
20 78 65 72 1 0 7 0.65 M M 6.8 16 330 M M 7 13 23 300
21 80 59 70 -1 0 5 0.00 M M 4.6 14 320 M M 3 21 330
22 82 56 69 -2 0 4 0.01 M M 2.4 10 220 M M 4 3 17 10
23 81 63 72 1 0 7 0.00 M M 3.7 14 240 M M 5 3 21 230
24 81 61 71 0 0 6 0.00 M M 2.8 12 340 M M 5 18 330
25 85 60 73 2 0 8 0.00 M M 3.4 12 30 M M 5 18 21 30
26 82 70 76 5 0 11 0.36 M M 6.0 20 280 M M 6 138 23 280
27 90 66 78 7 0 13 0.00 M M 4.2 22 300 M M 7 128 29 280
28 86 69 78 7 0 13 0.17 M M 5.5 16 320 M M 6 13 21 320
29 79 68 74 3 0 9 0.02 M M 7.1 14 360 M M 6 22 330
30 80 53 67 -4 0 2 0.00 M M 5.0 14 330 M M 2 23 320
31 81 56 69 -1 0 4 0.00 M M 3.8 14 330 M M 2 19 290
================================================================================
SM 2535 1878 0 201 1.91 M 162.9 M 152
================================================================================
AV 81.8 60.6 5.3 FASTST M M 5 MAX(MPH)
MISC ----> 25 320 37 210
================================================================================
NOTES:
# LAST OF SEVERAL OCCURRENCES
COLUMN 17 PEAK WIND IN M.P.H.
PRELIMINARY LOCAL CLIMATOLOGICAL DATA (WS FORM: F-6) , PAGE 2
STATION: TRAVERSE CITY MI
MONTH: JULY
YEAR: 2023
LATITUDE: 44 44 N
LONGITUDE: 85 34 W
[TEMPERATURE DATA] [PRECIPITATION DATA] SYMBOLS USED IN COLUMN 16
AVERAGE MONTHLY: 71.2 TOTAL FOR MONTH: 1.91 1 = FOG OR MIST
DPTR FM NORMAL: 0.9 DPTR FM NORMAL: -0.80 2 = FOG REDUCING VISIBILITY
HIGHEST: 93 ON 4 GRTST 24HR 0.65 ON 20-20 TO 1/4 MILE OR LESS
LOWEST: 53 ON 30 3 = THUNDER
SNOW, ICE PELLETS, HAIL 4 = ICE PELLETS
TOTAL MONTH: M 5 = HAIL
GRTST 24HR M ON M 6 = FREEZING RAIN OR DRIZZLE
GRTST DEPTH: M ON M 7 = DUSTSTORM OR SANDSTORM:
VSBY 1/2 MILE OR LESS
8 = SMOKE OR HAZE
[NO. OF DAYS WITH] [WEATHER - DAYS WITH] 9 = BLOWING SNOW
X = TORNADO
MAX 32 OR BELOW: 0 0.01 INCH OR MORE: 11
MAX 90 OR ABOVE: 4 0.10 INCH OR MORE: 6
MIN 32 OR BELOW: 0 0.50 INCH OR MORE: 1
MIN 0 OR BELOW: 0 1.00 INCH OR MORE: 0
[HDD (BASE 65) ]
TOTAL THIS MO. 0 CLEAR (SCALE 0-3) 4
DPTR FM NORMAL -20 PTCLDY (SCALE 4-7) 27
TOTAL FM JUL 1 0 CLOUDY (SCALE 8-10) 0
DPTR FM NORMAL -19
[CDD (BASE 65) ]
TOTAL THIS MO. 201
DPTR FM NORMAL 15 [PRESSURE DATA]
TOTAL FM JAN 1 346 HIGHEST SLP 30.14 ON 31
DPTR FM NORMAL 29 LOWEST SLP 29.70 ON 26
[REMARKS]
#FINAL-07-23#