000
CXUS53 KAPX 010552
CLATVC
CLIMATE REPORT
NATIONAL WEATHER SERVICE
1252 AM EST MON JAN 01 2024
...................................
...THE TRAVERSE CITY MI CLIMATE SUMMARY FOR THE YEAR OF 2023...
CLIMATE NORMAL PERIOD: 1991 TO 2020
CLIMATE RECORD PERIOD: 1896 TO 2023
WEATHER OBSERVED NORMAL DEPART LAST YEAR`S
VALUE DATE(S) VALUE FROM VALUE DATE(S)
NORMAL
................................................................
TEMPERATURE (F)
RECORD
HIGH 105 07/07/1936
LOW -37 02/17/1979
HIGHEST 94 09/05 MM MM 95 06/15
LOWEST 7 02/03 MM MM -6 02/04
AVG. MAXIMUM 58.5 56.0 2.5 54.4
AVG. MINIMUM 41.2 37.7 3.5 36.3
MEAN 49.8 46.9 2.9 45.4
DAYS MAX >= 90 11 9.4 1.6 7
DAYS MAX <= 32 24
DAYS MIN <= 32 130 149.2 -19.2 115
DAYS MIN <= 0 0 7.0 -7.0 5
PRECIPITATION (INCHES)
RECORD
MAXIMUM 30.41 2017
MINIMUM 21.51 2009
TOTALS 25.36 29.12 -3.76 26.27
DAILY AVG. 0.06 0.08 -0.02 0.10
DAYS >= .01 121 146.3 -25.3 103
DAYS >= .10 54 68.0 -14.0 54
DAYS >= .50 10 16.3 -6.3 18
DAYS >= 1.00 4 4.3 -0.3 6
DAYS >= %-5.2F 0 0
DAYS >= %-5.2F 0 0
GREATEST
24 HR. TOTAL 2.58 0MM06 TO 09/07 1.85
STORM TOTAL 2.48 1.52
(MM/DD(HH)) MM
DEGREE DAYS
HEATING TOTAL 5917 7104 -1187 5637
SINCE 7/1 2102 2576 -474 MM
COOLING TOTAL 493 534 -41 395
SINCE 1/1 493 535 -42 MM
FREEZE DATES
RECORD
EARLIEST MM
LATEST MM
EARLIEST 10/23
LATEST 05/15
................................................................
WIND (MPH)
AVERAGE WIND SPEED 6.6
RESULTANT WIND SPEED/DIRECTION 1/300
HIGHEST WIND SPEED/DIRECTION 44/270 DATE 08/03
HIGHEST GUST SPEED/DIRECTION 65/270 DATE 08/03
SKY COVER
POSSIBLE SUNSHINE (PERCENT) MM
AVERAGE SKY COVER 0.67
NUMBER OF DAYS FAIR 53
NUMBER OF DAYS PC 135
NUMBER OF DAYS CLOUDY 147
AVERAGE RH (PERCENT) 69
- INDICATES NEGATIVE NUMBERS.
R INDICATES RECORD WAS SET OR TIED.
MM INDICATES DATA IS MISSING.
T INDICATES TRACE AMOUNT.
$$