000
CXUS55 KREV 010839
CF6TVL
PRELIMINARY LOCAL CLIMATOLOGICAL DATA (WS FORM: F-6)
STATION: SOUTH LAKE TAHOE CA
MONTH: APRIL
YEAR: 2023
LATITUDE: 38 53 N
LONGITUDE: 119 60 W
TEMPERATURE IN F: :PCPN: SNOW: WIND :SUNSHINE: SKY :PK WND
================================================================================
1 2 3 4 5 6A 6B 7 8 9 10 11 12 13 14 15 16 17 18
12Z AVG MX 2MIN
DY MAX MIN AVG DEP HDD CDD WTR SNW DPTH SPD SPD DIR MIN PSBL S-S WX SPD DR
================================================================================
1 43 28 36 -2 29 0 0.00 M M 10.7 21 180 M M 2 28 170
2 40 26 33 -5 32 0 0.09 M M 15.2 31 200 M M 8 18 54 180
3 26 9 18 -20 47 0 0.08 M M 4.9 17 200 M M 7 128 24 220
4 32 7 20 -18 45 0 0.00 M M 5.1 14 190 M M 5 20 190
5 42 8 25 -14 40 0 0.00 M M 4.6 13 20 M M 0 15 30
6 48 16 32 -7 33 0 0.00 M M 6.6 18 200 M M 0 25 200
7 41 32 37 -2 28 0 0.01 M M 9.6 22 190 M M 9 1 34 200
8 53 29 41 2 24 0 0.00 M M 3.9 13 180 M M 3 16 180
9 56 25 41 2 24 0 0.00 M M 3.7 14 20 M M 0 14 20
10 60 25 43 4 22 0 0.00 M M 5.5 18 190 M M 0 27 180
11 55 37 46 6 19 0 0.00 M M 10.2 23 180 M M 4 32 170
12 49 28 39 -1 26 0 0.00 M M 11.4 24 180 M M 0 34 180
13 42 25 34 -6 31 0 0.00 M M 2.3 14 30 M M 3 17 20
14 49 19 34 -6 31 0 0.00 M M 1.9 12 190 M M 0 16 200
15 54 21 38 -2 27 0 0.00 M M 4.0 14 190 M M 0 18 190
16 52 28 40 0 25 0 0.00 M M 7.9 22 190 M M 0 34 190
17 45 29 37 -3 28 0 T M M 11.0 23 190 M M 3 34 180
18 32 20 26 -15 39 0 0.09 M M 8.5 23 190 M M 9 128 36 180
19 41 13 27 -14 38 0 0.00 M M 3.7 13 200 M M 0 20 180
20 53 19 36 -5 29 0 0.00 M M 4.3 12 20 M M 0 14 190
21 57 27 42 1 23 0 0.00 M M 3.1 12 30 M M 0 14 20
22 57 29 43 1 22 0 0.00 M M 3.3 12 20 M M 1 14 20
23 57 29 43 1 22 0 0.00 M M 4.2 15 190 M M 0 21 190
24 59 29 44 2 21 0 0.00 M M 3.9 15 180 M M 0 30 200
25 58 28 43 1 22 0 0.00 M M 3.6 12 40 M M 0 18 20
26 64 28 46 4 19 0 0.00 M M 3.6 10 40 M M 0 14 40
27 68 29 49 6 16 0 0.00 M M 3.3 10 30 M M 0 15 30
28 73 30 52 9 13 0 0.00 M M 3.7 15 200 M M 0 20 190
29 71 32 52 9 13 0 0.00 M M 4.7 22 190 M M 0 32 180
30 64 34 49 6 16 0 0.00 M M 7.7 24 190 M M 0 32 200
================================================================================
SM 1541 739 804 0 0.27 M 176.1 M 54
================================================================================
AV 51.4 24.6 5.9 FASTST M M 2 MAX(MPH)
MISC ----> 31 200 54 180
================================================================================
NOTES:
# LAST OF SEVERAL OCCURRENCES
COLUMN 17 PEAK WIND IN M.P.H.
PRELIMINARY LOCAL CLIMATOLOGICAL DATA (WS FORM: F-6) , PAGE 2
STATION: SOUTH LAKE TAHOE CA
MONTH: APRIL
YEAR: 2023
LATITUDE: 38 53 N
LONGITUDE: 119 60 W
[TEMPERATURE DATA] [PRECIPITATION DATA] SYMBOLS USED IN COLUMN 16
AVERAGE MONTHLY: 38.0 TOTAL FOR MONTH: 0.27 1 = FOG OR MIST
DPTR FM NORMAL: -2.4 DPTR FM NORMAL: -1.00 2 = FOG REDUCING VISIBILITY
HIGHEST: 73 ON 28 GRTST 24HR 0.17 ON 2- 3 TO 1/4 MILE OR LESS
LOWEST: 7 ON 4 3 = THUNDER
SNOW, ICE PELLETS, HAIL 4 = ICE PELLETS
TOTAL MONTH: M 5 = HAIL
GRTST 24HR M ON M 6 = FREEZING RAIN OR DRIZZLE
GRTST DEPTH: M ON M 7 = DUSTSTORM OR SANDSTORM:
VSBY 1/2 MILE OR LESS
8 = SMOKE OR HAZE
[NO. OF DAYS WITH] [WEATHER - DAYS WITH] 9 = BLOWING SNOW
X = TORNADO
MAX 32 OR BELOW: 3 0.01 INCH OR MORE: 4
MAX 90 OR ABOVE: 0 0.10 INCH OR MORE: 0
MIN 32 OR BELOW: 28 0.50 INCH OR MORE: 0
MIN 0 OR BELOW: 0 1.00 INCH OR MORE: 0
[HDD (BASE 65) ]
TOTAL THIS MO. 804 CLEAR (SCALE 0-3) 24
DPTR FM NORMAL 66 PTCLDY (SCALE 4-7) 4
TOTAL FM JUL 1 7161 CLOUDY (SCALE 8-10) 2
DPTR FM NORMAL 400
[CDD (BASE 65) ]
TOTAL THIS MO. 0
DPTR FM NORMAL 0 [PRESSURE DATA]
TOTAL FM JAN 1 0 HIGHEST SLP M ON M
DPTR FM NORMAL 0 LOWEST SLP 29.67 ON 30
[REMARKS]
#FINAL-04-23#