000
CXUS54 KJAN 011451
CF6TVR
PRELIMINARY LOCAL CLIMATOLOGICAL DATA (WS FORM: F-6)
STATION: VICKSBURG
MONTH: AUGUST
YEAR: 2023
LATITUDE: 32 20 N
LONGITUDE: 91 2 W
TEMPERATURE IN F: :PCPN: SNOW: WIND :SUNSHINE: SKY :PK WND
================================================================================
1 2 3 4 5 6A 6B 7 8 9 10 11 12 13 14 15 16 17 18
12Z AVG MX 2MIN
DY MAX MIN AVG DEP HDD CDD WTR SNW DPTH SPD SPD DIR MIN PSBL S-S WX SPD DR
================================================================================
1 99 74 87 4 0 22 0.00 0.0 0 2.3 10 70 M M 0 16 60
2 102 76 89 6 0 24 0.00 0.0 0 4.0 9 170 M M 0 14 90
3 102 76 89 6 0 24 0.00 0.0 0 2.1 10 160 M M 0 15 260
4 103 80 92 9 0 27 0.00 0.0 0 2.5 8 90 M M 0 13 290
5 104 78 91 8 0 26 0.00 0.0 0 2.4 10 180 M M 0 14 170
6 99 78 89 6 0 24 0.00 0.0 0 1.8 8 160 M M 1 12 290
7 101 79 90 7 0 25 0.00 0.0 0 4.7 17 360 M M 1 26 360
8 92 75 84 1 0 19 0.00 0.0 0 4.4 17 360 M M 1 27 330
9 99 77 88 5 0 23 0.00 0.0 0 6.4 15 170 M M 2 26 160
10 99 82 91 8 0 26 0.00 0.0 0 5.5 15 170 M M 3 23 160
11 101 80 91 8 0 26 0.00 0.0 0 3.5 10 170 M M 1 17 200
12 104 78 91 8 0 26 0.00 0.0 0 2.5 9 160 M M 0 16 200
13 103 77 90 7 0 25 0.00 0.0 0 2.2 14 150 M M 0 23 130
14 105 75 90 7 0 25 0.00 0.0 0 1.5 9 180 M M 0 15 180
15 92 71 82 -1 0 17 0.00 0.0 0 8.3 16 360 M M 3 26 340
16 90 65 78 -5 0 13 0.00 0.0 0 5.2 14 20 M M 1 21 40
17 99 61 80 -2 0 15 0.00 0.0 0 1.6 9 40 M M 0 15 290
18 105 67 86 4 0 21 0.00 0.0 0 1.7 12 20 M M 0 16 110
19 104 73 89 7 0 24 0.00 0.0 0 4.5 12 20 M M 1 17 20
20 105 73 89 7 0 24 0.00 0.0 0 5.3 14 50 M M 0 19 30
21 103 73 88 6 0 23 0.00 0.0 0 3.3 13 100 M M 0 19 100
22 103 74 89 7 0 24 0.00 0.0 0 3.4 10 20 M M M 19 30
23 103 75 89 7 0 24 0.00 0.0 0 4.5 12 60 M M M 17 70
24 107 78 93 11 0 28 0.00 0.0 0 3.0 18 140 M M M 22 140
25 105 76 91 9 0 26 T 0.0 0 1.2 15 160 M M 0 3 21 320
26 104 72 88 6 0 23 0.05 0.0 0 1.3 12 290 M M 0 3 26 300
27 99 75 87 6 0 22 0.00 0.0 0 5.8 17 50 M M 0 23 50
28 92 76 84 3 0 19 T 0.0 0 7.8 15 10 M M 7 3 19 20
29 94 77 86 5 0 21 0.00 0.0 0 9.8 17 20 M M 2 23 360
30 97 70 84 3 0 19 0.00 0.0 0 8.0 22 10 M M 0 28 20
31 94 70 82 1 0 17 0.00 0.0 0 7.1 14 10 M M 0 22 20
================================================================================
SM 3109 2311 0 702 0.05 0.0 127.6 M 23
================================================================================
AV100.3 74.5 4.1 FASTST M M 1 MAX(MPH)
MISC ----> 22 10 28 20
================================================================================
NOTES:
# LAST OF SEVERAL OCCURRENCES
COLUMN 17 PEAK WIND IN M.P.H.
PRELIMINARY LOCAL CLIMATOLOGICAL DATA (WS FORM: F-6) , PAGE 2
STATION: VICKSBURG
MONTH: AUGUST
YEAR: 2023
LATITUDE: 32 20 N
LONGITUDE: 91 2 W
[TEMPERATURE DATA] [PRECIPITATION DATA] SYMBOLS USED IN COLUMN 16
AVERAGE MONTHLY: 87.4 TOTAL FOR MONTH: 0.05 1 = FOG OR MIST
DPTR FM NORMAL: 5.0 DPTR FM NORMAL: -3.70 2 = FOG REDUCING VISIBILITY
HIGHEST: 107 ON 24 GRTST 24HR 0.05 ON 25-26 TO 1/4 MILE OR LESS
LOWEST: 61 ON 17 3 = THUNDER
SNOW, ICE PELLETS, HAIL 4 = ICE PELLETS
TOTAL MONTH: 0.0 INCH 5 = HAIL
GRTST 24HR 0.0 6 = FREEZING RAIN OR DRIZZLE
GRTST DEPTH: 0 7 = DUSTSTORM OR SANDSTORM:
VSBY 1/2 MILE OR LESS
8 = SMOKE OR HAZE
[NO. OF DAYS WITH] [WEATHER - DAYS WITH] 9 = BLOWING SNOW
X = TORNADO
MAX 32 OR BELOW: 0 0.01 INCH OR MORE: 1
MAX 90 OR ABOVE: 31 0.10 INCH OR MORE: 0
MIN 32 OR BELOW: 0 0.50 INCH OR MORE: 0
MIN 0 OR BELOW: 0 1.00 INCH OR MORE: 0
[HDD (BASE 65) ]
TOTAL THIS MO. 0 CLEAR (SCALE 0-3) 27
DPTR FM NORMAL 0 PTCLDY (SCALE 4-7) 1
TOTAL FM JUL 1 0 CLOUDY (SCALE 8-10) 3
DPTR FM NORMAL 0
[CDD (BASE 65) ]
TOTAL THIS MO. 702
DPTR FM NORMAL 163 [PRESSURE DATA]
TOTAL FM JAN 1 2249 HIGHEST SLP 29.97 ON 31
DPTR FM NORMAL 243 LOWEST SLP 29.79 ON 30
[REMARKS]
#FINAL-08-23#