000
CXUS55 KBOI 011002
CF6TWF
PRELIMINARY LOCAL CLIMATOLOGICAL DATA (WS FORM: F-6)
STATION: TWIN FALLS ID
MONTH: SEPTEMBER
YEAR: 2021
LATITUDE: 42 28 N
LONGITUDE: 114 29 W
TEMPERATURE IN F: :PCPN: SNOW: WIND :SUNSHINE: SKY :PK WND
================================================================================
1 2 3 4 5 6A 6B 7 8 9 10 11 12 13 14 15 16 17 18
12Z AVG MX 2MIN
DY MAX MIN AVG DEP HDD CDD WTR SNW DPTH SPD SPD DIR MIN PSBL S-S WX SPD DR
================================================================================
1 78 51 65 -2 0 0 0.00 M M 10.3 18 200 M M 0 24 200
2 75 47 61 -5 4 0 0.00 M M 10.5 18 210 M M 0 27 220
3 78 50 64 -2 1 0 0.00 M M 11.1 18 270 M M 0 24 270
4 85 47 66 0 0 1 0.00 M M 8.1 15 210 M M 0 20 210
5 89 51 70 4 0 5 0.00 M M 7.7 15 210 M M 0 8 20 200
6 87 49 68 3 0 3 0.00 M M 8.9 17 210 M M 0 8 25 210
7 89 57 73 8 0 8 0.00 M M 7.5 16 220 M M 0 8 22 220
8 94 49 72 7 0 7 0.00 M M 7.0 14 220 M M 0 8 18 220
9 93 61 77 13 0 12 0.00 M M 8.7 17 190 M M 0 8 24 180
10 96 60 78 14 0 13 0.10 M M 12.0 35 290 M M 3 138 46 290
11 76 53 65 1 0 0 0.02 M M 7.0 15 210 M M 1 22 210
12 83 53 68 5 0 3 T M M 7.8 14 210 M M 2 3 19 210
13 79 57 68 5 0 3 0.00 M M 10.8 17 210 M M 0 24 210
14 78 52 65 3 0 0 0.00 M M 11.5 18 210 M M 0 24 210
15 83 54 69 7 0 4 0.00 M M 10.3 15 210 M M 0 20 190
16 70 46 58 -4 7 0 0.00 M M 14.3 23 290 M M 0 31 260
17 80 37 59 -2 6 0 0.00 M M 9.2 17 190 M M 0 23 190
18 84 53 69 8 0 4 0.00 M M 18.1 36 290 M M 1 8 57 280
19 58 44 51 -10 14 0 0.17 M M 11.2 36 290 M M 6 13 49 300
20 61 40 51 -9 14 0 0.00 M M 12.2 17 290 M M 0 27 300
21 72 32 52 -8 13 0 0.00 M M 8.4 15 70 M M 0 19 60
22 79 37 58 -1 7 0 T M M 5.7 16 300 M M 1 21 310
23 71 52 62 3 3 0 0.00 M M 12.7 22 290 M M 0 30 280
24 78 47 63 4 2 0 0.00 M M 7.1 14 210 M M 0 21 210
25 85 42 64 6 1 0 0.00 M M 6.7 14 200 M M 0 19 210
26 82 56 69 11 0 4 0.00 M M 8.3 16 210 M M 0 22 200
27 80 54 67 10 0 2 0.00 M M 9.5 17 210 M M 0 23 220
28 66 40 53 -4 12 0 0.00 M M 18.4 36 280 M M 2 8 48 280
29 60 36 48 -8 17 0 0.00 M M 10.4 16 210 M M 0 8 26 300
30 67 36 52 -4 13 0 0.00 M M 7.7 13 200 M M 0 18 220
================================================================================
SM 2356 1443 114 69 0.29 M 299.1 M 16
================================================================================
AV 78.5 48.1 10.0 FASTST M M 1 MAX(MPH)
MISC ----> # 36 290 57 280
================================================================================
NOTES:
# LAST OF SEVERAL OCCURRENCES
COLUMN 17 PEAK WIND IN M.P.H.
PRELIMINARY LOCAL CLIMATOLOGICAL DATA (WS FORM: F-6) , PAGE 2
STATION: TWIN FALLS ID
MONTH: SEPTEMBER
YEAR: 2021
LATITUDE: 42 28 N
LONGITUDE: 114 29 W
[TEMPERATURE DATA] [PRECIPITATION DATA] SYMBOLS USED IN COLUMN 16
AVERAGE MONTHLY: 63.3 TOTAL FOR MONTH: 0.29 1 = FOG OR MIST
DPTR FM NORMAL: 1.5 DPTR FM NORMAL: -0.24 2 = FOG REDUCING VISIBILITY
HIGHEST: 96 ON 10 GRTST 24HR 0.17 ON 19-19 TO 1/4 MILE OR LESS
LOWEST: 32 ON 21 3 = THUNDER
SNOW, ICE PELLETS, HAIL 4 = ICE PELLETS
TOTAL MONTH: M 5 = HAIL
GRTST 24HR M ON M 6 = FREEZING RAIN OR DRIZZLE
GRTST DEPTH: M ON M 7 = DUSTSTORM OR SANDSTORM:
VSBY 1/2 MILE OR LESS
8 = SMOKE OR HAZE
[NO. OF DAYS WITH] [WEATHER - DAYS WITH] 9 = BLOWING SNOW
X = TORNADO
MAX 32 OR BELOW: 0 0.01 INCH OR MORE: 3
MAX 90 OR ABOVE: 3 0.10 INCH OR MORE: 2
MIN 32 OR BELOW: 1 0.50 INCH OR MORE: 0
MIN 0 OR BELOW: 0 1.00 INCH OR MORE: 0
[HDD (BASE 65) ]
TOTAL THIS MO. 114 CLEAR (SCALE 0-3) 29
DPTR FM NORMAL -37 PTCLDY (SCALE 4-7) 1
TOTAL FM JUL 1 126 CLOUDY (SCALE 8-10) 0
DPTR FM NORMAL -52
[CDD (BASE 65) ]
TOTAL THIS MO. 69
DPTR FM NORMAL 16 [PRESSURE DATA]
TOTAL FM JAN 1 959 HIGHEST SLP 30.45 ON 21
DPTR FM NORMAL 346 LOWEST SLP 29.59 ON 28
[REMARKS]
#FINAL-09-21#