000
CXUS56 KPQR 011155
CF6UAO
PRELIMINARY LOCAL CLIMATOLOGICAL DATA (WS FORM: F-6)
STATION: AURORA STATE OR
MONTH: SEPTEMBER
YEAR: 2021
LATITUDE: 45 15 N
LONGITUDE: 122 46 W
TEMPERATURE IN F: :PCPN: SNOW: WIND :SUNSHINE: SKY :PK WND
================================================================================
1 2 3 4 5 6A 6B 7 8 9 10 11 12 13 14 15 16 17 18
12Z AVG MX 2MIN
DY MAX MIN AVG DEP HDD CDD WTR SNW DPTH SPD SPD DIR MIN PSBL S-S WX SPD DR
================================================================================
1 79 47 63 -5 2 0 0.00 M M 6.0 15 360 M M 1 20 360
2 86 47 67 -1 0 2 0.00 M M 6.0 14 10 M M 0 19 10
3 84 50 67 -1 0 2 0.00 M M 1.7 9 50 M M 3 8 11 30
4 87 51 69 1 0 4 0.00 M M 2.0 9 250 M M 0 8 12 210
5 86 57 72 5 0 7 0.00 M M 4.0 12 250 M M 1 17 300
6 85 61 73 6 0 8 0.00 M M 6.6 14 30 M M 4 17 20
7 86 56 71 4 0 6 0.00 M M 3.8 14 190 M M 0 17 190
8 88 58 73 6 0 8 T M M 3.8 15 20 M M 0 18 30
9 85 56 71 4 0 6 0.00 M M 3.4 12 240 M M 0 8 16 250
10 70 57 64 -2 1 0 0.00 M M 3.4 10 180 M M 8 13 180
11 82 53 68 2 0 3 0.00 M M 4.2 12 20 M M 2 16 20
12 76 57 67 1 0 2 0.00 M M 5.1 16 350 M M 5 21 360
13 75 48 62 -4 3 0 0.00 M M 5.4 14 40 M M 2 17 40
14 83 48 66 0 0 1 0.00 M M 3.0 15 360 M M 2 18 350
15 73 50 62 -3 3 0 0.00 M M 7.8 16 360 M M 3 22 350
16 76 41 59 -6 6 0 0.00 M M 6.5 17 10 M M 0 21 20
17 80 50 65 0 0 0 0.27 M M 7.9 25 190 M M 6 1 36 190
18 67 56 62 -2 3 0 2.14 M M 8.9 25 180 M M 9 128 29 180
19 65 54 60 -4 5 0 0.20 M M 6.3 16 190 M M 10 1 20 200
20 73 49 61 -3 4 0 0.00 M M 5.4 13 10 M M 3 12 18 10
21 87 54 71 7 0 6 0.00 M M 4.4 12 360 M M 0 8 15 360
22 72 55 64 1 1 0 T M M 4.0 12 260 M M 5 15 250
23 75 53 64 1 1 0 0.00 M M 6.1 15 30 M M 3 17 360
24 90 56 73 10 0 8 0.00 M M 6.2 15 10 M M 0 18 10
25 82 53 68 6 0 3 0.00 M M 3.8 12 190 M M 0 17 200
26 75 55 65 3 0 0 0.14 M M 10.4 20 180 M M 8 1 25 170
27 64 53 59 -3 6 0 0.98 M M 9.4 18 180 M M 8 1 23 180
28 63 49 56 -5 9 0 0.35 M M 7.8 17 190 M M 8 24 190
29 70 46 58 -3 7 0 0.00 M M 2.4 13 170 M M 5 1 16 190
30 63 52 58 -2 7 0 0.11 M M 2.4 10 180 M M 9 128 13 330
================================================================================
SM 2327 1572 58 66 4.19 M 158.1 M 105
================================================================================
AV 77.6 52.4 5.3 FASTST M M 4 MAX(MPH)
MISC ----> # 25 190 36 190
================================================================================
NOTES:
# LAST OF SEVERAL OCCURRENCES
COLUMN 17 PEAK WIND IN M.P.H.
PRELIMINARY LOCAL CLIMATOLOGICAL DATA (WS FORM: F-6) , PAGE 2
STATION: AURORA STATE OR
MONTH: SEPTEMBER
YEAR: 2021
LATITUDE: 45 15 N
LONGITUDE: 122 46 W
[TEMPERATURE DATA] [PRECIPITATION DATA] SYMBOLS USED IN COLUMN 16
AVERAGE MONTHLY: 65.0 TOTAL FOR MONTH: 4.19 1 = FOG OR MIST
DPTR FM NORMAL: 0.2 DPTR FM NORMAL: 2.61 2 = FOG REDUCING VISIBILITY
HIGHEST: 90 ON 24 GRTST 24HR 2.41 ON 17-18 TO 1/4 MILE OR LESS
LOWEST: 41 ON 16 3 = THUNDER
SNOW, ICE PELLETS, HAIL 4 = ICE PELLETS
TOTAL MONTH: M 5 = HAIL
GRTST 24HR M ON M 6 = FREEZING RAIN OR DRIZZLE
GRTST DEPTH: M ON M 7 = DUSTSTORM OR SANDSTORM:
VSBY 1/2 MILE OR LESS
8 = SMOKE OR HAZE
[NO. OF DAYS WITH] [WEATHER - DAYS WITH] 9 = BLOWING SNOW
X = TORNADO
MAX 32 OR BELOW: 0 0.01 INCH OR MORE: 7
MAX 90 OR ABOVE: 1 0.10 INCH OR MORE: 7
MIN 32 OR BELOW: 0 0.50 INCH OR MORE: 2
MIN 0 OR BELOW: 0 1.00 INCH OR MORE: 1
[HDD (BASE 65) ]
TOTAL THIS MO. 58 CLEAR (SCALE 0-3) 18
DPTR FM NORMAL -13 PTCLDY (SCALE 4-7) 9
TOTAL FM JUL 1 73 CLOUDY (SCALE 8-10) 3
DPTR FM NORMAL -23
[CDD (BASE 65) ]
TOTAL THIS MO. 66
DPTR FM NORMAL 1 [PRESSURE DATA]
TOTAL FM JAN 1 711 HIGHEST SLP 30.38 ON 20
DPTR FM NORMAL 259 LOWEST SLP 29.65 ON 17
[REMARKS]
#FINAL-09-21#