000
CXUS56 KPQR 011537
CF6UAO
PRELIMINARY LOCAL CLIMATOLOGICAL DATA (WS FORM: F-6)
STATION: AURORA STATE OR
MONTH: DECEMBER
YEAR: 2020
LATITUDE: 45 15 N
LONGITUDE: 122 46 W
TEMPERATURE IN F: :PCPN: SNOW: WIND :SUNSHINE: SKY :PK WND
================================================================================
1 2 3 4 5 6A 6B 7 8 9 10 11 12 13 14 15 16 17 18
12Z AVG MX 2MIN
DY MAX MIN AVG DEP HDD CDD WTR SNW DPTH SPD SPD DIR MIN PSBL S-S WX SPD DR
================================================================================
1 48 30 39 -3 26 0 0.00 M M 9.7 18 20 M M 4 12 23 20
2 59 33 46 4 19 0 0.00 M M 9.5 18 50 M M 0 28 60
3 49 29 39 -3 26 0 0.00 M M 1.4 8 10 M M 0 18 9 10
4 56 29 43 2 22 0 0.00 M M 4.1 12 20 M M 0 1 14 350
5 53 30 42 1 23 0 0.04 M M 3.8 10 250 M M 3 1 14 250
6 52 39 46 5 19 0 0.07 M M 2.9 10 60 M M 9 128 12 60
7 46 38 42 1 23 0 0.00 M M 0.7 7 80 M M 7 128 9 80
8 48 33 41 0 24 0 0.32 M M 1.4 10 350 M M 9 128 13 360
9 53 36 45 4 20 0 0.01 M M 2.2 8 240 M M 8 128 9 250
10 42 36 39 -1 26 0 0.13 M M 4.4 13 180 M M 10 12 15 200
11 44 36 40 0 25 0 0.53 M M 5.4 12 190 M M 10 1 16 180
12 44 35 40 0 25 0 0.02 M M 3.6 9 190 M M 7 12 11 190
13 45 38 42 2 23 0 0.50 M M 3.0 9 20 M M 10 1 10 20
14 49 38 44 4 21 0 0.00 M M 3.0 14 190 M M 7 12 17 180
15 50 41 46 6 19 0 0.23 M M 9.0 25 180 M M 9 1 37 200
16 51 42 47 7 18 0 0.39 M M 4.9 20 190 M M 8 1 26 180
17 51 40 46 6 19 0 0.01 M M 7.9 16 180 M M 7 24 180
18 51 40 46 6 19 0 0.22 M M 10.5 23 190 M M 7 1 32 190
19 54 49 52 12 13 0 0.54 M M 13.3 24 190 M M 10 1 39 190
20 54 47 51 11 14 0 1.94 M M 4.7 21 190 M M 10 1 27 180
21 61 42 52 12 13 0 0.39 M M 12.1 26 190 M M 9 1 37 190
22 47 33 40 0 25 0 T M M 5.0 12 190 M M 6 12 17 200
23 44 29 37 -3 28 0 0.00 M M 2.9 12 20 M M 5 12 16 350
24 33 28 31 -9 34 0 0.00 M M 1.2 6 160 M M 10 12 8 260
25 50 32 41 1 24 0 0.41 M M 3.8 16 190 M M 10 128 22 190
26 51 43 47 7 18 0 0.04 M M 8.2 18 190 M M 7 1 24 190
27 52 38 45 5 20 0 T M M 5.5 12 360 M M 3 15 10
28 48 29 39 -1 26 0 0.00 M M 5.3 16 20 M M 0 20 360
29 37 26 32 -8 33 0 0.03 M M 1.5 10 120 M M 5 1 13 130
30 48 36 42 2 23 0 0.57 M M 10.1 28 180 M M 9 1 37 180
31 52 47 50 10 15 0 0.12 M M 8.5 18 190 M M 10 18 24 190
================================================================================
SM 1522 1122 683 0 6.51 M 169.5 M 209
================================================================================
AV 49.1 36.2 5.5 FASTST M M 7 MAX(MPH)
MISC ----> 28 180 39 190
================================================================================
NOTES:
# LAST OF SEVERAL OCCURRENCES
COLUMN 17 PEAK WIND IN M.P.H.
PRELIMINARY LOCAL CLIMATOLOGICAL DATA (WS FORM: F-6) , PAGE 2
STATION: AURORA STATE OR
MONTH: DECEMBER
YEAR: 2020
LATITUDE: 45 15 N
LONGITUDE: 122 46 W
[TEMPERATURE DATA] [PRECIPITATION DATA] SYMBOLS USED IN COLUMN 16
AVERAGE MONTHLY: 42.6 TOTAL FOR MONTH: 6.51 1 = FOG OR MIST
DPTR FM NORMAL: 2.3 DPTR FM NORMAL: -0.07 2 = FOG REDUCING VISIBILITY
HIGHEST: 61 ON 21 GRTST 24HR 2.18 ON 19-20 TO 1/4 MILE OR LESS
LOWEST: 26 ON 29 3 = THUNDER
SNOW, ICE PELLETS, HAIL 4 = ICE PELLETS
TOTAL MONTH: M 5 = HAIL
GRTST 24HR M ON M 6 = FREEZING RAIN OR DRIZZLE
GRTST DEPTH: M ON M 7 = DUSTSTORM OR SANDSTORM:
VSBY 1/2 MILE OR LESS
8 = SMOKE OR HAZE
[NO. OF DAYS WITH] [WEATHER - DAYS WITH] 9 = BLOWING SNOW
X = TORNADO
MAX 32 OR BELOW: 0 0.01 INCH OR MORE: 20
MAX 90 OR ABOVE: 0 0.10 INCH OR MORE: 13
MIN 32 OR BELOW: 9 0.50 INCH OR MORE: 5
MIN 0 OR BELOW: 0 1.00 INCH OR MORE: 1
[HDD (BASE 65) ]
TOTAL THIS MO. 683 CLEAR (SCALE 0-3) 6
DPTR FM NORMAL -82 PTCLDY (SCALE 4-7) 11
TOTAL FM JUL 1 1633 CLOUDY (SCALE 8-10) 14
DPTR FM NORMAL -207
[CDD (BASE 65) ]
TOTAL THIS MO. 0
DPTR FM NORMAL 0 [PRESSURE DATA]
TOTAL FM JAN 1 519 HIGHEST SLP 30.58 ON 1
DPTR FM NORMAL 183 LOWEST SLP 29.61 ON 21
[REMARKS]
#FINAL-12-20#