000
CXUS56 KSEW 011039
CLMUIL
CLIMATE REPORT
NATIONAL WEATHER SERVICE SEATTLE
339 AM PDT SAT APR 01 2023
...................................
...THE QUILLAYUTE WA AIRPORT CLIMATE SUMMARY FOR THE MONTH OF MARCH 2023...
CLIMATE NORMAL PERIOD 1991 TO 2020
CLIMATE RECORD PERIOD 1966 TO 2023
WEATHER OBSERVED NORMAL DEPART LAST YEAR`S
VALUE DATE(S) VALUE FROM VALUE DATE(S)
NORMAL
................................................................
TEMPERATURE (F)
RECORD
HIGH 81 03/19/2019
LOW 19 03/03/1989
03/01/1971
HIGHEST 65 03/29 MM MM 57 03/26
03/24
LOWEST 26 03/01 MM MM 22 03/10
03/16
AVG. MAXIMUM 50.4 51.2 -0.8 51.3
AVG. MINIMUM 33.5 36.7 -3.2 37.6
MEAN 41.9 43.9 -2.0 44.5
DAYS MAX >= 90 0 0.0 0.0 0
DAYS MAX <= 32 0 0.0 0.0 0
DAYS MIN <= 32 12 8.0 4.0 7
DAYS MIN <= 0 0 0.0 0.0 0
PRECIPITATION (INCHES)
RECORD
MAXIMUM 23.23 2007
MINIMUM 1.51 2019
TOTALS 8.95 11.78 -2.83 10.03
DAILY AVG. 0.29 0.38 -0.09 0.32
DAYS >= .01 23 22.2 0.8 23
DAYS >= .10 18 17.3 0.7 18
DAYS >= .50 6 8.1 -2.1 6
DAYS >= 1.00 2 3.5 -1.5 2
GREATEST
24 HR. TOTAL 1.51 03/01 TO 03/02
DEGREE DAYS
HEATING TOTAL 705 653 52 630
SINCE 7/1 4115 4403 -288 MM
COOLING TOTAL 0 0 0 0
SINCE 1/1 0 0 0 MM
................................................................
WIND (MPH)
AVERAGE WIND SPEED 5.3
HIGHEST WIND SPEED/DIRECTION 23/260 DATE 03/02
23/050 03/28
HIGHEST GUST SPEED/DIRECTION 39/140 DATE 03/06
SKY COVER
POSSIBLE SUNSHINE (PERCENT) MM
AVERAGE SKY COVER 0.66
NUMBER OF DAYS FAIR 5
NUMBER OF DAYS PC 12
NUMBER OF DAYS CLOUDY 14
AVERAGE RH (PERCENT) 81
WEATHER CONDITIONS. NUMBER OF DAYS WITH
THUNDERSTORM 0 MIXED PRECIP 0
HEAVY RAIN 4 RAIN 13
LIGHT RAIN 25 FREEZING RAIN 0
LT FREEZING RAIN 0 HAIL 0
HEAVY SNOW 0 SNOW 0
LIGHT SNOW 2 SLEET 0
FOG 25 FOG W/VIS <= 1/4 MILE 3
HAZE 1
- INDICATES NEGATIVE NUMBERS.
R INDICATES RECORD WAS SET OR TIED.
MM INDICATES DATA IS MISSING.
T INDICATES TRACE AMOUNT.
$$