000
CXUS56 KEKA 070302
CF6UKI
PRELIMINARY LOCAL CLIMATOLOGICAL DATA (WS FORM: F-6)
STATION: UKIAH CA
MONTH: MAY
YEAR: 2023
LATITUDE: 39 7 N
LONGITUDE: 123 12 W
TEMPERATURE IN F: :PCPN: SNOW: WIND :SUNSHINE: SKY :PK WND
================================================================================
1 2 3 4 5 6A 6B 7 8 9 10 11 12 13 14 15 16 17 18
12Z AVG MX 2MIN
DY MAX MIN AVG DEP HDD CDD WTR SNW DPTH SPD SPD DIR MIN PSBL S-S WX SPD DR
================================================================================
1 57 47 52 -7 13 0 0.36 M M 6.1 17 320 M M 9 1 24 300
2 59 46 53 -7 12 0 0.40 M M 3.5 13 200 M M 9 1 21 170
3 65 47 56 -4 9 0 T M M 4.3 15 150 M M 7 24 160
4 59 47 53 -7 12 0 0.01 M M 1.7 8 300 M M 8 12 340
5 57 46 52 -8 13 0 0.10 M M 2.8 10 150 M M 10 1 15 150
6 64 44 54 -7 11 0 0.18 M M 2.6 13 280 M M 7 1 20 300
7 65 42 54 -7 11 0 0.00 M M 3.8 12 230 M M 7 17 220
8 63 47 55 -6 10 0 0.17 M M 4.5 12 240 M M 7 1 17 240
9 71 43 57 -4 8 0 0.00 M M 3.9 16 330 M M 0 21 310
10 71 43 57 -5 8 0 0.00 M M 4.0 16 340 M M 2 25 330
11 77 48 63 1 2 0 0.00 M M 4.5 16 340 M M 3 21 340
12 89 47 68 6 0 3 0.00 M M 2.5 13 320 M M 0 18 320
13 97 53 75 13 0 10 0.00 M M 1.2 15 270 M M 0 24 300
14 85 53 69 7 0 4 0.00 M M 7.4 18 150 M M 0 30 160
15 82 53 68 5 0 3 0.00 M M 5.7 16 150 M M 2 24 180
16 91 52 72 9 0 7 0.00 M M 2.6 13 330 M M 0 20 340
17 92 52 72 9 0 7 0.00 M M 2.2 14 30 M M 0 8 19 20
18 87 50 69 6 0 4 0.00 M M 4.6 16 300 M M 0 24 310
19 88 51 70 6 0 5 0.00 M M 4.0 14 20 M M 0 21 10
20 89 49 69 5 0 4 0.00 M M 2.4 15 250 M M 0 22 240
21 89 51 70 6 0 5 0.00 M M 2.6 14 340 M M 0 19 340
22 90 53 72 8 0 7 0.00 M M 4.1 15 260 M M 0 25 280
23 87 52 70 6 0 5 0.00 M M 4.2 14 260 M M 0 20 260
24 82 48 65 1 0 0 0.00 M M 5.1 13 200 M M 0 8 20 180
25 80 50 65 0 0 0 0.00 0.0 M 5.7 13 150 M M 2 1 20 130
26 77 53 65 0 0 0 0.00 M M 6.2 13 140 M M 4 18 170
27 83 51 67 2 0 2 0.00 M M 5.1 16 350 M M 3 22 340
28 83 54 69 4 0 4 0.02 M M 4.4 17 330 M M 3 3 22 330
29 71 52 62 -3 3 0 0.00 M M 8.5 16 160 M M 5 18 25 140
30 75 52 64 -2 1 0 0.00 M M 3.8 12 20 M M 6 1 17 30
31 83 51 67 1 0 2 0.00 M M 4.5 13 350 M M 3 21 340
================================================================================
SM 2408 1527 113 72 1.24 0.0 128.5 M 97
================================================================================
AV 77.7 49.3 4.1 FASTST M M 3 MAX(MPH)
MISC ----> 18 150 30 160
================================================================================
NOTES:
# LAST OF SEVERAL OCCURRENCES
COLUMN 17 PEAK WIND IN M.P.H.
PRELIMINARY LOCAL CLIMATOLOGICAL DATA (WS FORM: F-6) , PAGE 2
STATION: UKIAH CA
MONTH: MAY
YEAR: 2023
LATITUDE: 39 7 N
LONGITUDE: 123 12 W
[TEMPERATURE DATA] [PRECIPITATION DATA] SYMBOLS USED IN COLUMN 16
AVERAGE MONTHLY: 63.5 TOTAL FOR MONTH: 1.24 1 = FOG OR MIST
DPTR FM NORMAL: 0.8 DPTR FM NORMAL: 0.06 2 = FOG REDUCING VISIBILITY
HIGHEST: 97 ON 13 GRTST 24HR 0.54 ON 1- 2 TO 1/4 MILE OR LESS
LOWEST: 42 ON 7 3 = THUNDER
SNOW, ICE PELLETS, HAIL 4 = ICE PELLETS
TOTAL MONTH: 0.0 INCH 5 = HAIL
GRTST 24HR 0.0 6 = FREEZING RAIN OR DRIZZLE
GRTST DEPTH: M ON M 7 = DUSTSTORM OR SANDSTORM:
VSBY 1/2 MILE OR LESS
8 = SMOKE OR HAZE
[NO. OF DAYS WITH] [WEATHER - DAYS WITH] 9 = BLOWING SNOW
X = TORNADO
MAX 32 OR BELOW: 0 0.01 INCH OR MORE: 7
MAX 90 OR ABOVE: 4 0.10 INCH OR MORE: 5
MIN 32 OR BELOW: 0 0.50 INCH OR MORE: 0
MIN 0 OR BELOW: 0 1.00 INCH OR MORE: 0
[HDD (BASE 65) ]
TOTAL THIS MO. 113 CLEAR (SCALE 0-3) 17
DPTR FM NORMAL -7 PTCLDY (SCALE 4-7) 10
TOTAL FM JUL 1 3141 CLOUDY (SCALE 8-10) 4
DPTR FM NORMAL 291
[CDD (BASE 65) ]
TOTAL THIS MO. 72
DPTR FM NORMAL 22 [PRESSURE DATA]
TOTAL FM JAN 1 96 HIGHEST SLP 30.11 ON 7
DPTR FM NORMAL 38 LOWEST SLP 29.67 ON 2
[REMARKS]
#FINAL-05-23#