000
CXUS56 KEKA 011330
CF6UKI
PRELIMINARY LOCAL CLIMATOLOGICAL DATA (WS FORM: F-6)
STATION: UKIAH CA
MONTH: FEBRUARY
YEAR: 2021
LATITUDE: 39 7 N
LONGITUDE: 123 12 W
TEMPERATURE IN F: :PCPN: SNOW: WIND :SUNSHINE: SKY :PK WND
================================================================================
1 2 3 4 5 6A 6B 7 8 9 10 11 12 13 14 15 16 17 18
12Z AVG MX 2MIN
DY MAX MIN AVG DEP HDD CDD WTR SNW DPTH SPD SPD DIR MIN PSBL S-S WX SPD DR
================================================================================
1 57 48 53 5 12 0 0.80 M M 7.6 22 160 M M 9 1 31 170
2 58 38 48 0 17 0 0.03 M M 2.9 13 280 M M 6 1 18 290
3 55 36 46 -2 19 0 0.03 M M 2.2 13 20 M M 7 1 16 20
4 65 32 49 1 16 0 0.00 M M 1.5 8 320 M M 4 12 10 320
5 71 33 52 4 13 0 0.00 M M 1.3 15 310 M M 0 20 330
6 72 35 54 5 11 0 0.00 M M 1.2 5 270 M M 0 8 7 80
7 72 33 53 4 12 0 0.00 M M 0.5 7 300 M M 0 1 9 300
8 61 33 47 -2 18 0 T M M 0.3 7 310 M M 3 9 310
9 64 42 53 4 12 0 0.00 M M 1.6 12 320 M M 7 15 330
10 69 37 53 4 12 0 0.00 M M 0.9 8 340 M M 0 18 10 340
11 51 42 47 -2 18 0 0.69 M M 4.6 18 130 M M 7 1 21 180
12 58 42 50 1 15 0 T M M 2.9 14 290 M M 7 18 340
13 57 41 49 0 16 0 0.17 M M 6.3 20 290 M M 4 1 29 300
14 50 39 45 -5 20 0 0.28 M M 0.7 5 30 M M 8 18 9 330
15 57 47 52 2 13 0 0.08 M M 5.0 20 310 M M 7 1 26 310
16 59 36 48 -2 17 0 0.00 M M 4.0 15 300 M M 0 22 320
17 65 31 48 -2 17 0 0.00 M M 0.8 6 290 M M 0 7 290
18 60 37 49 -1 16 0 0.25 M M 2.9 15 210 M M 6 1 19 210
19 58 44 51 1 14 0 0.15 M M 3.7 17 340 M M 8 1 26 340
20 60 41 51 1 14 0 0.21 M M 7.7 21 330 M M 5 33 330
21 65 35 50 0 15 0 0.00 M M 2.1 12 300 M M 0 15 290
22 76 39 58 8 7 0 0.00 M M 2.3 10 350 M M 0 13 290
23 76 38 57 7 8 0 0.00 M M 2.0 13 350 M M 0 16 360
24 71 34 53 2 12 0 0.00 M M 1.9 8 310 M M 0 11 330
25 71 32 52 1 13 0 0.00 M M 4.9 17 340 M M 0 24 340
26 60 38 49 -2 16 0 0.00 M M 9.7 24 300 M M 0 32 300
27 60 37 49 -2 16 0 0.00 M M 4.7 17 320 M M 0 24 320
28 71 32 52 1 13 0 0.00 M M 1.5 8 150 M M 0 10 120
================================================================================
SM 1769 1052 402 0 2.69 M 87.7 M 88
================================================================================
AV 63.2 37.6 3.1 FASTST M M 3 MAX(MPH)
MISC ----> 24 300 33 330
================================================================================
NOTES:
# LAST OF SEVERAL OCCURRENCES
COLUMN 17 PEAK WIND IN M.P.H.
PRELIMINARY LOCAL CLIMATOLOGICAL DATA (WS FORM: F-6) , PAGE 2
STATION: UKIAH CA
MONTH: FEBRUARY
YEAR: 2021
LATITUDE: 39 7 N
LONGITUDE: 123 12 W
[TEMPERATURE DATA] [PRECIPITATION DATA] SYMBOLS USED IN COLUMN 16
AVERAGE MONTHLY: 50.4 TOTAL FOR MONTH: 2.69 1 = FOG OR MIST
DPTR FM NORMAL: 0.8 DPTR FM NORMAL: -3.85 2 = FOG REDUCING VISIBILITY
HIGHEST: 76 ON 23,22 GRTST 24HR 0.83 ON 1- 2 TO 1/4 MILE OR LESS
LOWEST: 31 ON 17 3 = THUNDER
SNOW, ICE PELLETS, HAIL 4 = ICE PELLETS
TOTAL MONTH: M 5 = HAIL
GRTST 24HR M ON M 6 = FREEZING RAIN OR DRIZZLE
GRTST DEPTH: M ON M 7 = DUSTSTORM OR SANDSTORM:
VSBY 1/2 MILE OR LESS
8 = SMOKE OR HAZE
[NO. OF DAYS WITH] [WEATHER - DAYS WITH] 9 = BLOWING SNOW
X = TORNADO
MAX 32 OR BELOW: 0 0.01 INCH OR MORE: 10
MAX 90 OR ABOVE: 0 0.10 INCH OR MORE: 7
MIN 32 OR BELOW: 4 0.50 INCH OR MORE: 2
MIN 0 OR BELOW: 0 1.00 INCH OR MORE: 0
[HDD (BASE 65) ]
TOTAL THIS MO. 402 CLEAR (SCALE 0-3) 14
DPTR FM NORMAL -31 PTCLDY (SCALE 4-7) 13
TOTAL FM JUL 1 1873 CLOUDY (SCALE 8-10) 1
DPTR FM NORMAL -359
[CDD (BASE 65) ]
TOTAL THIS MO. 0
DPTR FM NORMAL 0 [PRESSURE DATA]
TOTAL FM JAN 1 0 HIGHEST SLP 30.50 ON 21
DPTR FM NORMAL 0 LOWEST SLP 29.89 ON 11
[REMARKS]
#FINAL-02-21#