000
CXUS54 KHGX 011410
CF6UTS
PRELIMINARY LOCAL CLIMATOLOGICAL DATA (WS FORM: F-6)
STATION: HUNTSVILLE
MONTH: JUNE
YEAR: 2023
LATITUDE: 30 45 N
LONGITUDE: 95 35 W
TEMPERATURE IN F: :PCPN: SNOW: WIND :SUNSHINE: SKY :PK WND
================================================================================
1 2 3 4 5 6A 6B 7 8 9 10 11 12 13 14 15 16 17 18
12Z AVG MX 2MIN
DY MAX MIN AVG DEP HDD CDD WTR SNW DPTH SPD SPD DIR MIN PSBL S-S WX SPD DR
================================================================================
1 91 68 80 0 0 15 0.00 0.0 0 3.0 9 180 M M 2 1 14 180
2 93 71 82 1 0 17 0.00 0.0 0 3.3 10 190 M M 2 8 16 190
3 93 72 83 2 0 18 0.04 0.0 0 4.6 14 190 M M 2 3 20 70
4 84 69 77 -4 0 12 0.02 0.0 0 2.5 13 190 M M 2 3 19 240
5 91 68 80 -1 0 15 0.13 0.0 0 1.8 16 330 M M 3 13 24 250
6 90 69 80 -1 0 15 0.00 0.0 0 1.8 8 130 M M 3 1 19 140
7 93 69 81 -1 0 16 0.00 0.0 0 2.3 8 10 M M 1 17 350
8 91 71 81 -1 0 16 0.02 0.0 0 3.0 14 230 M M 2 138 23 230
9 96 70 83 1 0 18 0.00 0.0 0 3.5 10 220 M M 1 15 210
10 96 75 86 4 0 21 0.09 0.0 0 8.5 14 50 M M 2 3 33 20
11 94 69 82 0 0 17 0.00 0.0 0 5.3 13 240 M M 3 21 280
12 96 78 87 5 0 22 0.00 0.0 0 4.0 14 210 M M 4 24 220
13 96 77 87 5 0 22 0.00 0.0 0 7.2 17 190 M M 3 26 180
14 96 80 88 6 0 23 0.00 0.0 0 9.2 16 200 M M 2 8 25 190
15 99 82 91 9 0 26 0.00 0.0 0 7.2 13 180 M M 5 8 19 190
16 99 81 90 8 0 25 T 0.0 0 8.0 24 200 M M 3 18 36 190
17 97 83 90 7 0 25 0.00 0.0 0 6.1 14 190 M M 2 8 20 200
18 100 81 91 8 0 26 0.00 0.0 0 9.9 17 190 M M 3 28 200
19 101 82 92 9 0 27 0.00 0.0 0 7.5 15 190 M M 1 22 200
20 100 83 92 9 0 27 0.00 0.0 0 5.6 17 190 M M 2 25 200
21 98 75 87 4 0 22 0.38 0.0 0 4.8 24 340 M M 2 138 42 340
22 96 76 86 3 0 21 0.00 0.0 0 2.4 7 110 M M 1 1 13 100
23 99 80 90 7 0 25 0.00 0.0 0 M M M M M 3 18 M M
24 98 79 89 6 0 24 0.00 0.0 0 8.4 14 190 M M 2 22 190
25 100 82 91 8 0 26 0.00 0.0 0 9.7 17 190 M M 3 23 190
26 100 82 91 8 0 26 0.00 0.0 0 8.9 16 180 M M 1 8 23 170
27 101 81 91 8 0 26 0.00 0.0 0 6.7 15 190 M M 0 23 190
28 98 81 90 7 0 25 0.00 0.0 0 6.6 14 200 M M 2 22 210
29 99 82 91 8 0 26 0.00 0.0 0 6.5 13 190 M M 3 18 210
30 99 80 90 7 0 25 0.00 0.0 0 6.0 14 220 M M 2 22 210
================================================================================
SM 2884 2296 0 649 0.68 0.0 164.3 M 67
================================================================================
AV 96.1 76.5 5.7 FASTST M M 2 MAX(MPH)
MISC ----> # 24 200 42 340
================================================================================
NOTES:
# LAST OF SEVERAL OCCURRENCES
COLUMN 17 PEAK WIND IN M.P.H.
PRELIMINARY LOCAL CLIMATOLOGICAL DATA (WS FORM: F-6) , PAGE 2
STATION: HUNTSVILLE
MONTH: JUNE
YEAR: 2023
LATITUDE: 30 45 N
LONGITUDE: 95 35 W
[TEMPERATURE DATA] [PRECIPITATION DATA] SYMBOLS USED IN COLUMN 16
AVERAGE MONTHLY: 86.3 TOTAL FOR MONTH: 0.68 1 = FOG OR MIST
DPTR FM NORMAL: 4.1 DPTR FM NORMAL: -3.89 2 = FOG REDUCING VISIBILITY
HIGHEST: 101 ON 27,19 GRTST 24HR 1.20 ON 10-10 TO 1/4 MILE OR LESS
LOWEST: 68 ON 5, 1 3 = THUNDER
SNOW, ICE PELLETS, HAIL 4 = ICE PELLETS
TOTAL MONTH: 0.0 INCH 5 = HAIL
GRTST 24HR 0.0 6 = FREEZING RAIN OR DRIZZLE
GRTST DEPTH: 0 7 = DUSTSTORM OR SANDSTORM:
VSBY 1/2 MILE OR LESS
8 = SMOKE OR HAZE
[NO. OF DAYS WITH] [WEATHER - DAYS WITH] 9 = BLOWING SNOW
X = TORNADO
MAX 32 OR BELOW: 0 0.01 INCH OR MORE: 6
MAX 90 OR ABOVE: 29 0.10 INCH OR MORE: 2
MIN 32 OR BELOW: 0 0.50 INCH OR MORE: 0
MIN 0 OR BELOW: 0 1.00 INCH OR MORE: 0
[HDD (BASE 65) ]
TOTAL THIS MO. 0 CLEAR (SCALE 0-3) 24
DPTR FM NORMAL 0 PTCLDY (SCALE 4-7) 6
TOTAL FM JUL 1 1274 CLOUDY (SCALE 8-10) 0
DPTR FM NORMAL -363
[CDD (BASE 65) ]
TOTAL THIS MO. 649
DPTR FM NORMAL 132 [PRESSURE DATA]
TOTAL FM JAN 1 1405 HIGHEST SLP 30.02 ON 30
DPTR FM NORMAL 296 LOWEST SLP 29.62 ON 21
[REMARKS]
#FINAL-06-23#