000
CXUS54 KEWX 011011
CF6UVA
PRELIMINARY LOCAL CLIMATOLOGICAL DATA (WS FORM: F-6)
STATION: UVALDE
MONTH: MAY
YEAR: 2020
LATITUDE: 29 12 N
LONGITUDE: 99 44 W
TEMPERATURE IN F: :PCPN: SNOW: WIND :SUNSHINE: SKY :PK WND
================================================================================
1 2 3 4 5 6A 6B 7 8 9 10 11 12 13 14 15 16 17 18
12Z AVG MX 2MIN
DY MAX MIN AVG DEP HDD CDD WTR SNW DPTH SPD SPD DIR MIN PSBL S-S WX SPD DR
================================================================================
1 93 55 74 M 0 9 0.00 M M 9.4 15 150 M M 0 22 150
2 96 64 80 M 0 15 0.00 M M 8.6 13 150 M M 2 21 160
3 96 67 82 M 0 17 0.00 M M 7.5 13 120 M M 3 17 130
4 98 67 83 M 0 18 0.00 M M 7.8 15 160 M M 3 1 21 130
5 89 70 80 M 0 15 0.00 M M 9.5 15 40 M M 4 1 23 40
6 84 67 76 M 0 11 0.00 M M 9.5 16 90 M M 7 21 50
7 92 61 77 M 0 12 0.00 M M 10.1 22 150 M M 5 25 150
8 88 67 78 M 0 13 0.00 M M 9.6 18 30 M M 1 27 20
9 81 58 70 M 0 5 0.00 M M 6.9 12 120 M M 1 16 160
10 84 54 69 M 0 4 0.00 M M 7.2 13 70 M M 0 24 110
11 86 58 72 M 0 7 0.00 M M 10.2 16 130 M M 6 24 120
12 89 63 76 M 0 11 0.19 M M 7.0 28 150 M M 5 3 43 150
13 90 66 78 M 0 13 0.00 M M 9.3 16 120 M M 6 1 21 120
14 95 64 80 M 0 15 0.00 M M 8.8 15 130 M M 2 22 120
15 93 64 79 M 0 14 0.68 M M 10.9 17 350 M M 6 3 24 350
16 87 61 74 M 0 9 0.00 M M 4.6 9 280 M M 0 M M
17 91 62 77 M 0 12 0.00 M M 3.8 7 130 M M 0 M M
18 94 65 80 M 0 15 0.00 M M 6.6 12 140 M M 0 16 150
19 100 66 83 M 0 18 0.00 M M 7.4 13 150 M M 0 18 170
20 78 71 75 M 0 10 0.00 M M 6.0 8 120 M M 0 1 M M
21 M M M M M M M M M M M M M M M M M
22 M M M M M M M M M M M M M M M M M
23 M M M M M M M M M M M M M M M M M
24 M M M M M M M M M M M M M M M M M
25 M M M M M M M M M M M M M M M M M
26 M M M M M M M M M M M M M M M M M
27 92 71 82 M 0 17 0.00 M M 10.4 15 80 M M 0 3 25 80
28 88 66 77 M 0 12 0.04 M M 5.2 14 50 M M 0 3 22 50
29 87 67 77 M 0 12 0.00 M M 6.3 10 60 M M 0 16 60
30 85 64 75 M 0 10 0.00 M M 4.8 8 150 M M 0 M M
31 81 67 74 M 0 9 0.01 0.0 0 6.3 10 40 M M 0 3 17 140
================================================================================
SM 2237 1605 0 303 0.92 0.0 193.7 M 51
================================================================================
AV 89.5 64.2 7.7 FASTST M M 2 MAX(MPH)
MISC ----> # 28 150 # 43 150
================================================================================
NOTES:
# LAST OF SEVERAL OCCURRENCES
COLUMN 17 PEAK WIND IN M.P.H.
PRELIMINARY LOCAL CLIMATOLOGICAL DATA (WS FORM: F-6) , PAGE 2
STATION: UVALDE
MONTH: MAY
YEAR: 2020
LATITUDE: 29 12 N
LONGITUDE: 99 44 W
[TEMPERATURE DATA] [PRECIPITATION DATA] SYMBOLS USED IN COLUMN 16
AVERAGE MONTHLY: 76.8 TOTAL FOR MONTH: 0.92 1 = FOG OR MIST
DPTR FM NORMAL: M DPTR FM NORMAL: M 2 = FOG REDUCING VISIBILITY
HIGHEST: 100 ON 19 GRTST 24HR 0.68 ON 15-15 TO 1/4 MILE OR LESS
LOWEST: 54 ON 10 3 = THUNDER
SNOW, ICE PELLETS, HAIL 4 = ICE PELLETS
TOTAL MONTH: 0.0 INCH 5 = HAIL
GRTST 24HR 0.0 6 = FREEZING RAIN OR DRIZZLE
GRTST DEPTH: 0 7 = DUSTSTORM OR SANDSTORM:
VSBY 1/2 MILE OR LESS
8 = SMOKE OR HAZE
[NO. OF DAYS WITH] [WEATHER - DAYS WITH] 9 = BLOWING SNOW
X = TORNADO
MAX 32 OR BELOW: 0 0.01 INCH OR MORE: 4
MAX 90 OR ABOVE: 12 0.10 INCH OR MORE: 2
MIN 32 OR BELOW: 0 0.50 INCH OR MORE: 1
MIN 0 OR BELOW: 0 1.00 INCH OR MORE: 0
[HDD (BASE 65) ]
TOTAL THIS MO. 0 CLEAR (SCALE 0-3) 18
DPTR FM NORMAL M PTCLDY (SCALE 4-7) 7
TOTAL FM JUL 1 1281 CLOUDY (SCALE 8-10) 0
DPTR FM NORMAL M
[CDD (BASE 65) ]
TOTAL THIS MO. 303
DPTR FM NORMAL M [PRESSURE DATA]
TOTAL FM JAN 1 668 HIGHEST SLP M ON M
DPTR FM NORMAL M LOWEST SLP M ON M
[REMARKS]
#FINAL-05-20#