000
CXUS54 KCRP 101756 CCA
CLMVCT
CLIMATE REPORT
NATIONAL WEATHER SERVICE CORPUS CHRISTI TX
1110 AM CST MON JAN 01 2024
...................................
...THE VICTORIA CLIMATE SUMMARY FOR THE MONTH OF DECEMBER 2023...
CLIMATE NORMAL PERIOD 1991 TO 2020
CLIMATE RECORD PERIOD 1893 TO 2023
WEATHER OBSERVED NORMAL DEPART LAST YEAR`S
VALUE DATE(S) VALUE FROM VALUE DATE(S)
NORMAL
................................................................
TEMPERATURE (F)
RECORD
HIGH 88 12/25/1964
12/10/1939
LOW 9 12/23/1989
HIGHEST 84 12/09 66 18 84 12/07
LOWEST 32 12/11 46 -14 17 12/23
AVG. MAXIMUM 70.8 67.3 3.5 68.9
AVG. MINIMUM 46.7 45.2 1.5 46.9
MEAN 58.8 56.2 2.6 57.9
DAYS MAX >= 90 0 0.0 0.0 0
DAYS MAX <= 32 0 0.0 0.0 0
DAYS MIN <= 32 1 2.8 -1.8 6
DAYS MIN <= 0 0 0.0 0.0 0
PRECIPITATION (INCHES)
RECORD
MAXIMUM 8.67 1923
MINIMUM T 1894
TOTALS 0.71 2.34 -1.63 1.42
DAILY AVG. 0.02 0.08 -0.06 0.05
DAYS >= .01 8 8.2 -0.2 8
DAYS >= .10 3 4.2 -1.2 4
DAYS >= .50 0 1.5 -1.5 1
DAYS >= 1.00 0 0.5 -0.5 0
GREATEST
24 HR. TOTAL 0.34 12/23 TO 12/24 0.66
12/19 TO 12/19
SNOWFALL (INCHES)
RECORDS
TOTAL 12.5 2004
24 HR TOTAL 10.0 12/24/2004 TO 12/24/2004
TOTALS 0.0 MM MM 0.0
SINCE 7/1 0.0 MM MM MM
SNOWDEPTH AVG. 0 0
DAYS >= 1.0 0 MM MM 0
GREATEST
SNOW DEPTH 0 0
24 HR TOTAL MM 0.0
DEGREE DAYS
HEATING TOTAL 209 300 -91 293
SINCE 7/1 383 467 -84 MM
COOLING TOTAL 19 29 -10 80
SINCE 1/1 4052 3286 766 MM
................................................................
WIND (MPH)
AVERAGE WIND SPEED 7.9
HIGHEST WIND SPEED/DIRECTION 30/360 DATE 12/09
HIGHEST GUST SPEED/DIRECTION 43/360 DATE 12/09
SKY COVER
AVERAGE SKY COVER 0.38
AVERAGE RH (PERCENT) 71
WEATHER CONDITIONS. NUMBER OF DAYS WITH
THUNDERSTORM 2 MIXED PRECIP 0
HEAVY RAIN 3 RAIN 5
LIGHT RAIN 9 FREEZING RAIN 0
LT FREEZING RAIN 0 HAIL 0
HEAVY SNOW 0 SNOW 0
LIGHT SNOW 0 SLEET 0
FOG 20 FOG W/VIS <= 1/4 MILE 4
HAZE 6
- INDICATES NEGATIVE NUMBERS.
R INDICATES RECORD WAS SET OR TIED.
MM INDICATES DATA IS MISSING.
T INDICATES TRACE AMOUNT.
$$
EMF...CORRECTED FOR WEATHER CONDITIONS.