000
CXUS55 KVEF 010910
CF6VGT
PRELIMINARY LOCAL CLIMATOLOGICAL DATA (WS FORM: F-6)
STATION: NORTH_LAS_VEGAS NV
MONTH: JUNE
YEAR: 2021
LATITUDE: 36 12 N
LONGITUDE: 115 12 W
TEMPERATURE IN F: :PCPN: SNOW: WIND :SUNSHINE: SKY :PK WND
================================================================================
1 2 3 4 5 6A 6B 7 8 9 10 11 12 13 14 15 16 17 18
12Z AVG MX 2MIN
DY MAX MIN AVG DEP HDD CDD WTR SNW DPTH SPD SPD DIR MIN PSBL S-S WX SPD DR
================================================================================
1 104 75 90 8 0 25 0.00 M M 4.3 14 220 M M 0 18 220
2 108 76 92 10 0 27 0.00 M M 5.8 20 210 M M 0 22 200
3 109 82 96 14 0 31 0.00 M M 7.8 17 160 M M 0 22 160
4 111 83 97 15 0 32 0.00 M M 8.4 21 240 M M 0 27 270
5 109 82 96 13 0 31 0.00 M M 9.5 22 240 M M 0 32 210
6 106 81 94 11 0 29 0.00 M M 12.4 25 190 M M 0 38 200
7 98 79 89 5 0 24 0.00 M M 14.6 25 170 M M 0 31 120
8 96 71 84 0 0 19 0.00 M M 14.4 25 170 M M 0 32 200
9 96 73 85 1 0 20 0.00 M M 13.8 25 210 M M 0 35 210
10 90 68 79 -5 0 14 0.00 M M 14.0 31 320 M M 0 39 320
11 96 68 82 -3 0 17 0.00 M M 6.9 14 310 M M 0 19 50
12 104 71 88 3 0 23 0.00 M M 5.7 12 140 M M 0 14 130
13 110 73 92 6 0 27 0.00 M M 8.3 24 230 M M 0 29 220
14 111 74 93 7 0 28 0.00 M M 8.3 21 180 M M 0 30 180
15 115 80 98 12 0 33 0.00 M M 5.3 17 260 M M 0 22 260
16 117 84 101 15 0 36 0.00 M M 4.9 13 170 M M 0 22 150
17 115 92 104 17 0 39 0.00 M M 5.8 16 320 M M 0 22 150
18 116 90 103 16 0 38 0.00 M M 10.6 21 320 M M 0 30 340
19 115 94 105 18 0 40 0.00 M M 7.8 18 320 M M 0 24 320
20 115 91 103 15 0 38 0.00 M M 10.5 20 230 M M 0 35 230
21 110 85 98 10 0 33 0.00 M M 13.7 29 240 M M 0 35 250
22 105 89 97 9 0 32 0.00 M M 15.6 25 220 M M 0 31 220
23 94 80 87 -1 0 22 T M M 8.9 23 280 M M 5 29 240
24 97 75 86 -3 0 21 T M M 5.5 28 170 M M 1 3 34 160
25 103 76 90 1 0 25 0.00 M M 4.7 13 100 M M 0 16 180
26 108 80 94 5 0 29 0.00 M M 5.9 18 30 M M 0 24 50
27 108 92 100 10 0 35 0.00 M M 8.7 23 30 M M 0 28 100
28 108 90 99 9 0 34 0.00 M M 8.7 23 80 M M 0 27 50
29 106 77 92 2 0 27 T M M 11.4 33 60 M M 1 3 42 220
30 94 76 85 -5 0 20 T M M 6.0 17 70 M M 1 20 60
================================================================================
SM 3174 2407 0 849 T M 268.2 M 8
================================================================================
AV105.8 80.2 8.9 FASTST M M 0 MAX(MPH)
MISC ----> 33 60 42 220
================================================================================
NOTES:
# LAST OF SEVERAL OCCURRENCES
COLUMN 17 PEAK WIND IN M.P.H.
PRELIMINARY LOCAL CLIMATOLOGICAL DATA (WS FORM: F-6) , PAGE 2
STATION: NORTH_LAS_VEGAS NV
MONTH: JUNE
YEAR: 2021
LATITUDE: 36 12 N
LONGITUDE: 115 12 W
[TEMPERATURE DATA] [PRECIPITATION DATA] SYMBOLS USED IN COLUMN 16
AVERAGE MONTHLY: 93.0 TOTAL FOR MONTH: T 1 = FOG OR MIST
DPTR FM NORMAL: 6.9 DPTR FM NORMAL: -0.01 2 = FOG REDUCING VISIBILITY
HIGHEST: 117 ON 16 GRTST 24HR T ON 23-23 TO 1/4 MILE OR LESS
LOWEST: 68 ON 11,10 3 = THUNDER
SNOW, ICE PELLETS, HAIL 4 = ICE PELLETS
TOTAL MONTH: M 5 = HAIL
GRTST 24HR M ON M 6 = FREEZING RAIN OR DRIZZLE
GRTST DEPTH: M ON M 7 = DUSTSTORM OR SANDSTORM:
VSBY 1/2 MILE OR LESS
8 = SMOKE OR HAZE
[NO. OF DAYS WITH] [WEATHER - DAYS WITH] 9 = BLOWING SNOW
X = TORNADO
MAX 32 OR BELOW: 0 0.01 INCH OR MORE: 0
MAX 90 OR ABOVE: 30 0.10 INCH OR MORE: 0
MIN 32 OR BELOW: 0 0.50 INCH OR MORE: 0
MIN 0 OR BELOW: 0 1.00 INCH OR MORE: 0
[HDD (BASE 65) ]
TOTAL THIS MO. 0 CLEAR (SCALE 0-3) 29
DPTR FM NORMAL 0 PTCLDY (SCALE 4-7) 1
TOTAL FM JUL 1 1651 CLOUDY (SCALE 8-10) 0
DPTR FM NORMAL -341
[CDD (BASE 65) ]
TOTAL THIS MO. 849
DPTR FM NORMAL 215 [PRESSURE DATA]
TOTAL FM JAN 1 1543 HIGHEST SLP M ON M
DPTR FM NORMAL 427 LOWEST SLP 29.52 ON 18
[REMARKS]
#FINAL-06-21#