000
CXUS52 KFFC 011110
CF6VPC
PRELIMINARY LOCAL CLIMATOLOGICAL DATA (WS FORM: F-6)
STATION: CARTERSVILLE
MONTH: DECEMBER
YEAR: 2023
LATITUDE: 34 7 N
LONGITUDE: 84 51 W
TEMPERATURE IN F: :PCPN: SNOW: WIND :SUNSHINE: SKY :PK WND
================================================================================
1 2 3 4 5 6A 6B 7 8 9 10 11 12 13 14 15 16 17 18
12Z AVG MX 2MIN
DY MAX MIN AVG DEP HDD CDD WTR SNW DPTH SPD SPD DIR MIN PSBL S-S WX SPD DR
================================================================================
1 57 45 51 4 14 0 0.00 M M 6.9 12 110 M M 10 18 18 100
2 64 55 60 13 5 0 0.00 M M 4.1 8 100 M M 10 1 12 99
3 68 46 57 11 8 0 0.00 M M 5.4 10 290 M M 4 1 17 270
4 64 37 51 5 14 0 0.00 M M 5.2 20 280 M M 2 2 27 280
5 57 32 45 -1 20 0 0.00 M M 3.1 13 280 M M 1 16 290
6 52 34 43 -3 22 0 0.00 M M 5.8 13 20 M M 4 21 30
7 57 28 43 -3 22 0 0.00 M M 0.4 4 99 M M 2 M M
8 63 32 48 2 17 0 0.00 M M 2.4 7 99 M M 4 M M
9 61 52 57 12 8 0 0.00 M M 6.2 13 100 M M 10 1 16 110
10 63 37 50 5 15 0 0.00 M M 5.1 10 290 M M 10 1 18 99
11 48 28 38 -7 27 0 0.00 M M 4.4 9 290 M M 1 17 290
12 55 25 40 -5 25 0 0.00 M M 0.3 5 100 M M 0 M M
13 59 27 43 -2 22 0 0.00 M M 0.2 6 40 M M 1 1 M M
14 59 30 45 1 20 0 0.00 M M 3.0 13 90 M M 0 21 60
15 61 28 45 1 20 0 0.00 M M 2.5 8 100 M M 0 14 120
16 59 34 47 3 18 0 0.00 M M 7.1 14 110 M M 8 1 23 100
17 52 46 49 5 16 0 0.00 M M 6.1 15 100 M M 10 1 23 110
18 55 36 46 2 19 0 0.00 M M 10.7 18 280 M M 3 29 280
19 43 27 35 -9 30 0 0.00 M M 3.5 7 310 M M 0 14 99
20 50 23 37 -7 28 0 0.00 M M 0.2 6 90 M M 0 M M
21 55 25 40 -3 25 0 0.00 M M 0.2 5 270 M M 0 M M
22 63 28 46 3 19 0 0.00 M M 2.2 8 150 M M 0 12 99
23 66 39 53 10 12 0 0.00 M M 1.8 6 99 M M 3 13 99
24 64 43 54 11 11 0 0.00 M M 6.5 14 110 M M 6 1 20 110
25 63 57 60 17 5 0 0.01 M M 9.9 17 120 M M 10 1 28 120
26 61 52 57 14 8 0 0.02 M M 3.5 8 260 M M 10 1 15 260
27 55 43 49 6 16 0 0.10 M M 3.0 8 280 M M 6 1 14 270
28 52 36 44 2 21 0 0.01 M M 3.3 9 290 M M 4 1 14 99
29 45 32 39 -3 26 0 0.02 M M 6.9 15 280 M M 9 21 280
30 43 36 40 -2 25 0 0.01 M M 6.4 9 280 M M 10 15 99
31 59 27 43 1 22 0 0.00 M M 2.2 9 280 M M 0 1 15 220
================================================================================
SM 1773 1120 560 0 0.17 M 128.6 M 138
================================================================================
AV 57.2 36.1 4.1 FASTST M M 4 MAX(MPH)
MISC ----> 20 280 29 280
================================================================================
NOTES:
# LAST OF SEVERAL OCCURRENCES
COLUMN 17 PEAK WIND IN M.P.H.
PRELIMINARY LOCAL CLIMATOLOGICAL DATA (WS FORM: F-6) , PAGE 2
STATION: CARTERSVILLE
MONTH: DECEMBER
YEAR: 2023
LATITUDE: 34 7 N
LONGITUDE: 84 51 W
[TEMPERATURE DATA] [PRECIPITATION DATA] SYMBOLS USED IN COLUMN 16
AVERAGE MONTHLY: 46.7 TOTAL FOR MONTH: 0.17 1 = FOG OR MIST
DPTR FM NORMAL: 2.4 DPTR FM NORMAL: -4.32 2 = FOG REDUCING VISIBILITY
HIGHEST: 68 ON 3 GRTST 24HR 0.10 ON 27-27 TO 1/4 MILE OR LESS
LOWEST: 23 ON 20 3 = THUNDER
SNOW, ICE PELLETS, HAIL 4 = ICE PELLETS
TOTAL MONTH: M 5 = HAIL
GRTST 24HR M ON M 6 = FREEZING RAIN OR DRIZZLE
GRTST DEPTH: M ON M 7 = DUSTSTORM OR SANDSTORM:
VSBY 1/2 MILE OR LESS
8 = SMOKE OR HAZE
[NO. OF DAYS WITH] [WEATHER - DAYS WITH] 9 = BLOWING SNOW
X = TORNADO
MAX 32 OR BELOW: 0 0.01 INCH OR MORE: 6
MAX 90 OR ABOVE: 0 0.10 INCH OR MORE: 0
MIN 32 OR BELOW: 14 0.50 INCH OR MORE: 0
MIN 0 OR BELOW: 0 1.00 INCH OR MORE: 0
[HDD (BASE 65) ]
TOTAL THIS MO. 560 CLEAR (SCALE 0-3) 15
DPTR FM NORMAL -84 PTCLDY (SCALE 4-7) 7
TOTAL FM JUL 1 990 CLOUDY (SCALE 8-10) 9
DPTR FM NORMAL -254
[CDD (BASE 65) ]
TOTAL THIS MO. 0
DPTR FM NORMAL -1 [PRESSURE DATA]
TOTAL FM JAN 1 1817 HIGHEST SLP M ON M
DPTR FM NORMAL 188 LOWEST SLP M ON M
[REMARKS]
#FINAL-12-23#