000
CXUS56 KLKN 141520
CF6WMC
PRELIMINARY LOCAL CLIMATOLOGICAL DATA (WS FORM: F-6)
STATION: WINNEMUCCA AIRPORT NV
MONTH: OCTOBER
YEAR: 2021
LATITUDE: 40 54 N
LONGITUDE: 117 48 W
TEMPERATURE IN F: :PCPN: SNOW: WIND :SUNSHINE: SKY :PK WND
================================================================================
1 2 3 4 5 6A 6B 7 8 9 10 11 12 13 14 15 16 17 18
12Z AVG MX 2MIN
DY MAX MIN AVG DEP HDD CDD WTR SNW DPTH SPD SPD DIR MIN PSBL S-S WX SPD DR
================================================================================
1 77 27 52 -4 13 0 0.00 0.0 0 3.8 10 40 M M 0 14 170
2 81 29 55 0 10 0 0.00 0.0 0 4.3 10 150 M M 0 15 30
3 83 29 56 1 9 0 0.00 0.0 0 3.6 10 40 M M 0 14 250
4 83 30 57 3 8 0 0.00 0.0 0 6.0 17 260 M M 0 8 25 250
5 82 37 60 6 5 0 0.00 0.0 0 5.1 14 290 M M 0 20 310
6 73 40 57 3 8 0 T 0.0 0 6.8 21 250 M M 4 28 250
7 71 49 60 7 5 0 0.16 0.0 0 6.3 33 250 M M 7 138 46 250
8 53 41 47 -6 18 0 0.37 0.0 0 7.1 25 260 M M 8 1 35 250
9 60 31 46 -6 19 0 0.00 0.0 0 3.0 12 260 M M 0 20 300
10 67 30 49 -3 16 0 0.05 0.0 0 7.8 25 350 M M 2 1 39 340
11 45 34 40 -11 25 0 0.02 0.0 0 17.5 28 340 M M 8 40 340
12 50 27 39 -12 26 0 0.00 0.0 0 9.2 23 340 M M 0 39 340
13 54 35 45 -5 20 0 0.00 0.0 0 7.1 17 260 M M 6 22 240
14 56 29 43 -7 22 0 0.00 0.0 0 5.8 12 320 M M 2 8 15 320
15 67 22 45 -5 20 0 0.00 0.0 0 5.5 12 60 M M 0 15 140
16 74 22 48 -1 17 0 0.00 0.0 0 6.9 14 30 M M 0 21 20
17 73 31 52 3 13 0 T T 0 6.9 20 220 M M 0 26 220
18 53 35 44 -4 21 0 0.31 T 0 9.2 29 250 M M 10 18 40 240
19 60 31 46 -2 19 0 0.00 0.0 0 5.9 15 60 M M 0 20 50
20 68 42 55 7 10 0 0.00 0.0 0 7.6 18 240 M M 4 27 230
21 75 44 60 13 5 0 T 0.0 0 7.4 16 240 M M 4 23 210
22 62 43 53 6 12 0 T 0.0 0 9.1 32 260 M M 4 8 45 260
23 55 40 48 2 17 0 0.02 0.0 0 9.1 22 230 M M 8 28 230
24 53 43 48 2 17 0 1.04 0.0 0 12.4 22 280 M M 10 1 32 190
25 44 37 41 -5 24 0 0.96 0.0 0 8.0 15 260 M M 8 1 22 180
26 50 35 43 -3 22 0 T 0.0 0 9.2 16 250 M M 7 25 250
27 63 45 54 9 11 0 T 0.0 0 7.7 16 260 M M 4 23 240
28 68 35 52 7 13 0 0.00 0.0 0 4.1 9 180 M M 0 13 110
29 71 36 54 10 11 0 0.00 0.0 0 3.8 9 140 M M 0 10 130
30 69 36 53 9 12 0 0.00 0.0 M 4.5 9 270 0 M 0 13 50
31 65 36 51 7 14 0 0.00 0.0 0 3.8 10 250 M M 0 14 240
================================================================================
SM 2005 1081 462 0 2.93 T 214.5 0 96
================================================================================
AV 64.7 34.9 6.9 FASTST 0 M 3 MAX(MPH)
MISC ----> 33 250 46 250
================================================================================
NOTES:
# LAST OF SEVERAL OCCURRENCES
COLUMN 17 PEAK WIND IN M.P.H.
PRELIMINARY LOCAL CLIMATOLOGICAL DATA (WS FORM: F-6) , PAGE 2
STATION: WINNEMUCCA AIRPORT NV
MONTH: OCTOBER
YEAR: 2021
LATITUDE: 40 54 N
LONGITUDE: 117 48 W
[TEMPERATURE DATA] [PRECIPITATION DATA] SYMBOLS USED IN COLUMN 16
AVERAGE MONTHLY: 49.8 TOTAL FOR MONTH: 2.93 1 = FOG OR MIST
DPTR FM NORMAL: 0.4 DPTR FM NORMAL: 2.27 2 = FOG REDUCING VISIBILITY
HIGHEST: 83 ON 4, 3 GRTST 24HR 1.79 ON 24-25 TO 1/4 MILE OR LESS
LOWEST: 22 ON 16,15 3 = THUNDER
SNOW, ICE PELLETS, HAIL 4 = ICE PELLETS
TOTAL MONTH: T 5 = HAIL
GRTST 24HR T ON 17-17 6 = FREEZING RAIN OR DRIZZLE
GRTST DEPTH: 0 7 = DUSTSTORM OR SANDSTORM:
VSBY 1/2 MILE OR LESS
8 = SMOKE OR HAZE
[NO. OF DAYS WITH] [WEATHER - DAYS WITH] 9 = BLOWING SNOW
X = TORNADO
MAX 32 OR BELOW: 0 0.01 INCH OR MORE: 8
MAX 90 OR ABOVE: 0 0.10 INCH OR MORE: 5
MIN 32 OR BELOW: 12 0.50 INCH OR MORE: 2
MIN 0 OR BELOW: 0 1.00 INCH OR MORE: 1
[HDD (BASE 65) ]
TOTAL THIS MO. 462 CLEAR (SCALE 0-3) 17
DPTR FM NORMAL -22 PTCLDY (SCALE 4-7) 11
TOTAL FM JUL 1 577 CLOUDY (SCALE 8-10) 3
DPTR FM NORMAL -59
[CDD (BASE 65) ]
TOTAL THIS MO. 0
DPTR FM NORMAL -1 [PRESSURE DATA]
TOTAL FM JAN 1 1055 HIGHEST SLP 30.41 ON 28
DPTR FM NORMAL 372 LOWEST SLP 29.47 ON 24
[REMARKS]
#FINAL-10-21#