000
CXUS55 KLKN 031805
CLMWMC
CLIMATE REPORT
NATIONAL WEATHER SERVICE ELKO, NV
1105 AM PDT MON JUL 03 2023
...................................
...THE WINNEMUCCA AIRPORT NV CLIMATE SUMMARY FOR THE MONTH OF JUNE 2023...
CLIMATE NORMAL PERIOD 1991 TO 2020
CLIMATE RECORD PERIOD 1877 TO 2023
WEATHER OBSERVED NORMAL DEPART LAST YEAR`S
VALUE DATE(S) VALUE FROM VALUE DATE(S)
NORMAL
................................................................
TEMPERATURE (F)
RECORD
HIGH 106 06/30/2013
06/24/1988
07/18/1998
LOW 23 06/04/2001
06/06/1954
HIGHEST 94 06/30 98 -4 101 06/27
LOWEST 31 06/20 32 -1 26 06/14
AVG. MAXIMUM 80.6 84.7 -4.1 85.6
AVG. MINIMUM 44.8 46.1 -1.3 46.3
MEAN 62.7 65.4 -2.7 66.0
DAYS MAX >= 90 1 10.2 -9.2 14
DAYS MAX <= 32 0 0.0 0.0 0
DAYS MIN <= 32 1 1.2 -0.2 3
DAYS MIN <= 0 0 0.0 0.0 0
PRECIPITATION (INCHES)
RECORD
MAXIMUM 2.86 1958
MINIMUM 0.00 1994
TOTALS 0.40 0.50 -0.10 0.27
DAILY AVG. 0.01 0.02 -0.01 0.01
DAYS >= .01 6 3.7 2.3 MM
DAYS >= .10 1 1.5 -0.5 MM
DAYS >= .50 0 0.1 -0.1 MM
DAYS >= 1.00 0 0.0 0.0 MM
GREATEST
24 HR. TOTAL 0.20 06/13 TO 06/14 0.17
SNOWFALL (INCHES)
RECORDS
TOTAL 3.1 1908
TOTALS 0.0 0.0 0.0 0.0
SINCE 7/1 34.9 22.0 12.9 MM
SNOWDEPTH AVG. 0 0
DAYS >= TRACE 0 0.1 -0.1 0
DAYS >= 1.0 0 0.0 0.0 0
DAYS >= 1.0 0 0
GREATEST
SNOW DEPTH 0 0
24 HR TOTAL MM MM
DEGREE DAYS
HEATING TOTAL 82 89 -7 90
SINCE 7/1 6204 5890 314 MM
COOLING TOTAL 23 101 -78 126
SINCE 1/1 35 117 -82 MM
................................................................
WIND (MPH)
AVERAGE WIND SPEED 7.6
HIGHEST WIND SPEED/DIRECTION 35/140 DATE 06/06
35/260 06/19
HIGHEST GUST SPEED/DIRECTION 50/140 DATE 06/06
AVERAGE RH (PERCENT) 47
WEATHER CONDITIONS. NUMBER OF DAYS WITH
THUNDERSTORM 13 MIXED PRECIP 0
HEAVY RAIN 0 RAIN 2
LIGHT RAIN 9 FREEZING RAIN 0
LT FREEZING RAIN 0 HAIL 0
HEAVY SNOW 0 SNOW 0
LIGHT SNOW 0 SLEET 0
FOG 4 FOG W/VIS <= 1/4 MILE 0
HAZE 3
- INDICATES NEGATIVE NUMBERS.
R INDICATES RECORD WAS SET OR TIED.
MM INDICATES DATA IS MISSING.
T INDICATES TRACE AMOUNT.
=====================================================================
...JUNE 2023 IN WINNEMUCCA WAS COLDER AND DRIER THAN NORMAL...
$$