000
CXUS55 KRIW 011426
CF6WRL
PRELIMINARY LOCAL CLIMATOLOGICAL DATA (WS FORM: F-6)
STATION: WORLAND WY
MONTH: MARCH
YEAR: 2021
LATITUDE: 43 58 N
LONGITUDE: 107 57 W
TEMPERATURE IN F: :PCPN: SNOW: WIND :SUNSHINE: SKY :PK WND
================================================================================
1 2 3 4 5 6A 6B 7 8 9 10 11 12 13 14 15 16 17 18
12Z AVG MX 2MIN
DY MAX MIN AVG DEP HDD CDD WTR SNW DPTH SPD SPD DIR MIN PSBL S-S WX SPD DR
================================================================================
1 44 0 22 -8 43 0 0.00 M M 3.6 9 10 M M 0 11 150
2 49 8 29 -2 36 0 0.00 M M 3.7 10 180 M M 0 11 130
3 49 17 33 2 32 0 0.00 M M 2.5 9 170 M M 0 10 160
4 50 19 35 3 30 0 0.00 M M 3.4 12 160 M M 0 13 160
5 57 20 39 7 26 0 0.00 M M 3.5 10 200 M M 0 11 200
6 63 24 44 11 21 0 0.00 M M 8.9 29 180 M M 0 36 180
7 61 27 44 11 21 0 0.00 M M 5.3 14 140 M M 0 17 140
8 65 24 45 11 20 0 0.00 M M 3.7 13 20 M M 0 16 30
9 50 25 38 4 27 0 0.00 M M 5.8 15 20 M M 4 21 330
10 37 27 32 -2 33 0 0.07 M M 7.4 18 180 M M 9 1 22 180
11 42 23 33 -2 32 0 0.00 M M 4.6 12 160 M M 5 15 170
12 47 17 32 -3 33 0 0.00 M M 3.9 12 160 M M 0 14 140
13 43 18 31 -5 34 0 0.00 M M 5.1 16 160 M M 6 20 160
14 52 31 42 6 23 0 0.00 M M 8.8 22 140 M M 7 30 140
15 49 26 38 2 27 0 0.00 M M 6.6 16 320 M M 3 M M
16 43 23 33 -4 32 0 0.00 M M 10.3 21 310 M M 9 28 310
17 53 19 36 -1 29 0 0.00 M M 4.8 15 160 M M 0 18 160
18 60 20 40 2 25 0 0.00 M M 7.3 15 160 M M 0 20 160
19 68 24 46 8 19 0 0.00 M M 9.2 20 170 M M 0 31 170
20 56 35 46 8 19 0 0.09 M M 8.0 17 340 M M 6 33 330
21 49 26 38 -1 27 0 0.00 M M 8.4 20 330 M M 7 29 340
22 47 17 32 -7 33 0 0.00 M M 3.5 13 20 M M 4 18 20
23 49 22 36 -3 29 0 0.00 M M 11.9 31 340 M M 4 40 350
24 50 18 34 -6 31 0 0.00 M M 5.9 12 120 M M 1 17 150
25 52 20 36 -4 29 0 0.00 M M 4.7 15 350 M M 3 19 350
26 45 28 37 -3 28 0 0.03 M M 4.1 17 340 M M 8 18 22 340
27 53 26 40 0 25 0 0.00 M M 4.9 12 130 M M 4 1 17 40
28 69 26 48 7 17 0 0.00 M M 11.8 26 220 M M 0 35 220
29 58 16 37 -4 28 0 0.00 M M 16.3 45 250 M M 4 74 310
30 40 14 27 -14 38 0 0.00 M M 5.0 12 360 M M 4 18 10
31 50 12 31 -10 34 0 0.00 M M 4.8 12 90 M M 0 19 110
================================================================================
SM 1600 652 881 0 0.19 M 197.7 M 88
================================================================================
AV 51.6 21.0 6.4 FASTST M M 3 MAX(MPH)
MISC ----> 45 250 74 310
================================================================================
NOTES:
# LAST OF SEVERAL OCCURRENCES
COLUMN 17 PEAK WIND IN M.P.H.
PRELIMINARY LOCAL CLIMATOLOGICAL DATA (WS FORM: F-6) , PAGE 2
STATION: WORLAND WY
MONTH: MARCH
YEAR: 2021
LATITUDE: 43 58 N
LONGITUDE: 107 57 W
[TEMPERATURE DATA] [PRECIPITATION DATA] SYMBOLS USED IN COLUMN 16
AVERAGE MONTHLY: 36.3 TOTAL FOR MONTH: 0.19 1 = FOG OR MIST
DPTR FM NORMAL: -0.2 DPTR FM NORMAL: -0.27 2 = FOG REDUCING VISIBILITY
HIGHEST: 69 ON 28 GRTST 24HR 0.09 ON 20-20 TO 1/4 MILE OR LESS
LOWEST: 0 ON 1 3 = THUNDER
SNOW, ICE PELLETS, HAIL 4 = ICE PELLETS
TOTAL MONTH: M 5 = HAIL
GRTST 24HR M ON M 6 = FREEZING RAIN OR DRIZZLE
GRTST DEPTH: M ON M 7 = DUSTSTORM OR SANDSTORM:
VSBY 1/2 MILE OR LESS
8 = SMOKE OR HAZE
[NO. OF DAYS WITH] [WEATHER - DAYS WITH] 9 = BLOWING SNOW
X = TORNADO
MAX 32 OR BELOW: 0 0.01 INCH OR MORE: 3
MAX 90 OR ABOVE: 0 0.10 INCH OR MORE: 0
MIN 32 OR BELOW: 30 0.50 INCH OR MORE: 0
MIN 0 OR BELOW: 1 1.00 INCH OR MORE: 0
[HDD (BASE 65) ]
TOTAL THIS MO. 881 CLEAR (SCALE 0-3) 16
DPTR FM NORMAL -4 PTCLDY (SCALE 4-7) 13
TOTAL FM JUL 1 6636 CLOUDY (SCALE 8-10) 2
DPTR FM NORMAL -250
[CDD (BASE 65) ]
TOTAL THIS MO. 0
DPTR FM NORMAL 0 [PRESSURE DATA]
TOTAL FM JAN 1 0 HIGHEST SLP 30.54 ON 31
DPTR FM NORMAL 0 LOWEST SLP 29.30 ON 29
[REMARKS]
#FINAL-03-21#