000
CXUS54 KTSA 010850
CF6XNA
PRELIMINARY LOCAL CLIMATOLOGICAL DATA (WS FORM: F-6)
STATION: HIGHFILL ARKANSAS
MONTH: JUNE
YEAR: 2023
LATITUDE: 36 16 N
LONGITUDE: 94 19 W
TEMPERATURE IN F: :PCPN: SNOW: WIND :SUNSHINE: SKY :PK WND
================================================================================
1 2 3 4 5 6A 6B 7 8 9 10 11 12 13 14 15 16 17 18
12Z AVG MX 2MIN
DY MAX MIN AVG DEP HDD CDD WTR SNW DPTH SPD SPD DIR MIN PSBL S-S WX SPD DR
================================================================================
1 87 63 75 4 0 10 0.00 0.0 M 4.4 14 150 M M 2 19 160
2 87 63 75 4 0 10 0.00 0.0 M 3.6 12 170 M M 1 3 18 260
3 87 62 75 3 0 10 0.76 0.0 M 4.5 22 190 M M 2 13 31 190
4 88 58 73 1 0 8 0.00 0.0 M 2.8 12 160 M M 2 12 15 140
5 90 61 76 4 0 11 0.00 0.0 M 3.3 15 10 M M 1 3 28 90
6 89 62 76 4 0 11 0.00 0.0 M 2.6 14 20 M M 0 3 20 40
7 89 58 74 1 0 9 0.00 0.0 M 3.6 12 330 M M 0 13 17 280
8 90 63 77 4 0 12 0.00 0.0 M 5.4 14 260 M M 0 26 80
9 88 66 77 4 0 12 0.45 0.0 M 5.3 17 310 M M 3 138 26 310
10 77 64 71 -3 0 6 0.15 0.0 M 5.1 18 290 M M 3 13 29 280
11 85 63 74 0 0 9 0.37 0.0 M 10.4 24 350 M M 5 13 32 360
12 76 58 67 -7 0 2 0.00 0.0 M 3.4 10 30 M M 3 22 30
13 81 61 71 -3 0 6 T 0.0 M 3.5 10 240 M M 4 8 17 180
14 82 62 72 -3 0 7 0.98 0.0 M 5.9 23 340 M M 4 13 35 340
15 86 63 75 0 0 10 T 0.0 M 3.0 12 220 M M 2 15 200
16 83 64 74 -1 0 9 0.06 0.0 M 4.8 14 160 M M 2 1 31 50
17 88 60 74 -2 0 9 0.00 0.0 M 4.7 15 160 M M 0 1 M M
18 78 64 71 -5 0 6 0.68 0.0 M 9.6 35 280 M M 5 13 56 270
19 90 62 76 0 0 11 0.00 0.0 M 1.8 9 120 M M 0 14 60
20 90 66 78 2 0 13 0.00 0.0 M 5.6 14 110 M M 0 23 110
21 87 65 76 0 0 11 T 0.0 M 5.4 25 60 M M 0 35 70
22 88 68 78 1 0 13 0.00 0.0 M 4.5 12 80 M M 2 19 70
23 87 64 76 -1 0 11 0.00 0.0 M 4.5 13 170 M M 2 19 180
24 88 67 78 1 0 13 T 0.0 M 7.9 17 180 M M 0 24 190
25 93 73 83 6 0 18 M 0.0 M 5.8 15 310 M M 1 22 310
26 88 63 76 -1 0 11 0.00 0.0 M 4.0 10 10 M M 0 M M
27 84 63 74 -4 0 9 M 0.0 M 6.5 21 160 M M 1 28 160
28 97 70 84 6 0 19 M 0.0 M 11.6 17 180 M M 0 28 180
29 97 75 86 8 0 21 0.00 0.0 M 9.0 14 220 M M 0 23 220
30 96 74 85 7 0 20 0.00 0.0 M 7.1 16 220 M M 0 24 220
================================================================================
SM 2616 1925 0 327 3.45 0.0 159.6 M 45
================================================================================
AV 87.2 64.2 5.3 FASTST M M 2 MAX(MPH)
MISC ----> 35 280 56 270
================================================================================
NOTES:
# LAST OF SEVERAL OCCURRENCES
COLUMN 17 PEAK WIND IN M.P.H.
PRELIMINARY LOCAL CLIMATOLOGICAL DATA (WS FORM: F-6) , PAGE 2
STATION: HIGHFILL ARKANSAS
MONTH: JUNE
YEAR: 2023
LATITUDE: 36 16 N
LONGITUDE: 94 19 W
[TEMPERATURE DATA] [PRECIPITATION DATA] SYMBOLS USED IN COLUMN 16
AVERAGE MONTHLY: 75.7 TOTAL FOR MONTH: 3.45 1 = FOG OR MIST
DPTR FM NORMAL: 0.8 DPTR FM NORMAL: -0.84 2 = FOG REDUCING VISIBILITY
HIGHEST: 97 ON 29,28 GRTST 24HR 0.98 ON 14-14 TO 1/4 MILE OR LESS
LOWEST: 58 ON 12, 7 3 = THUNDER
SNOW, ICE PELLETS, HAIL 4 = ICE PELLETS
TOTAL MONTH: 0.0 INCH 5 = HAIL
GRTST 24HR 0.0 6 = FREEZING RAIN OR DRIZZLE
GRTST DEPTH: M ON M 7 = DUSTSTORM OR SANDSTORM:
VSBY 1/2 MILE OR LESS
8 = SMOKE OR HAZE
[NO. OF DAYS WITH] [WEATHER - DAYS WITH] 9 = BLOWING SNOW
X = TORNADO
MAX 32 OR BELOW: 0 0.01 INCH OR MORE: 7
MAX 90 OR ABOVE: 8 0.10 INCH OR MORE: 6
MIN 32 OR BELOW: 0 0.50 INCH OR MORE: 3
MIN 0 OR BELOW: 0 1.00 INCH OR MORE: 0
[HDD (BASE 65) ]
TOTAL THIS MO. 0 CLEAR (SCALE 0-3) 25
DPTR FM NORMAL -4 PTCLDY (SCALE 4-7) 5
TOTAL FM JUL 1 3562 CLOUDY (SCALE 8-10) 0
DPTR FM NORMAL -292
[CDD (BASE 65) ]
TOTAL THIS MO. 327
DPTR FM NORMAL 25 [PRESSURE DATA]
TOTAL FM JAN 1 495 HIGHEST SLP M ON M
DPTR FM NORMAL 43 LOWEST SLP 29.67 ON 14
[REMARKS]
#FINAL-06-23#