000
CXAK56 PAJK 011310
CF6YAK
PRELIMINARY LOCAL CLIMATOLOGICAL DATA (WS FORM: F-6)
STATION: YAKUTAT
MONTH: OCTOBER
YEAR: 2021
LATITUDE: 59 31 N
LONGITUDE: 139 40 W
TEMPERATURE IN F: :PCPN: SNOW: WIND :SUNSHINE: SKY :PK WND
================================================================================
1 2 3 4 5 6A 6B 7 8 9 10 11 12 13 14 15 16 17 18
12Z AVG MX 2MIN
DY MAX MIN AVG DEP HDD CDD WTR SNW DPTH SPD SPD DIR MIN PSBL S-S WX SPD DR
================================================================================
1 50 41 46 0 19 0 1.64 M M 7.8 21 120 M M 10 1 32 120
2 50 39 45 -1 20 0 1.03 M M 10.4 21 230 M M 10 18 29 220
3 44 39 42 -4 23 0 T M M 8.0 15 80 M M 10 1 19 80
4 50 32 41 -5 24 0 0.00 M M 3.3 8 70 M M 5 10 60
5 48 30 39 -6 26 0 0.00 M M 1.2 7 320 M M 8 8 320
6 46 30 38 -7 27 0 0.43 M M 5.1 14 70 M M 10 1 17 70
7 50 36 43 -2 22 0 0.64 M M 6.5 17 60 M M 9 1 25 60
8 48 39 44 0 21 0 1.53 M M 8.1 26 120 M M 10 1 40 130
9 48 38 43 -1 22 0 0.29 M M 7.2 25 240 M M 8 18 33 230
10 51 32 42 -2 23 0 0.02 M M 2.2 9 340 M M 6 1 12 360
11 42 38 40 -4 25 0 1.94 M M 10.2 21 60 M M 10 1 29 50
12 50 41 46 3 19 0 1.21 M M 8.6 22 80 M M 10 1 33 100
13 44 40 42 -1 23 0 0.83 M M 7.3 13 80 M M 10 1 16 90
14 43 37 40 -3 25 0 0.96 M M 6.5 14 90 M M 10 1 19 90
15 42 30 36 -6 29 0 0.28 M M 5.4 13 90 M M 5 1 17 90
16 45 27 36 -6 29 0 0.00 M M 1.9 9 300 M M 0 1 12 290
17 41 28 35 -7 30 0 0.01 M M 6.1 12 60 M M 4 6 15 90
18 47 38 43 2 22 0 0.02 M M 5.7 15 50 M M 7 20 60
19 44 42 43 2 22 0 1.84 M M 9.9 17 60 M M 10 1 25 60
20 51 40 46 5 19 0 0.43 M M 8.6 18 120 M M 10 18 29 120
21 51 42 47 7 18 0 0.07 M M 3.8 13 120 M M 8 1 17 110
22 48 40 44 4 21 0 0.53 M M 6.7 23 130 M M 9 1 39 110
23 49 42 46 6 19 0 0.53 M M 8.9 21 130 M M 10 1 32 120
24 48 32 40 1 25 0 0.03 M M 2.4 10 40 M M 2 12 13 40
25 47 31 39 0 26 0 0.00 M M 0.4 5 50 M M 4 12 6 20
26 46 32 39 0 26 0 0.00 M M 0.8 7 140 M M 9 1 9 150
27 44 34 39 1 26 0 0.38 M M 6.6 17 200 M M 10 1 23 210
28 40 35 38 0 27 0 0.58 M M 9.5 16 120 M M 10 1 26 100
29 43 35 39 1 26 0 0.24 M M 7.3 16 80 M M 9 1 21 80
30 42 37 40 3 25 0 0.33 M M 8.7 14 70 M M 10 1 18 50
31 45 32 39 2 26 0 0.00 M M 3.5 8 60 M M 3 1 11 70
================================================================================
SM 1437 1109 735 0 15.79 M 188.6 M 246
================================================================================
AV 46.4 35.8 6.1 FASTST M M 8 MAX(MPH)
MISC ----> 26 120 40 130
================================================================================
NOTES:
# LAST OF SEVERAL OCCURRENCES
COLUMN 17 PEAK WIND IN M.P.H.
PRELIMINARY LOCAL CLIMATOLOGICAL DATA (WS FORM: F-6) , PAGE 2
STATION: YAKUTAT
MONTH: OCTOBER
YEAR: 2021
LATITUDE: 59 31 N
LONGITUDE: 139 40 W
[TEMPERATURE DATA] [PRECIPITATION DATA] SYMBOLS USED IN COLUMN 16
AVERAGE MONTHLY: 41.1 TOTAL FOR MONTH: 15.79 1 = FOG OR MIST
DPTR FM NORMAL: -0.8 DPTR FM NORMAL: -3.09 2 = FOG REDUCING VISIBILITY
HIGHEST: 51 ON 21,20 GRTST 24HR 2.59 ON 11-12 TO 1/4 MILE OR LESS
LOWEST: 27 ON 16 3 = THUNDER
SNOW, ICE PELLETS, HAIL 4 = ICE PELLETS
TOTAL MONTH: M 5 = HAIL
GRTST 24HR M ON M 6 = FREEZING RAIN OR DRIZZLE
GRTST DEPTH: M ON M 7 = DUSTSTORM OR SANDSTORM:
VSBY 1/2 MILE OR LESS
8 = SMOKE OR HAZE
[NO. OF DAYS WITH] [WEATHER - DAYS WITH] 9 = BLOWING SNOW
X = TORNADO
MAX 32 OR BELOW: 0 0.01 INCH OR MORE: 24
MAX 90 OR ABOVE: 0 0.10 INCH OR MORE: 19
MIN 32 OR BELOW: 11 0.50 INCH OR MORE: 12
MIN 0 OR BELOW: 0 1.00 INCH OR MORE: 6
[HDD (BASE 65) ]
TOTAL THIS MO. 735 CLEAR (SCALE 0-3) 3
DPTR FM NORMAL 17 PTCLDY (SCALE 4-7) 9
TOTAL FM JUL 1 1832 CLOUDY (SCALE 8-10) 19
DPTR FM NORMAL 29
[CDD (BASE 65) ]
TOTAL THIS MO. 0
DPTR FM NORMAL 0 [PRESSURE DATA]
TOTAL FM JAN 1 0 HIGHEST SLP 30.23 ON 30
DPTR FM NORMAL 0 LOWEST SLP 28.68 ON 1
[REMARKS]
#FINAL-10-21#