000
CXAK56 PAJK 231310
CF6YAK
PRELIMINARY LOCAL CLIMATOLOGICAL DATA (WS FORM: F-6)
STATION: YAKUTAT
MONTH: APRIL
YEAR: 2024
LATITUDE: 59 31 N
LONGITUDE: 139 40 W
TEMPERATURE IN F: :PCPN: SNOW: WIND :SUNSHINE: SKY :PK WND
================================================================================
1 2 3 4 5 6A 6B 7 8 9 10 11 12 13 14 15 16 17 18
12Z AVG MX 2MIN
DY MAX MIN AVG DEP HDD CDD WTR SNW DPTH SPD SPD DIR MIN PSBL S-S WX SPD DR
================================================================================
1 43 30 37 2 28 0 0.38 M M 4.1 9 70 M M 7 1 12 90
2 42 29 36 1 29 0 0.19 M M 2.7 10 270 M M 6 12 12 270
3 43 25 34 -1 31 0 0.00 M M 3.3 8 240 M M 2 M M
4 40 30 35 0 30 0 0.16 M M 5.3 12 60 M M 9 1 15 60
5 37 33 35 -1 30 0 0.88 M M 9.5 15 80 M M 10 1 21 110
6 42 33 38 2 27 0 0.41 M M 7.0 15 120 M M 7 1 22 120
7 42 33 38 2 27 0 0.23 M M 8.0 21 90 M M 10 1 26 90
8 42 33 38 2 27 0 1.17 M M 10.3 20 120 M M 10 1 30 110
9 44 34 39 2 26 0 0.45 M M 6.9 16 130 M M 9 1 25 150
10 41 34 38 1 27 0 0.98 M M 8.9 14 80 M M 10 1 26 90
11 42 32 37 0 28 0 0.02 M M 5.0 14 280 M M 4 1 20 290
12 38 32 35 -3 30 0 0.34 M M 7.3 13 80 M M 10 1 18 90
13 39 34 37 -1 28 0 0.36 M M 5.6 16 220 M M 10 1 21 120
14 45 29 37 -1 28 0 0.00 M M 4.5 13 290 M M 1 1 16 280
15 48 26 37 -2 28 0 0.00 M M 3.1 13 230 M M 0 15 230
16 46 26 36 -3 29 0 0.00 M M 3.2 13 330 M M 0 1 17 310
17 52 26 39 0 26 0 0.00 M M 5.4 17 150 M M 0 24 160
18 59 28 44 5 21 0 T M M 4.3 13 200 M M 0 19 90
19 64 28 46 6 19 0 0.00 M M 4.6 13 70 M M 0 15 90
20 61 29 45 5 20 0 0.00 M M 3.3 9 230 M M 0 M M
21 51 27 39 -1 26 0 0.04 M M 3.7 9 220 M M 5 M M
22 48 36 42 2 23 0 0.02 M M 4.3 14 160 M M 9 1 19 160
================================================================================
SM 1009 667 588 0 5.63 M 120.3 M 119
================================================================================
AV 45.9 30.3 5.5 FASTST M M 5 MAX(MPH)
MISC ----> 21 90 30 110
================================================================================
NOTES:
# LAST OF SEVERAL OCCURRENCES
COLUMN 17 PEAK WIND IN M.P.H.
PRELIMINARY LOCAL CLIMATOLOGICAL DATA (WS FORM: F-6) , PAGE 2
STATION: YAKUTAT
MONTH: APRIL
YEAR: 2024
LATITUDE: 59 31 N
LONGITUDE: 139 40 W
[TEMPERATURE DATA] [PRECIPITATION DATA] SYMBOLS USED IN COLUMN 16
AVERAGE MONTHLY: 38.1 TOTAL FOR MONTH: 5.63 1 = FOG OR MIST
DPTR FM NORMAL: 0.6 DPTR FM NORMAL: -0.15 2 = FOG REDUCING VISIBILITY
HIGHEST: 64 ON 19 GRTST 24HR 1.25 ON 7- 8 TO 1/4 MILE OR LESS
LOWEST: 25 ON 3 3 = THUNDER
SNOW, ICE PELLETS, HAIL 4 = ICE PELLETS
TOTAL MONTH: M 5 = HAIL
GRTST 24HR M ON M 6 = FREEZING RAIN OR DRIZZLE
GRTST DEPTH: M ON M 7 = DUSTSTORM OR SANDSTORM:
VSBY 1/2 MILE OR LESS
8 = SMOKE OR HAZE
[NO. OF DAYS WITH] [WEATHER - DAYS WITH] 9 = BLOWING SNOW
X = TORNADO
MAX 32 OR BELOW: 0 0.01 INCH OR MORE: 14
MAX 90 OR ABOVE: 0 0.10 INCH OR MORE: 11
MIN 32 OR BELOW: 14 0.50 INCH OR MORE: 3
MIN 0 OR BELOW: 0 1.00 INCH OR MORE: 1
[HDD (BASE 65) ]
TOTAL THIS MO. 588 CLEAR (SCALE 0-3) 8
DPTR FM NORMAL -16 PTCLDY (SCALE 4-7) 5
TOTAL FM JUL 1 6968 CLOUDY (SCALE 8-10) 9
DPTR FM NORMAL -558
[CDD (BASE 65) ]
TOTAL THIS MO. 0
DPTR FM NORMAL 0 [PRESSURE DATA]
TOTAL FM JAN 1 0 HIGHEST SLP M ON M
DPTR FM NORMAL 0 LOWEST SLP 29.27 ON 7
[REMARKS]