000
CXUS56 KPDT 011810
CF6YKM
PRELIMINARY LOCAL CLIMATOLOGICAL DATA (WS FORM: F-6)
STATION: YAKIMA WA
MONTH: OCTOBER
YEAR: 2021
LATITUDE: 46 34 N
LONGITUDE: 120 32 W
TEMPERATURE IN F: :PCPN: SNOW: WIND :SUNSHINE: SKY :PK WND
================================================================================
1 2 3 4 5 6A 6B 7 8 9 10 11 12 13 14 15 16 17 18
12Z AVG MX 2MIN
DY MAX MIN AVG DEP HDD CDD WTR SNW DPTH SPD SPD DIR MIN PSBL S-S WX SPD DR
================================================================================
1 69 36 53 -3 12 0 0.00 M M 4.8 10 260 M M 0 12 260
2 71 34 53 -3 12 0 0.00 M M 4.0 10 260 M M 0 12 270
3 76 37 57 1 8 0 0.00 M M 5.0 12 260 M M 0 14 260
4 70 43 57 2 8 0 0.00 M M 5.3 12 170 M M 0 14 170
5 70 49 60 5 5 0 T M M 9.1 31 190 M M 2 7 43 200
6 65 34 50 -4 15 0 0.00 M M 4.7 16 190 M M 2 21 180
7 63 31 47 -7 18 0 0.00 M M 5.4 10 260 M M 0 12 120
8 65 31 48 -5 17 0 0.00 M M 5.1 10 250 M M 3 8 13 210
9 67 31 49 -4 16 0 T M M 4.8 13 170 M M 3 15 170
10 63 43 53 1 12 0 0.00 M M 11.4 32 290 M M 1 48 290
11 60 32 46 -6 19 0 0.00 M M 6.3 17 330 M M 1 27 330
12 57 25 41 -11 24 0 T M M 6.6 20 200 M M 4 29 210
13 60 32 46 -5 19 0 T M M 7.1 22 270 M M 3 30 270
14 63 30 47 -4 18 0 0.00 M M 5.1 15 200 M M 2 22 200
15 65 37 51 1 14 0 0.00 M M 3.4 9 270 M M 1 8 10 260
16 69 32 51 1 14 0 0.00 M M 4.3 9 280 M M 0 13 190
17 65 35 50 1 15 0 0.00 M M 4.3 10 270 M M 0 12 270
18 69 34 52 3 13 0 0.00 M M 4.4 10 270 M M 0 12 260
19 64 33 49 1 16 0 0.00 M M 4.3 10 280 M M 0 13 250
20 63 40 52 4 13 0 0.10 M M 8.8 24 200 M M 5 18 34 200
21 65 37 51 3 14 0 0.03 M M 4.9 13 240 M M 5 18 240
22 62 38 50 3 15 0 0.37 M M 5.0 16 210 M M 5 1 24 220
23 55 36 46 -1 19 0 0.01 M M 3.0 12 140 M M 8 16 130
24 54 43 49 3 16 0 0.48 M M 5.6 29 240 M M 7 8 58 250
25 58 39 49 3 16 0 0.00 M M 9.3 26 200 M M 4 37 200
26 59 40 50 4 15 0 T M M 8.1 25 190 M M 4 38 190
27 62 44 53 8 12 0 0.00 M M 6.8 24 270 M M 6 36 270
28 72 40 56 11 9 0 T M M 10.7 29 190 M M 5 40 190
29 62 35 49 5 16 0 0.02 M M 8.3 18 320 M M 5 24 320
30 53 31 42 -2 23 0 0.00 M M 9.1 18 20 M M 0 8 26 30
31 54 29 42 -2 23 0 0.00 M M 7.7 15 40 M M 3 20 20
================================================================================
SM 1970 1111 466 0 1.01 M 192.7 M 79
================================================================================
AV 63.5 35.8 6.2 FASTST M M 3 MAX(MPH)
MISC ----> 32 290 58 250
================================================================================
NOTES:
# LAST OF SEVERAL OCCURRENCES
COLUMN 17 PEAK WIND IN M.P.H.
PRELIMINARY LOCAL CLIMATOLOGICAL DATA (WS FORM: F-6) , PAGE 2
STATION: YAKIMA WA
MONTH: OCTOBER
YEAR: 2021
LATITUDE: 46 34 N
LONGITUDE: 120 32 W
[TEMPERATURE DATA] [PRECIPITATION DATA] SYMBOLS USED IN COLUMN 16
AVERAGE MONTHLY: 49.7 TOTAL FOR MONTH: 1.01 1 = FOG OR MIST
DPTR FM NORMAL: -0.1 DPTR FM NORMAL: 0.37 2 = FOG REDUCING VISIBILITY
HIGHEST: 76 ON 3 GRTST 24HR 0.49 ON 23-24 TO 1/4 MILE OR LESS
LOWEST: 25 ON 12 3 = THUNDER
SNOW, ICE PELLETS, HAIL 4 = ICE PELLETS
TOTAL MONTH: M 5 = HAIL
GRTST 24HR M ON M 6 = FREEZING RAIN OR DRIZZLE
GRTST DEPTH: M ON M 7 = DUSTSTORM OR SANDSTORM:
VSBY 1/2 MILE OR LESS
8 = SMOKE OR HAZE
[NO. OF DAYS WITH] [WEATHER - DAYS WITH] 9 = BLOWING SNOW
X = TORNADO
MAX 32 OR BELOW: 0 0.01 INCH OR MORE: 6
MAX 90 OR ABOVE: 0 0.10 INCH OR MORE: 3
MIN 32 OR BELOW: 10 0.50 INCH OR MORE: 0
MIN 0 OR BELOW: 0 1.00 INCH OR MORE: 0
[HDD (BASE 65) ]
TOTAL THIS MO. 466 CLEAR (SCALE 0-3) 18
DPTR FM NORMAL -5 PTCLDY (SCALE 4-7) 13
TOTAL FM JUL 1 603 CLOUDY (SCALE 8-10) 0
DPTR FM NORMAL -34
[CDD (BASE 65) ]
TOTAL THIS MO. 0
DPTR FM NORMAL -1 [PRESSURE DATA]
TOTAL FM JAN 1 1053 HIGHEST SLP 30.32 ON 30
DPTR FM NORMAL 447 LOWEST SLP 29.18 ON 24
[REMARKS]
#FINAL-10-21#