000
CXUS51 KPBZ 010730
CF6ZZV
PRELIMINARY LOCAL CLIMATOLOGICAL DATA (WS FORM: F-6)
STATION: ZANESVILLE OH
MONTH: APRIL
YEAR: 2021
LATITUDE: 39 56 N
LONGITUDE: 81 54 W
TEMPERATURE IN F: :PCPN: SNOW: WIND :SUNSHINE: SKY :PK WND
================================================================================
1 2 3 4 5 6A 6B 7 8 9 10 11 12 13 14 15 16 17 18
12Z AVG MX 2MIN
DY MAX MIN AVG DEP HDD CDD WTR SNW DPTH SPD SPD DIR MIN PSBL S-S WX SPD DR
================================================================================
1 41 26 34 -12 31 0 T M M 12.0 21 320 M M 8 1 29 300
2 45 22 34 -13 31 0 0.00 M M 6.0 17 310 M M 0 25 320
3 59 22 41 -6 24 0 0.00 M M 5.9 16 190 M M 1 22 200
4 71 43 57 9 8 0 0.00 M M 3.7 13 320 M M 0 18 320
5 75 36 56 8 9 0 T M M 4.0 17 290 M M 2 23 290
6 77 48 63 15 2 0 0.00 M M 4.0 15 280 M M 2 22 270
7 82 49 66 17 0 1 0.00 M M 2.0 9 270 M M 4 12 320
8 80 52 66 17 0 1 0.33 M M 6.3 24 260 M M 4 13 35 260
9 76 55 66 17 0 1 0.13 M M 9.1 20 150 M M 3 1 28 320
10 79 51 65 15 0 0 0.32 M M 9.8 30 170 M M 3 1 43 160
11 62 51 57 7 8 0 0.01 M M 9.4 21 200 M M 6 1 28 200
12 60 48 54 4 11 0 0.04 M M 5.8 17 260 M M 9 1 26 280
13 67 39 53 2 12 0 0.00 M M 3.9 16 270 M M 3 12 22 280
14 62 47 55 4 10 0 0.02 M M 4.9 15 260 M M 4 21 250
15 50 42 46 -5 19 0 T M M 9.0 17 290 M M 8 24 320
16 53 37 45 -7 20 0 0.00 M M 6.8 15 320 M M 8 19 330
17 62 35 49 -3 16 0 0.01 M M 2.6 16 230 M M 5 1 21 240
18 61 37 49 -3 16 0 T M M 3.4 15 200 M M 6 12 17 190
19 66 32 49 -4 16 0 0.00 M M 6.2 20 240 M M 3 12 26 250
20 65 39 52 -1 13 0 0.00 M M 7.1 17 340 M M 2 25 350
21 43 33 38 -15 27 0 0.18 M M 9.2 22 320 M M 9 1 28 310
22 49 30 40 -14 25 0 0.00 M M 7.2 17 290 M M 5 1 25 260
23 60 27 44 -10 21 0 0.00 M M 5.1 15 280 M M 0 21 260
24 58 34 46 -8 19 0 0.13 M M 4.1 14 150 M M 5 1 16 160
25 62 43 53 -2 12 0 0.00 M M 7.0 21 290 M M 6 27 320
26 68 33 51 -4 14 0 0.00 M M 4.8 12 170 M M 0 19 180
27 84 44 64 9 1 0 0.00 M M 7.3 18 210 M M 0 27 200
28 80 61 71 15 0 6 0.06 M M 6.4 15 240 M M 4 13 21 310
29 71 54 63 7 2 0 0.95 M M 9.3 22 320 M M 10 1 29 220
30 61 42 52 -4 13 0 0.01 M M 11.5 25 320 M M 3 33 330
================================================================================
SM 1929 1212 380 9 2.19 M 193.8 M 123
================================================================================
AV 64.3 40.4 6.5 FASTST M M 4 MAX(MPH)
MISC ----> 30 170 43 160
================================================================================
NOTES:
# LAST OF SEVERAL OCCURRENCES
COLUMN 17 PEAK WIND IN M.P.H.
PRELIMINARY LOCAL CLIMATOLOGICAL DATA (WS FORM: F-6) , PAGE 2
STATION: ZANESVILLE OH
MONTH: APRIL
YEAR: 2021
LATITUDE: 39 56 N
LONGITUDE: 81 54 W
[TEMPERATURE DATA] [PRECIPITATION DATA] SYMBOLS USED IN COLUMN 16
AVERAGE MONTHLY: 52.4 TOTAL FOR MONTH: 2.19 1 = FOG OR MIST
DPTR FM NORMAL: 0.9 DPTR FM NORMAL: -1.25 2 = FOG REDUCING VISIBILITY
HIGHEST: 84 ON 27 GRTST 24HR 1.00 ON 28-29 TO 1/4 MILE OR LESS
LOWEST: 22 ON 3, 2 3 = THUNDER
SNOW, ICE PELLETS, HAIL 4 = ICE PELLETS
TOTAL MONTH: M 5 = HAIL
GRTST 24HR M ON M 6 = FREEZING RAIN OR DRIZZLE
GRTST DEPTH: M ON M 7 = DUSTSTORM OR SANDSTORM:
VSBY 1/2 MILE OR LESS
8 = SMOKE OR HAZE
[NO. OF DAYS WITH] [WEATHER - DAYS WITH] 9 = BLOWING SNOW
X = TORNADO
MAX 32 OR BELOW: 0 0.01 INCH OR MORE: 12
MAX 90 OR ABOVE: 0 0.10 INCH OR MORE: 6
MIN 32 OR BELOW: 6 0.50 INCH OR MORE: 1
MIN 0 OR BELOW: 0 1.00 INCH OR MORE: 0
[HDD (BASE 65) ]
TOTAL THIS MO. 380 CLEAR (SCALE 0-3) 13
DPTR FM NORMAL -33 PTCLDY (SCALE 4-7) 12
TOTAL FM JUL 1 4881 CLOUDY (SCALE 8-10) 5
DPTR FM NORMAL -475
[CDD (BASE 65) ]
TOTAL THIS MO. 9
DPTR FM NORMAL 1 [PRESSURE DATA]
TOTAL FM JAN 1 10 HIGHEST SLP 30.54 ON 2
DPTR FM NORMAL 1 LOWEST SLP 29.45 ON 11
[REMARKS]
#FINAL-04-21#