000
CXUS51 KPBZ 011421
CLSZZV
CLIMATE REPORT
NATIONAL WEATHER SERVICE PITTSBURGH PA
1021 AM EDT FRI SEP 01 2023
...................................
...THE ZANESVILLE OH CLIMATE SUMMARY FOR THE SEASON, FROM
6/1/2023 TO 8/31/2023...
CLIMATE NORMAL PERIOD 1991 TO 2020
CLIMATE RECORD PERIOD 1895 TO 2023
WEATHER OBSERVED NORMAL DEPART LAST YEAR`S
VALUE DATE(S) VALUE FROM VALUE DATE(S)
NORMAL
................................................................
TEMPERATURE (F)
RECORD
HIGH 106 07/25/1936
LOW 31 06/11/1972
HIGHEST 91 06/02 94 -3 94 06/15
06/03
07/26
06/22
LOWEST 43 06/08 44 -1 45 06/19
AVG. MAXIMUM 81.5 83.3 -1.8 82.7
AVG. MINIMUM 60.9 61.7 -0.8 62.3
MEAN 71.2 72.5 -1.3 72.5
DAYS MAX >= 90 4 11.1 -7.1 8
DAYS MAX <= 32 0 0.0 0.0 0
DAYS MIN <= 32 0 0.0 0.0 0
DAYS MIN <= 0 0 0.0 0.0 0
PRECIPITATION (INCHES)
RECORD
MAXIMUM 22.66 1980
MINIMUM 2.14 1948
TOTALS 14.85 11.22 3.63 10.15
DAILY AVG. 0.16 0.12 0.04 0.16
DAYS >= .01 33 33.1 -0.1 30
DAYS >= .10 26 20.9 5.1 20
DAYS >= .50 10 7.9 2.1 9
DAYS >= 1.00 5 2.7 2.3 2
GREATEST
24 HR. TOTAL 2.05 07/02 TO 07/02
STORM TOTAL 2.05
(MM/DD(HH))
DEGREE DAYS
HEATING TOTAL 30 28 2 9
SINCE 7/1 0 2 -2 1
COOLING TOTAL 625 716 -91 722
SINCE 1/1 671 795 -124 816
................................................................
WIND (MPH)
AVERAGE WIND SPEED 4.5
HIGHEST WIND SPEED/DIRECTION 28/210 DATE 07/13
HIGHEST GUST SPEED/DIRECTION 39/210 DATE 07/13
AVERAGE RH (PERCENT) 73
WEATHER CONDITIONS. NUMBER OF DAYS WITH
THUNDERSTORM 20 MIXED PRECIP 0
HEAVY RAIN 18 RAIN 21
LIGHT RAIN 37 FREEZING RAIN 0
LT FREEZING RAIN 0 HAIL 0
HEAVY SNOW 0 SNOW 0
LIGHT SNOW 0 SLEET 0
FOG 56 FOG W/VIS <= 1/4 MILE 9
HAZE 12
- INDICATES NEGATIVE NUMBERS.
R INDICATES RECORD WAS SET OR TIED.
MM INDICATES DATA IS MISSING.
T INDICATES TRACE AMOUNT.
$$