000
CXUS54 KHGX 241415
CF611R
PRELIMINARY LOCAL CLIMATOLOGICAL DATA (WS FORM: F-6)

                                          STATION:   BRENHAM
                                          MONTH:     JUNE
                                          YEAR:      2017
                                          LATITUDE:   30 13 N
                                          LONGITUDE:  96 22 W

  TEMPERATURE IN F:       :PCPN:    SNOW:  WIND      :SUNSHINE: SKY     :PK WND
================================================================================
1   2   3   4   5  6A  6B    7    8   9   10  11  12  13   14  15   16   17  18
                                     12Z  AVG MX 2MIN
DY MAX MIN AVG DEP HDD CDD  WTR  SNW DPTH SPD SPD DIR MIN PSBL S-S WX    SPD DR
================================================================================

 1  87  70  79   M   0  14 0.02  0.0    0  3.5 10  90   M    M   6 18      M  M
 2  92  71  82   M   0  17 0.00  0.0    0  3.6 15 130   M    M   4 1      18 120
 3  93  72  83   M   0  18 0.42  0.0    0  3.2 18 290   M    M   5 13     37 290
 4  86  69  78   M   0  13 1.48  0.0    0  4.2 18 350   M    M   6 3      24 350
 5  85  70  78   M   0  13 0.39  0.0    0  1.3 12 260   M    M   5 3       M  M
 6  89  71  80   M   0  15 0.00  0.0    0  6.8 16 340   M    M   4 1      22 340
 7  93  68  81   M   0  16 0.00  0.0    0  3.4 10 360   M    M   1         M  M
 8  89  72  81   M   0  16 0.00  0.0    0  2.8  9 110   M    M   2 8       M  M
 9  87  70  79   M   0  14 0.00  0.0    0  5.4 12 190   M    M   4         M  M
10  91  69  80   M   0  15 0.00  0.0    0  6.9 13 150   M    M   2        20 150
11  93  70  82   M   0  17 0.00  0.0    0  5.8 10 120   M    M   3 1      17 140
12  93  75  84   M   0  19 0.00  0.0    0  6.9 14 140   M    M   4 1      17 130
13  93  78  86   M   0  21 0.23  0.0    0  8.9 15 170   M    M   7        22 170
14  94  79  87   M   0  22 0.00  0.0    0  9.7 16 190   M    M   5        22 150
15  96  77  87   M   0  22 0.00  0.0    0  7.6 12 160   M    M   5        18 170
16  96  76  86   M   0  21 0.00  0.0    0  8.3 13 150   M    M   5        18 180
17  95  77  86   M   0  21 0.00  0.0    0 10.0 15 190   M    M   5        20 150
18  94  77  86   M   0  21 0.00  0.0    0 10.0 14 160   M    M   5        20 160
19  93  74  84   M   0  19 0.00  0.0    0  2.7 10 180   M    M   3 1       M  M
20  94  75  85   M   0  20 0.00  0.0    0  5.1 14 350   M    M   2        18  30
21  92  75  84   M   0  19 0.00  0.0    0  8.2 16 350   M    M   3        24  20
22  90  76  83   M   0  18 0.04  0.0    0  6.6 12 270   M    M   7         M  M
23  97  81  89   M   0  24 0.00  0.0    0  8.9 13 160   M    M   5        17 160
================================================================================
SM 2112 1692         0 415  2.58     0.0 139.8          M       98
================================================================================
AV 91.8 73.6                               6.1 FASTST   M    M   4    MAX(MPH)
                                 MISC ---->  # 18 290               # 37  290
================================================================================
NOTES:
# LAST OF SEVERAL OCCURRENCES

COLUMN 17 PEAK WIND IN M.P.H.

PRELIMINARY LOCAL CLIMATOLOGICAL DATA (WS FORM: F-6) , PAGE 2

                                          STATION:  BRENHAM
                                          MONTH:    JUNE
                                          YEAR:     2017
                                          LATITUDE:   30 13 N
                                          LONGITUDE:  96 22 W

[TEMPERATURE DATA]      [PRECIPITATION DATA]       SYMBOLS USED IN COLUMN 16

AVERAGE MONTHLY: 82.7   TOTAL FOR MONTH:   2.58    1 = FOG OR MIST
DPTR FM NORMAL:     M   DPTR FM NORMAL:       M    2 = FOG REDUCING VISIBILITY
HIGHEST:    97 ON 23    GRTST 24HR  1.48 ON  4- 4      TO 1/4 MILE OR LESS
LOWEST:     68 ON  7                               3 = THUNDER
                        SNOW, ICE PELLETS, HAIL    4 = ICE PELLETS
                        TOTAL MONTH:   0.0 INCH    5 = HAIL
                        GRTST 24HR     0.0         6 = FREEZING RAIN OR DRIZZLE
                        GRTST DEPTH:   0           7 = DUSTSTORM OR SANDSTORM:
                                                       VSBY 1/2 MILE OR LESS
                                                   8 = SMOKE OR HAZE
[NO. OF DAYS WITH]      [WEATHER - DAYS WITH]      9 = BLOWING SNOW
                                                   X = TORNADO
MAX 32 OR BELOW:   0    0.01 INCH OR MORE:   6
MAX 90 OR ABOVE:  17    0.10 INCH OR MORE:   4
MIN 32 OR BELOW:   0    0.50 INCH OR MORE:   1
MIN  0 OR BELOW:   0    1.00 INCH OR MORE:   1

[HDD (BASE 65) ]
TOTAL THIS MO.     0    CLEAR  (SCALE 0-3)   6
DPTR FM NORMAL     M    PTCLDY (SCALE 4-7)  17
TOTAL FM JUL 1   753    CLOUDY (SCALE 8-10)  0
DPTR FM NORMAL     M

[CDD (BASE 65) ]
TOTAL THIS MO.   415
DPTR FM NORMAL     M    [PRESSURE DATA]
TOTAL FM JAN 1  1291    HIGHEST SLP M ON M
DPTR FM NORMAL     M    LOWEST  SLP M ON M

[REMARKS]
